{"id":25467,"date":"2023-10-19T16:15:31","date_gmt":"2023-10-19T16:15:31","guid":{"rendered":"https:\/\/www.adrianwood.ch\/?page_id=25467"},"modified":"2023-10-20T08:46:50","modified_gmt":"2023-10-20T08:46:50","slug":"09-26-ikaria","status":"publish","type":"page","link":"https:\/\/www.adrianwood.ch\/?page_id=25467","title":{"rendered":"09 26 Ikaria"},"content":{"rendered":"<figure id=\"attachment_25468\" aria-describedby=\"caption-attachment-25468\" style=\"width: 1620px\" class=\"wp-caption alignleft\"><a href=\"https:\/\/www.adrianwood.ch\/wp-content\/uploads\/2023\/10\/SAM_0271.jpg\"><img loading=\"lazy\" decoding=\"async\" class=\"size-full wp-image-25468\" src=\"https:\/\/www.adrianwood.ch\/wp-content\/uploads\/2023\/10\/SAM_0271.jpg\" alt=\"\" width=\"1620\" height=\"1080\" srcset=\"https:\/\/www.adrianwood.ch\/wp-content\/uploads\/2023\/10\/SAM_0271.jpg 1620w, https:\/\/www.adrianwood.ch\/wp-content\/uploads\/2023\/10\/SAM_0271-300x200.jpg 300w, https:\/\/www.adrianwood.ch\/wp-content\/uploads\/2023\/10\/SAM_0271-1024x683.jpg 1024w, https:\/\/www.adrianwood.ch\/wp-content\/uploads\/2023\/10\/SAM_0271-768x512.jpg 768w, https:\/\/www.adrianwood.ch\/wp-content\/uploads\/2023\/10\/SAM_0271-1536x1024.jpg 1536w\" sizes=\"auto, (max-width: 1620px) 100vw, 1620px\" \/><\/a><figcaption id=\"caption-attachment-25468\" class=\"wp-caption-text\">Agios Kirykos auf Ikaria<\/figcaption><\/figure>\n<h2>26. Sep. Samos \u2013 Ikaria<\/h2>\n<p>\u00dcberfahrt mit einem privaten Charterschiff nach Ikaria. Wir m\u00fcssen nur unser Gep\u00e4ck wenige Meter von unserem Hotel zum Schiff ziehen und es wird f\u00fcr uns aufgeladen. Wir nehmen alle Platz auf dem Oberdeck in der Sonne und geniessen die \u00dcberfahrt. Die etwas dunstige Sicht auf Samos l\u00e4sst die Gegenden von manche unsere Wanderungen doch erkennen. Nach ca zwei Stunden erreichen wir den gr\u00f6sseren Hafen von Agios Kirykos aun der S\u00fcdk\u00fcste von Ikaria. Der Transfer zu unserem Hotel in Armenistis im Nordosten dauert dann anderthalb Stunden. Nach dem Zimmerbezug laufen wir ins Dorf und lassen es uns in einer Dorftaverne schmecken.<\/p>\nngg_shortcode_0_placeholder\n","protected":false},"excerpt":{"rendered":"<p>26. Sep. Samos \u2013 Ikaria \u00dcberfahrt mit einem privaten Charterschiff nach Ikaria. Wir m\u00fcssen nur unser Gep\u00e4ck wenige Meter von unserem Hotel zum Schiff ziehen und es wird f\u00fcr uns aufgeladen. Wir nehmen alle Platz auf dem Oberdeck in der Sonne und geniessen die \u00dcberfahrt. Die etwas dunstige Sicht auf Samos l\u00e4sst die Gegenden von &hellip; <a href=\"https:\/\/www.adrianwood.ch\/?page_id=25467\" class=\"more-link\">Continue reading <span class=\"screen-reader-text\">09 26 Ikaria<\/span> <span class=\"meta-nav\">&rarr;<\/span><\/a><\/p>\n","protected":false},"author":1,"featured_media":0,"parent":25441,"menu_order":4876,"comment_status":"closed","ping_status":"closed","template":"","meta":{"ngg_post_thumbnail":0,"footnotes":""},"class_list":["post-25467","page","type-page","status-publish","hentry"],"_links":{"self":[{"href":"https:\/\/www.adrianwood.ch\/index.php?rest_route=\/wp\/v2\/pages\/25467","targetHints":{"allow":["GET"]}}],"collection":[{"href":"https:\/\/www.adrianwood.ch\/index.php?rest_route=\/wp\/v2\/pages"}],"about":[{"href":"https:\/\/www.adrianwood.ch\/index.php?rest_route=\/wp\/v2\/types\/page"}],"author":[{"embeddable":true,"href":"https:\/\/www.adrianwood.ch\/index.php?rest_route=\/wp\/v2\/users\/1"}],"replies":[{"embeddable":true,"href":"https:\/\/www.adrianwood.ch\/index.php?rest_route=%2Fwp%2Fv2%2Fcomments&post=25467"}],"version-history":[{"count":3,"href":"https:\/\/www.adrianwood.ch\/index.php?rest_route=\/wp\/v2\/pages\/25467\/revisions"}],"predecessor-version":[{"id":25586,"href":"https:\/\/www.adrianwood.ch\/index.php?rest_route=\/wp\/v2\/pages\/25467\/revisions\/25586"}],"up":[{"embeddable":true,"href":"https:\/\/www.adrianwood.ch\/index.php?rest_route=\/wp\/v2\/pages\/25441"}],"wp:attachment":[{"href":"https:\/\/www.adrianwood.ch\/index.php?rest_route=%2Fwp%2Fv2%2Fmedia&parent=25467"}],"curies":[{"name":"wp","href":"https:\/\/api.w.org\/{rel}","templated":true}]}}