{"id":26414,"date":"2024-09-23T15:52:17","date_gmt":"2024-09-23T15:52:17","guid":{"rendered":"https:\/\/www.adrianwood.ch\/?page_id=26414"},"modified":"2024-09-25T15:55:02","modified_gmt":"2024-09-25T15:55:02","slug":"programm","status":"publish","type":"page","link":"https:\/\/www.adrianwood.ch\/?page_id=26414","title":{"rendered":"Programm"},"content":{"rendered":"<figure id=\"attachment_26415\" aria-describedby=\"caption-attachment-26415\" style=\"width: 1620px\" class=\"wp-caption alignleft\"><a href=\"https:\/\/www.adrianwood.ch\/wp-content\/uploads\/2024\/09\/ALB_0352.jpg\"><img loading=\"lazy\" decoding=\"async\" class=\"size-full wp-image-26415\" src=\"https:\/\/www.adrianwood.ch\/wp-content\/uploads\/2024\/09\/ALB_0352.jpg\" alt=\"Die Gruppe bei Nivice\" width=\"1620\" height=\"1080\" srcset=\"https:\/\/www.adrianwood.ch\/wp-content\/uploads\/2024\/09\/ALB_0352.jpg 1620w, https:\/\/www.adrianwood.ch\/wp-content\/uploads\/2024\/09\/ALB_0352-300x200.jpg 300w, https:\/\/www.adrianwood.ch\/wp-content\/uploads\/2024\/09\/ALB_0352-1024x683.jpg 1024w, https:\/\/www.adrianwood.ch\/wp-content\/uploads\/2024\/09\/ALB_0352-768x512.jpg 768w, https:\/\/www.adrianwood.ch\/wp-content\/uploads\/2024\/09\/ALB_0352-1536x1024.jpg 1536w\" sizes=\"auto, (max-width: 1620px) 100vw, 1620px\" \/><\/a><figcaption id=\"caption-attachment-26415\" class=\"wp-caption-text\">Die Gruppe bei Nivice<\/figcaption><\/figure>\n<p><strong>Wanderreise in Albanien von Lupe Reisen, 26.August \u2013 09.September 2024<\/strong><\/p>\n<ol>\n<li><strong> Tag: <a href=\"https:\/\/www.adrianwood.ch\/?page_id=26417\">Anreise nach Tirana<\/a><\/strong><\/li>\n<\/ol>\n<p>Flug von Deutschland nach Tirana, Transfer vom Flughafen Tirana zum Hotel. Je nach Ankunft bleibt Zeit f\u00fcr eine Erfrischungspause. Beim gemeinsamen Abendessen lernen wir die Gruppe und unseren Reiseleiter kennen und genie\u00dfen erstmals albanische Spezialit\u00e4ten. \u00dcbernachtung in einem Stadthotel im Zentrum von Tirana.<\/p>\n<ol start=\"2\">\n<li><strong> Tag: <a href=\"https:\/\/www.adrianwood.ch\/?page_id=26424\">Durch das albanische Tiefland nach Shkodra<\/a><\/strong><\/li>\n<\/ol>\n<p>Am Morgen machen wir zun\u00e4chst einen gemeinsamen Stadtrundgang durch die Innenstadt von Tirana, im Anschluss Abfahrt gen Norden. Auf einer leichten Strandwanderung laufen wir uns ein wenig ein und spazieren zur D\u00fcne \u201eRana e Hedhun\u201c (Wanderung ca. 6 km, Gehzeit ca. 2 Std.). Schlie\u00dflich erreichen wir am sp\u00e4ten Nachmittag den Shkodrasee und die Stadt Shkodra. Nach dem Abendessen kleiner Rundgang durch das lebendige Zentrum der Stadt Shkodra. \u00dcbernachtung in einem stilvollen Hotel im Zentrum von Shkodra.<\/p>\n<ol start=\"3\">\n<li><strong> Tag: <a href=\"https:\/\/www.adrianwood.ch\/?page_id=26427\">Wandern in der Umgebung von Shkodra<\/a><\/strong><\/li>\n<\/ol>\n<p>Shkodra liegt am Fu\u00df der albanischen Alpen und hat ein geschichtstr\u00e4chtiges Umland zu bieten. Freuen wir uns auf die osmanische Bogenbr\u00fccke von Mes und auf die Wanderung zum Dorf Drisht, von dessen historischem Burgh\u00fcgel sich eine tolle Aussicht bietet (Wanderung ca. 10 km, ca. 400 H\u00f6henmeter (HM) auf- und abw\u00e4rts, Gehzeit ca. 4 Std.).<\/p>\n<ol start=\"4\">\n<li><strong> Tag: <a href=\"https:\/\/www.adrianwood.ch\/?page_id=26431\">Von Festung zu Festung<\/a><\/strong><\/li>\n<\/ol>\n<p>Am Morgen erklimmen wir in Shkodra erst noch die Festung \u201eRozafa\u201c, bevor es in Richtung S\u00fcden weitergeht nach Kruja zur Festung des albanischen Nationalhelden Skanderbeg. Auf der Weiterfahrt ans Meer nach Vlora werden wir dem Nationalhelden bei einem Stopp am Kloster Ardenica noch einmal begegnen. \u00dcbernachtung in einem Hotel an der Promenade von Vlora.<\/p>\n<ol start=\"5\">\n<li><strong> Tag: <a href=\"https:\/\/www.adrianwood.ch\/?page_id=26435\">Wandern am Llogara-Pass<\/a><\/strong><\/li>\n<\/ol>\n<p>Nach der spektakul\u00e4ren Anfahrt auf den 1.000 m hohen Llogara-Pass durchstreifen wir auf einer Tageswanderung die dichten Urw\u00e4lder des Llogara-Nationalparks und k\u00f6nnen unsere Blicke \u00fcber das tiefblaue Meer bis nach Korfu schweifen lassen (Wanderung ca. 12 km, ca. 600 HM auf- und abw\u00e4rts, Gehzeit ca. 5 Std.).<\/p>\n<ol start=\"6\">\n<li><strong> Tag: <a href=\"https:\/\/www.adrianwood.ch\/?page_id=26438\">Spektakul\u00e4re Gebirgsfahrt ins Hinterland<\/a><\/strong><\/li>\n<\/ol>\n<p>Von Vlora aus durchqueren wir auf einer abenteuerlichen Fahrstrecke das K\u00fcstengebirge, die durchfahrenen Canyons haben bis zu 1.000 Meter Tiefe. Von einem Bergdorf aus machen wir eine kleine Wanderung mit anschlie\u00dfender Mittagspause im Dorf (Wanderung ca. 6 km, ca. 200 HM auf- und abw\u00e4rts, Gehzeit ca. 2,5 Std.). Haben wir das Vjosa-Tal erst erreicht, ist es nicht mehr weit bis zu unserem n\u00e4chsten Unterkunftsort Permet. \u00dcbernachtung in einem famili\u00e4ren Hotel in Permet.<\/p>\n<ol start=\"7\">\n<li><strong> Tag: <a href=\"https:\/\/www.adrianwood.ch\/?page_id=26585\">Wandern im Vjosa-Tal und zu den Thermalquellen von Benja<\/a><\/strong><\/li>\n<\/ol>\n<p>Unterhalb der spektakul\u00e4ren Nemercka-Bergkette wandern wir das Vjosa-Tal entlang und passieren dabei urspr\u00fcngliche Bergd\u00f6rfer, die auch heute noch bewohnt werden (Wanderung ca. 10 km, ca. 300 HM auf- und abw\u00e4rts, Gehzeit ca. 3 Std.). Nachmittags Entspannung in den warmen Quellen von Benja. Wer m\u00f6chte, kann dort am Canyon von Lengarica noch etwas wandern (ca. 3 km, ca. 50 HM auf- und abw\u00e4rts, Gehzeit ca. 1 Std. zus\u00e4tzlich).<\/p>\n<ol start=\"8\">\n<li><strong> Tag: <a href=\"https:\/\/www.adrianwood.ch\/?page_id=26588\">Gjirokastra \u2013 Stadt der 1000 Stufen<\/a><\/strong><\/li>\n<\/ol>\n<p>In die UNESCO Weltkulturerbe-Stadt Gjirokastra ist es nicht weit. Wir besichtigen nicht nur die Altstadt mit den zahlreichen, steinplattengedeckten Herrenh\u00e4usern aus osmanischer Zeit, sondern auch die gewaltige Festung mit dem interessanten Stadtmuseum. Nachmittags bleibt Zeit f\u00fcr eigene Entdeckungen. \u00dcbernachtung in einem oder zwei kleinen Hotels in der Altstadt von Gjirokastra.<\/p>\n<ol start=\"9\">\n<li><strong> Tag: <a href=\"https:\/\/www.adrianwood.ch\/?page_id=26594\">Zum Blauen Auge und nach Butrint<\/a><\/strong><\/li>\n<\/ol>\n<p>Weiter geht es zum \u201eBlauen Auge\u201c, einer faszinierenden Karstquelle, und an die ionische K\u00fcste. Der malerisch gelegene Arch\u00e4ologische Park von Butrint ist nicht nur f\u00fcr Antikenfans ein Highlight. Bei einer F\u00fchrung durchstreifen wir das weitl\u00e4ufige Gel\u00e4nde und seine beindruckenden Bauwerke. Ein erfrischendes Bad im Meer vor unserem Strandhotel rundet den Tag ab. \u00dcbernachtung in einem Strandhotel an der albanischen Riviera.<\/p>\n<ol start=\"10\">\n<li><strong> Tag: <a href=\"https:\/\/www.adrianwood.ch\/?page_id=26598\">Wanderung im K\u00fcstenbergland bei Himara<\/a><\/strong><\/li>\n<\/ol>\n<p>Unsere reizvolle Wanderung f\u00fchrt durch Olivenhaine, entlang von B\u00e4chlein und zu Bergd\u00f6rfern mit trutzigen Steinh\u00e4usern. Vielleicht treffen wir unterwegs auf Hirten mit ihren Herden, auf jeden Fall aber k\u00f6nnen wir auch heute wieder den weiten Blick \u00fcber das Meer genie\u00dfen (Wanderung ca. 10 km, ca. 500 HM auf- und abw\u00e4rts, Gehzeit ca. 3,5 Std.).<\/p>\n<ol start=\"11\">\n<li><strong> Tag: <a href=\"https:\/\/www.adrianwood.ch\/?page_id=26602\">Von der albanischen Riviera bis Berat (UNESCO-Weltkulturerbe)<\/a><\/strong><\/li>\n<\/ol>\n<p>Nach \u00dcberqueren des Llogara-Passes erreichen wir wieder die Bucht von Vlora. Die Gegend ist besonders f\u00fcr das Oliven\u00f6l bekannt, das wir in einem kleinen Familienbetrieb kosten d\u00fcrfen. Schlie\u00dflich erreichen wir Berat, die \u201eStadt der 1000 Fenster\u201c, wo wir am sp\u00e4ten Nachmittag noch das bis heute bewohnte Burgviertel besuchen. \u00dcbernachtung in ein oder zwei kleineren, famili\u00e4r gef\u00fchrten Hotels in der Altstadt von Berat.<\/p>\n<ol start=\"12\">\n<li><strong> Tag: <a href=\"https:\/\/www.adrianwood.ch\/?page_id=26611\">Wandern in der Umgebung von Berat<\/a><\/strong><\/li>\n<\/ol>\n<p>Nach einem Bummel durch die engen Gassen der stimmungsvollen osmanischen Ortsteile Mangalemi und Gorica geht es zu Fu\u00df hinaus ins umgebende H\u00fcgelland mit sch\u00f6ner Aussicht auf die Altstadt von Berat (Wanderung ca. 10 km, ca. 500 HM auf- und abw\u00e4rts, Gehzeit ca. 4 Std.). Unterwegs kehren wir in einem Dorfgasthof zum Mittagessen ein. Am sp\u00e4ten Nachmittag Abfahrt zur Weinprobe in einem ausgezeichneten Weingut.<\/p>\n<ol start=\"13\">\n<li><strong> Tag: <a href=\"https:\/\/www.adrianwood.ch\/?page_id=26615\">Wandern im Tomorr-Nationalpark<\/a><\/strong><\/li>\n<\/ol>\n<p>Kaum 20 km \u00f6stlich von Berat erhebt sich der Tomorr, der \u201eOlymp Albaniens\u201c, majest\u00e4tisch aus der K\u00fcstenebene (2.400 m H\u00f6he). Auf einer kurvenreichen Stra\u00dfe folgen wir zun\u00e4chst dem Osumtal flussaufw\u00e4rts und fahren dann hoch zu Bergd\u00f6rfern am Rand des Tomorr Nationalparks. Mit einem einheimischen F\u00fchrer erkunden wir die spannende Berglandschaft und picknicken unterwegs (Wanderung ca. 12 km, ca. 400 HM auf- und abw\u00e4rts, Gehzeit ca. 4 Std.).<\/p>\n<ol start=\"14\">\n<li><strong> Tag: \u00dcber das Devolltal zur\u00fcck nach Tirana<\/strong><\/li>\n<\/ol>\n<p>Fr\u00fche Abfahrt am letzten Wandertag f\u00fcr einen Abstecher in das bisher wenig bekannte Devolltal: Erst wird das malerische Seenland von Belsh durchquert, dann laden die entlegenen Berglandschaften auf der R\u00fcckseite des Tomorr-Massivs zum Entdecken ein (Wanderung ca. 8 km, ca. 350 HM auf- und abw\u00e4rts, Gehzeit ca. 3 Std.). Schlie\u00dflich geht es zur\u00fcck in die Landeshauptstadt. Bei einem letzten gemeinsamen Abendessen in Tirana k\u00f6nnen wir auf eine abwechslungsreiche Albanien-Reise zur\u00fcckblicken. \u00dcbernachtung in einem Stadthotel im Zentrum von Tirana.<\/p>\n<ol start=\"15\">\n<li><strong> Tag: Abreise<\/strong><\/li>\n<\/ol>\n<p>Je nach R\u00fcckflugzeit kann vormittags noch etwas im Zentrum von Tirana gebummelt werden. Dann Transfer vom Hotel zum Flughafen Tirana und R\u00fcckflug nach Deutschland.<\/p>\n","protected":false},"excerpt":{"rendered":"<p>Wanderreise in Albanien von Lupe Reisen, 26.August \u2013 09.September 2024 Tag: Anreise nach Tirana Flug von Deutschland nach Tirana, Transfer vom Flughafen Tirana zum Hotel. Je nach Ankunft bleibt Zeit f\u00fcr eine Erfrischungspause. Beim gemeinsamen Abendessen lernen wir die Gruppe und unseren Reiseleiter kennen und genie\u00dfen erstmals albanische Spezialit\u00e4ten. \u00dcbernachtung in einem Stadthotel im Zentrum &hellip; <a href=\"https:\/\/www.adrianwood.ch\/?page_id=26414\" class=\"more-link\">Continue reading <span class=\"screen-reader-text\">Programm<\/span> <span class=\"meta-nav\">&rarr;<\/span><\/a><\/p>\n","protected":false},"author":1,"featured_media":0,"parent":26408,"menu_order":0,"comment_status":"closed","ping_status":"closed","template":"","meta":{"ngg_post_thumbnail":0,"footnotes":""},"class_list":["post-26414","page","type-page","status-publish","hentry"],"_links":{"self":[{"href":"https:\/\/www.adrianwood.ch\/index.php?rest_route=\/wp\/v2\/pages\/26414","targetHints":{"allow":["GET"]}}],"collection":[{"href":"https:\/\/www.adrianwood.ch\/index.php?rest_route=\/wp\/v2\/pages"}],"about":[{"href":"https:\/\/www.adrianwood.ch\/index.php?rest_route=\/wp\/v2\/types\/page"}],"author":[{"embeddable":true,"href":"https:\/\/www.adrianwood.ch\/index.php?rest_route=\/wp\/v2\/users\/1"}],"replies":[{"embeddable":true,"href":"https:\/\/www.adrianwood.ch\/index.php?rest_route=%2Fwp%2Fv2%2Fcomments&post=26414"}],"version-history":[{"count":6,"href":"https:\/\/www.adrianwood.ch\/index.php?rest_route=\/wp\/v2\/pages\/26414\/revisions"}],"predecessor-version":[{"id":26815,"href":"https:\/\/www.adrianwood.ch\/index.php?rest_route=\/wp\/v2\/pages\/26414\/revisions\/26815"}],"up":[{"embeddable":true,"href":"https:\/\/www.adrianwood.ch\/index.php?rest_route=\/wp\/v2\/pages\/26408"}],"wp:attachment":[{"href":"https:\/\/www.adrianwood.ch\/index.php?rest_route=%2Fwp%2Fv2%2Fmedia&parent=26414"}],"curies":[{"name":"wp","href":"https:\/\/api.w.org\/{rel}","templated":true}]}}

<figure id="attachment_26415" aria-describedby="caption-attachment-26415" style="width: 1620px" class="wp-caption alignleft"><a href="https://www.adrianwood.ch/wp-content/uploads/2024/09/ALB_0352.jpg"><img loading="lazy" decoding="async" class="size-full wp-image-26415" src="https://www.adrianwood.ch/wp-content/uploads/2024/09/ALB_0352.jpg" alt="Die Gruppe bei Nivice" width="1620" height="1080" srcset="https://www.adrianwood.ch/wp-content/uploads/2024/09/ALB_0352.jpg 1620w, https://www.adrianwood.ch/wp-content/uploads/2024/09/ALB_0352-300x200.jpg 300w, https://www.adrianwood.ch/wp-content/uploads/2024/09/ALB_0352-1024x683.jpg 1024w, https://www.adrianwood.ch/wp-content/uploads/2024/09/ALB_0352-768x512.jpg 768w, https://www.adrianwood.ch/wp-content/uploads/2024/09/ALB_0352-1536x1024.jpg 1536w" sizes="auto, (max-width: 1620px) 100vw, 1620px" /></a><figcaption id="caption-attachment-26415" class="wp-caption-text">Die Gruppe bei Nivice</figcaption></figure>
<p><strong>Wanderreise in Albanien von Lupe Reisen, 26.August – 09.September 2024</strong></p>
<ol>
<li><strong> Tag: <a href="https://www.adrianwood.ch/?page_id=26417">Anreise nach Tirana</a></strong></li>
</ol>
<p>Flug von Deutschland nach Tirana, Transfer vom Flughafen Tirana zum Hotel. Je nach Ankunft bleibt Zeit für eine Erfrischungspause. Beim gemeinsamen Abendessen lernen wir die Gruppe und unseren Reiseleiter kennen und genießen erstmals albanische Spezialitäten. Übernachtung in einem Stadthotel im Zentrum von Tirana.</p>
<ol start="2">
<li><strong> Tag: <a href="https://www.adrianwood.ch/?page_id=26424">Durch das albanische Tiefland nach Shkodra</a></strong></li>
</ol>
<p>Am Morgen machen wir zunächst einen gemeinsamen Stadtrundgang durch die Innenstadt von Tirana, im Anschluss Abfahrt gen Norden. Auf einer leichten Strandwanderung laufen wir uns ein wenig ein und spazieren zur Düne „Rana e Hedhun“ (Wanderung ca. 6 km, Gehzeit ca. 2 Std.). Schließlich erreichen wir am späten Nachmittag den Shkodrasee und die Stadt Shkodra. Nach dem Abendessen kleiner Rundgang durch das lebendige Zentrum der Stadt Shkodra. Übernachtung in einem stilvollen Hotel im Zentrum von Shkodra.</p>
<ol start="3">
<li><strong> Tag: <a href="https://www.adrianwood.ch/?page_id=26427">Wandern in der Umgebung von Shkodra</a></strong></li>
</ol>
<p>Shkodra liegt am Fuß der albanischen Alpen und hat ein geschichtsträchtiges Umland zu bieten. Freuen wir uns auf die osmanische Bogenbrücke von Mes und auf die Wanderung zum Dorf Drisht, von dessen historischem Burghügel sich eine tolle Aussicht bietet (Wanderung ca. 10 km, ca. 400 Höhenmeter (HM) auf- und abwärts, Gehzeit ca. 4 Std.).</p>
<ol start="4">
<li><strong> Tag: <a href="https://www.adrianwood.ch/?page_id=26431">Von Festung zu Festung</a></strong></li>
</ol>
<p>Am Morgen erklimmen wir in Shkodra erst noch die Festung „Rozafa“, bevor es in Richtung Süden weitergeht nach Kruja zur Festung des albanischen Nationalhelden Skanderbeg. Auf der Weiterfahrt ans Meer nach Vlora werden wir dem Nationalhelden bei einem Stopp am Kloster Ardenica noch einmal begegnen. Übernachtung in einem Hotel an der Promenade von Vlora.</p>
<ol start="5">
<li><strong> Tag: <a href="https://www.adrianwood.ch/?page_id=26435">Wandern am Llogara-Pass</a></strong></li>
</ol>
<p>Nach der spektakulären Anfahrt auf den 1.000 m hohen Llogara-Pass durchstreifen wir auf einer Tageswanderung die dichten Urwälder des Llogara-Nationalparks und können unsere Blicke über das tiefblaue Meer bis nach Korfu schweifen lassen (Wanderung ca. 12 km, ca. 600 HM auf- und abwärts, Gehzeit ca. 5 Std.).</p>
<ol start="6">
<li><strong> Tag: <a href="https://www.adrianwood.ch/?page_id=26438">Spektakuläre Gebirgsfahrt ins Hinterland</a></strong></li>
</ol>
<p>Von Vlora aus durchqueren wir auf einer abenteuerlichen Fahrstrecke das Küstengebirge, die durchfahrenen Canyons haben bis zu 1.000 Meter Tiefe. Von einem Bergdorf aus machen wir eine kleine Wanderung mit anschließender Mittagspause im Dorf (Wanderung ca. 6 km, ca. 200 HM auf- und abwärts, Gehzeit ca. 2,5 Std.). Haben wir das Vjosa-Tal erst erreicht, ist es nicht mehr weit bis zu unserem nächsten Unterkunftsort Permet. Übernachtung in einem familiären Hotel in Permet.</p>
<ol start="7">
<li><strong> Tag: <a href="https://www.adrianwood.ch/?page_id=26585">Wandern im Vjosa-Tal und zu den Thermalquellen von Benja</a></strong></li>
</ol>
<p>Unterhalb der spektakulären Nemercka-Bergkette wandern wir das Vjosa-Tal entlang und passieren dabei ursprüngliche Bergdörfer, die auch heute noch bewohnt werden (Wanderung ca. 10 km, ca. 300 HM auf- und abwärts, Gehzeit ca. 3 Std.). Nachmittags Entspannung in den warmen Quellen von Benja. Wer möchte, kann dort am Canyon von Lengarica noch etwas wandern (ca. 3 km, ca. 50 HM auf- und abwärts, Gehzeit ca. 1 Std. zusätzlich).</p>
<ol start="8">
<li><strong> Tag: <a href="https://www.adrianwood.ch/?page_id=26588">Gjirokastra – Stadt der 1000 Stufen</a></strong></li>
</ol>
<p>In die UNESCO Weltkulturerbe-Stadt Gjirokastra ist es nicht weit. Wir besichtigen nicht nur die Altstadt mit den zahlreichen, steinplattengedeckten Herrenhäusern aus osmanischer Zeit, sondern auch die gewaltige Festung mit dem interessanten Stadtmuseum. Nachmittags bleibt Zeit für eigene Entdeckungen. Übernachtung in einem oder zwei kleinen Hotels in der Altstadt von Gjirokastra.</p>
<ol start="9">
<li><strong> Tag: <a href="https://www.adrianwood.ch/?page_id=26594">Zum Blauen Auge und nach Butrint</a></strong></li>
</ol>
<p>Weiter geht es zum „Blauen Auge“, einer faszinierenden Karstquelle, und an die ionische Küste. Der malerisch gelegene Archäologische Park von Butrint ist nicht nur für Antikenfans ein Highlight. Bei einer Führung durchstreifen wir das weitläufige Gelände und seine beindruckenden Bauwerke. Ein erfrischendes Bad im Meer vor unserem Strandhotel rundet den Tag ab. Übernachtung in einem Strandhotel an der albanischen Riviera.</p>
<ol start="10">
<li><strong> Tag: <a href="https://www.adrianwood.ch/?page_id=26598">Wanderung im Küstenbergland bei Himara</a></strong></li>
</ol>
<p>Unsere reizvolle Wanderung führt durch Olivenhaine, entlang von Bächlein und zu Bergdörfern mit trutzigen Steinhäusern. Vielleicht treffen wir unterwegs auf Hirten mit ihren Herden, auf jeden Fall aber können wir auch heute wieder den weiten Blick über das Meer genießen (Wanderung ca. 10 km, ca. 500 HM auf- und abwärts, Gehzeit ca. 3,5 Std.).</p>
<ol start="11">
<li><strong> Tag: <a href="https://www.adrianwood.ch/?page_id=26602">Von der albanischen Riviera bis Berat (UNESCO-Weltkulturerbe)</a></strong></li>
</ol>
<p>Nach Überqueren des Llogara-Passes erreichen wir wieder die Bucht von Vlora. Die Gegend ist besonders für das Olivenöl bekannt, das wir in einem kleinen Familienbetrieb kosten dürfen. Schließlich erreichen wir Berat, die „Stadt der 1000 Fenster“, wo wir am späten Nachmittag noch das bis heute bewohnte Burgviertel besuchen. Übernachtung in ein oder zwei kleineren, familiär geführten Hotels in der Altstadt von Berat.</p>
<ol start="12">
<li><strong> Tag: <a href="https://www.adrianwood.ch/?page_id=26611">Wandern in der Umgebung von Berat</a></strong></li>
</ol>
<p>Nach einem Bummel durch die engen Gassen der stimmungsvollen osmanischen Ortsteile Mangalemi und Gorica geht es zu Fuß hinaus ins umgebende Hügelland mit schöner Aussicht auf die Altstadt von Berat (Wanderung ca. 10 km, ca. 500 HM auf- und abwärts, Gehzeit ca. 4 Std.). Unterwegs kehren wir in einem Dorfgasthof zum Mittagessen ein. Am späten Nachmittag Abfahrt zur Weinprobe in einem ausgezeichneten Weingut.</p>
<ol start="13">
<li><strong> Tag: <a href="https://www.adrianwood.ch/?page_id=26615">Wandern im Tomorr-Nationalpark</a></strong></li>
</ol>
<p>Kaum 20 km östlich von Berat erhebt sich der Tomorr, der „Olymp Albaniens“, majestätisch aus der Küstenebene (2.400 m Höhe). Auf einer kurvenreichen Straße folgen wir zunächst dem Osumtal flussaufwärts und fahren dann hoch zu Bergdörfern am Rand des Tomorr Nationalparks. Mit einem einheimischen Führer erkunden wir die spannende Berglandschaft und picknicken unterwegs (Wanderung ca. 12 km, ca. 400 HM auf- und abwärts, Gehzeit ca. 4 Std.).</p>
<ol start="14">
<li><strong> Tag: Über das Devolltal zurück nach Tirana</strong></li>
</ol>
<p>Frühe Abfahrt am letzten Wandertag für einen Abstecher in das bisher wenig bekannte Devolltal: Erst wird das malerische Seenland von Belsh durchquert, dann laden die entlegenen Berglandschaften auf der Rückseite des Tomorr-Massivs zum Entdecken ein (Wanderung ca. 8 km, ca. 350 HM auf- und abwärts, Gehzeit ca. 3 Std.). Schließlich geht es zurück in die Landeshauptstadt. Bei einem letzten gemeinsamen Abendessen in Tirana können wir auf eine abwechslungsreiche Albanien-Reise zurückblicken. Übernachtung in einem Stadthotel im Zentrum von Tirana.</p>
<ol start="15">
<li><strong> Tag: Abreise</strong></li>
</ol>
<p>Je nach Rückflugzeit kann vormittags noch etwas im Zentrum von Tirana gebummelt werden. Dann Transfer vom Hotel zum Flughafen Tirana und Rückflug nach Deutschland.</p>

<p>Wanderreise in Albanien von Lupe Reisen, 26.August – 09.September 2024 Tag: Anreise nach Tirana Flug von Deutschland nach Tirana, Transfer vom Flughafen Tirana zum Hotel. Je nach Ankunft bleibt Zeit für eine Erfrischungspause. Beim gemeinsamen Abendessen lernen wir die Gruppe und unseren Reiseleiter kennen und genießen erstmals albanische Spezialitäten. Übernachtung in einem Stadthotel im Zentrum &hellip; <a href="https://www.adrianwood.ch/?page_id=26414" class="more-link">Continue reading <span class="screen-reader-text">Programm</span> <span class="meta-nav">&rarr;</span></a></p>
