{"id":26585,"date":"2024-09-25T09:21:05","date_gmt":"2024-09-25T09:21:05","guid":{"rendered":"https:\/\/www.adrianwood.ch\/?page_id=26585"},"modified":"2024-09-25T12:57:09","modified_gmt":"2024-09-25T12:57:09","slug":"09-01-permet","status":"publish","type":"page","link":"https:\/\/www.adrianwood.ch\/?page_id=26585","title":{"rendered":"09-01 Permet"},"content":{"rendered":"<figure id=\"attachment_26586\" aria-describedby=\"caption-attachment-26586\" style=\"width: 1620px\" class=\"wp-caption alignleft\"><a href=\"https:\/\/www.adrianwood.ch\/wp-content\/uploads\/2024\/09\/ALB_0465.jpg\"><img loading=\"lazy\" decoding=\"async\" class=\"size-full wp-image-26586\" src=\"https:\/\/www.adrianwood.ch\/wp-content\/uploads\/2024\/09\/ALB_0465.jpg\" alt=\"\" width=\"1620\" height=\"1080\" srcset=\"https:\/\/www.adrianwood.ch\/wp-content\/uploads\/2024\/09\/ALB_0465.jpg 1620w, https:\/\/www.adrianwood.ch\/wp-content\/uploads\/2024\/09\/ALB_0465-300x200.jpg 300w, https:\/\/www.adrianwood.ch\/wp-content\/uploads\/2024\/09\/ALB_0465-1024x683.jpg 1024w, https:\/\/www.adrianwood.ch\/wp-content\/uploads\/2024\/09\/ALB_0465-768x512.jpg 768w, https:\/\/www.adrianwood.ch\/wp-content\/uploads\/2024\/09\/ALB_0465-1536x1024.jpg 1536w\" sizes=\"auto, (max-width: 1620px) 100vw, 1620px\" \/><\/a><figcaption id=\"caption-attachment-26586\" class=\"wp-caption-text\">der Steinbogenbr\u00fccke von Benja<\/figcaption><\/figure>\n<p><strong>01.09.2024,<\/strong> <strong>Wandern im Vjosa-Tal und zu den Thermalquellen von Benja<\/strong><\/p>\n<p>An diesem Tag hatte wir einen Ersatzf\u00fchrer, Martin, weil unsere F\u00fchrer an eine Hochzeit gehen musste. Wir machten eine sch\u00f6ne Wanderung in den umliegenden H\u00fcgeln, die wieder einen langen und steinigen Abstieg mit sich brachte und zwei Stunden l\u00e4nger dauerte als erwartet. Er endete an den bekannten Thermalquellen und der Steinbogenbr\u00fccke von Benja. Es gab eine extra zweist\u00fcndige Wanderung entlang eines Canyons, von der diesmal vier der Damen und ich nicht teilnahmen. Wir verbrachten \u00fcber eine Stunde im warmen Wasser, um unsere F\u00fc\u00dfe zu erholen. Es war ein langer Tag, da wir nach dem Wandern und Baden das Hotel erst gegen 18.30 Uhr erreichten und um 19.00 wieder f\u00fcr den Abendessen aufbrechen mussten.<\/p>\nngg_shortcode_0_placeholder\n","protected":false},"excerpt":{"rendered":"<p>01.09.2024, Wandern im Vjosa-Tal und zu den Thermalquellen von Benja An diesem Tag hatte wir einen Ersatzf\u00fchrer, Martin, weil unsere F\u00fchrer an eine Hochzeit gehen musste. Wir machten eine sch\u00f6ne Wanderung in den umliegenden H\u00fcgeln, die wieder einen langen und steinigen Abstieg mit sich brachte und zwei Stunden l\u00e4nger dauerte als erwartet. Er endete an &hellip; <a href=\"https:\/\/www.adrianwood.ch\/?page_id=26585\" class=\"more-link\">Continue reading <span class=\"screen-reader-text\">09-01 Permet<\/span> <span class=\"meta-nav\">&rarr;<\/span><\/a><\/p>\n","protected":false},"author":1,"featured_media":0,"parent":26408,"menu_order":4758,"comment_status":"closed","ping_status":"closed","template":"","meta":{"ngg_post_thumbnail":0,"footnotes":""},"class_list":["post-26585","page","type-page","status-publish","hentry"],"_links":{"self":[{"href":"https:\/\/www.adrianwood.ch\/index.php?rest_route=\/wp\/v2\/pages\/26585","targetHints":{"allow":["GET"]}}],"collection":[{"href":"https:\/\/www.adrianwood.ch\/index.php?rest_route=\/wp\/v2\/pages"}],"about":[{"href":"https:\/\/www.adrianwood.ch\/index.php?rest_route=\/wp\/v2\/types\/page"}],"author":[{"embeddable":true,"href":"https:\/\/www.adrianwood.ch\/index.php?rest_route=\/wp\/v2\/users\/1"}],"replies":[{"embeddable":true,"href":"https:\/\/www.adrianwood.ch\/index.php?rest_route=%2Fwp%2Fv2%2Fcomments&post=26585"}],"version-history":[{"count":3,"href":"https:\/\/www.adrianwood.ch\/index.php?rest_route=\/wp\/v2\/pages\/26585\/revisions"}],"predecessor-version":[{"id":26801,"href":"https:\/\/www.adrianwood.ch\/index.php?rest_route=\/wp\/v2\/pages\/26585\/revisions\/26801"}],"up":[{"embeddable":true,"href":"https:\/\/www.adrianwood.ch\/index.php?rest_route=\/wp\/v2\/pages\/26408"}],"wp:attachment":[{"href":"https:\/\/www.adrianwood.ch\/index.php?rest_route=%2Fwp%2Fv2%2Fmedia&parent=26585"}],"curies":[{"name":"wp","href":"https:\/\/api.w.org\/{rel}","templated":true}]}}

<figure id="attachment_26586" aria-describedby="caption-attachment-26586" style="width: 1620px" class="wp-caption alignleft"><a href="https://www.adrianwood.ch/wp-content/uploads/2024/09/ALB_0465.jpg"><img loading="lazy" decoding="async" class="size-full wp-image-26586" src="https://www.adrianwood.ch/wp-content/uploads/2024/09/ALB_0465.jpg" alt="" width="1620" height="1080" srcset="https://www.adrianwood.ch/wp-content/uploads/2024/09/ALB_0465.jpg 1620w, https://www.adrianwood.ch/wp-content/uploads/2024/09/ALB_0465-300x200.jpg 300w, https://www.adrianwood.ch/wp-content/uploads/2024/09/ALB_0465-1024x683.jpg 1024w, https://www.adrianwood.ch/wp-content/uploads/2024/09/ALB_0465-768x512.jpg 768w, https://www.adrianwood.ch/wp-content/uploads/2024/09/ALB_0465-1536x1024.jpg 1536w" sizes="auto, (max-width: 1620px) 100vw, 1620px" /></a><figcaption id="caption-attachment-26586" class="wp-caption-text">der Steinbogenbrücke von Benja</figcaption></figure>
<p><strong>01.09.2024,</strong> <strong>Wandern im Vjosa-Tal und zu den Thermalquellen von Benja</strong></p>
<p>An diesem Tag hatte wir einen Ersatzführer, Martin, weil unsere Führer an eine Hochzeit gehen musste. Wir machten eine schöne Wanderung in den umliegenden Hügeln, die wieder einen langen und steinigen Abstieg mit sich brachte und zwei Stunden länger dauerte als erwartet. Er endete an den bekannten Thermalquellen und der Steinbogenbrücke von Benja. Es gab eine extra zweistündige Wanderung entlang eines Canyons, von der diesmal vier der Damen und ich nicht teilnahmen. Wir verbrachten über eine Stunde im warmen Wasser, um unsere Füße zu erholen. Es war ein langer Tag, da wir nach dem Wandern und Baden das Hotel erst gegen 18.30 Uhr erreichten und um 19.00 wieder für den Abendessen aufbrechen mussten.</p>
ngg_shortcode_0_placeholder

<p>01.09.2024, Wandern im Vjosa-Tal und zu den Thermalquellen von Benja An diesem Tag hatte wir einen Ersatzführer, Martin, weil unsere Führer an eine Hochzeit gehen musste. Wir machten eine schöne Wanderung in den umliegenden Hügeln, die wieder einen langen und steinigen Abstieg mit sich brachte und zwei Stunden länger dauerte als erwartet. Er endete an &hellip; <a href="https://www.adrianwood.ch/?page_id=26585" class="more-link">Continue reading <span class="screen-reader-text">09-01 Permet</span> <span class="meta-nav">&rarr;</span></a></p>
