{"id":26611,"date":"2024-09-25T11:39:31","date_gmt":"2024-09-25T11:39:31","guid":{"rendered":"https:\/\/www.adrianwood.ch\/?page_id=26611"},"modified":"2024-09-25T12:52:56","modified_gmt":"2024-09-25T12:52:56","slug":"09-06-berat-region","status":"publish","type":"page","link":"https:\/\/www.adrianwood.ch\/?page_id=26611","title":{"rendered":"09-06 Berat Region"},"content":{"rendered":"<figure id=\"attachment_26612\" aria-describedby=\"caption-attachment-26612\" style=\"width: 1620px\" class=\"wp-caption alignleft\"><a href=\"https:\/\/www.adrianwood.ch\/wp-content\/uploads\/2024\/09\/ALB_0776.jpg\"><img loading=\"lazy\" decoding=\"async\" class=\"size-full wp-image-26612\" src=\"https:\/\/www.adrianwood.ch\/wp-content\/uploads\/2024\/09\/ALB_0776.jpg\" alt=\"\" width=\"1620\" height=\"1080\" srcset=\"https:\/\/www.adrianwood.ch\/wp-content\/uploads\/2024\/09\/ALB_0776.jpg 1620w, https:\/\/www.adrianwood.ch\/wp-content\/uploads\/2024\/09\/ALB_0776-300x200.jpg 300w, https:\/\/www.adrianwood.ch\/wp-content\/uploads\/2024\/09\/ALB_0776-1024x683.jpg 1024w, https:\/\/www.adrianwood.ch\/wp-content\/uploads\/2024\/09\/ALB_0776-768x512.jpg 768w, https:\/\/www.adrianwood.ch\/wp-content\/uploads\/2024\/09\/ALB_0776-1536x1024.jpg 1536w\" sizes=\"auto, (max-width: 1620px) 100vw, 1620px\" \/><\/a><figcaption id=\"caption-attachment-26612\" class=\"wp-caption-text\">Blick auf der Altstadt von Berat<\/figcaption><\/figure>\n<p><strong>06.09.2024,<\/strong> <strong>Wandern in der Umgebung von Berat<\/strong><\/p>\n<p>Die Wanderung heute war k\u00fcrzer als urspr\u00fcnglich geplant und das Wetter war nicht so hei\u00df als an den vorherigen Tagen. Es f\u00fchrte uns zuerst durch die Altstadt und dann steil einen H\u00fcgel hinauf durch Kiefernwald zu einem Dorf. Wir sahen unterwegs eine Schildkr\u00f6te. Das vorgesehene Mittagessen war leider nicht m\u00f6glich, nur die sehr willkommene Getr\u00e4nke. Mein Mittagessen bestand dann aus Weintrauben, drei reifen Feigen, einem Haferkeks und einem zerfallenen Riegel. Wir hatten eine Weinprobe, die sehr angenehm war und wurden mit Brot, Oliven und K\u00e4se versorgt. Danach war das Essen in einem sehr schicken Restaurant mit guter Aussicht fast unn\u00f6tig. Es gab einige Wehklagen von einem Minarett in der N\u00e4he und die Moschee war auch vom Hotel aus sichtbar.<\/p>\nngg_shortcode_0_placeholder\n","protected":false},"excerpt":{"rendered":"<p>06.09.2024, Wandern in der Umgebung von Berat Die Wanderung heute war k\u00fcrzer als urspr\u00fcnglich geplant und das Wetter war nicht so hei\u00df als an den vorherigen Tagen. Es f\u00fchrte uns zuerst durch die Altstadt und dann steil einen H\u00fcgel hinauf durch Kiefernwald zu einem Dorf. Wir sahen unterwegs eine Schildkr\u00f6te. Das vorgesehene Mittagessen war leider &hellip; <a href=\"https:\/\/www.adrianwood.ch\/?page_id=26611\" class=\"more-link\">Continue reading <span class=\"screen-reader-text\">09-06 Berat Region<\/span> <span class=\"meta-nav\">&rarr;<\/span><\/a><\/p>\n","protected":false},"author":1,"featured_media":0,"parent":26408,"menu_order":4763,"comment_status":"closed","ping_status":"closed","template":"","meta":{"ngg_post_thumbnail":0,"footnotes":""},"class_list":["post-26611","page","type-page","status-publish","hentry"],"_links":{"self":[{"href":"https:\/\/www.adrianwood.ch\/index.php?rest_route=\/wp\/v2\/pages\/26611","targetHints":{"allow":["GET"]}}],"collection":[{"href":"https:\/\/www.adrianwood.ch\/index.php?rest_route=\/wp\/v2\/pages"}],"about":[{"href":"https:\/\/www.adrianwood.ch\/index.php?rest_route=\/wp\/v2\/types\/page"}],"author":[{"embeddable":true,"href":"https:\/\/www.adrianwood.ch\/index.php?rest_route=\/wp\/v2\/users\/1"}],"replies":[{"embeddable":true,"href":"https:\/\/www.adrianwood.ch\/index.php?rest_route=%2Fwp%2Fv2%2Fcomments&post=26611"}],"version-history":[{"count":3,"href":"https:\/\/www.adrianwood.ch\/index.php?rest_route=\/wp\/v2\/pages\/26611\/revisions"}],"predecessor-version":[{"id":26796,"href":"https:\/\/www.adrianwood.ch\/index.php?rest_route=\/wp\/v2\/pages\/26611\/revisions\/26796"}],"up":[{"embeddable":true,"href":"https:\/\/www.adrianwood.ch\/index.php?rest_route=\/wp\/v2\/pages\/26408"}],"wp:attachment":[{"href":"https:\/\/www.adrianwood.ch\/index.php?rest_route=%2Fwp%2Fv2%2Fmedia&parent=26611"}],"curies":[{"name":"wp","href":"https:\/\/api.w.org\/{rel}","templated":true}]}}

<figure id="attachment_26612" aria-describedby="caption-attachment-26612" style="width: 1620px" class="wp-caption alignleft"><a href="https://www.adrianwood.ch/wp-content/uploads/2024/09/ALB_0776.jpg"><img loading="lazy" decoding="async" class="size-full wp-image-26612" src="https://www.adrianwood.ch/wp-content/uploads/2024/09/ALB_0776.jpg" alt="" width="1620" height="1080" srcset="https://www.adrianwood.ch/wp-content/uploads/2024/09/ALB_0776.jpg 1620w, https://www.adrianwood.ch/wp-content/uploads/2024/09/ALB_0776-300x200.jpg 300w, https://www.adrianwood.ch/wp-content/uploads/2024/09/ALB_0776-1024x683.jpg 1024w, https://www.adrianwood.ch/wp-content/uploads/2024/09/ALB_0776-768x512.jpg 768w, https://www.adrianwood.ch/wp-content/uploads/2024/09/ALB_0776-1536x1024.jpg 1536w" sizes="auto, (max-width: 1620px) 100vw, 1620px" /></a><figcaption id="caption-attachment-26612" class="wp-caption-text">Blick auf der Altstadt von Berat</figcaption></figure>
<p><strong>06.09.2024,</strong> <strong>Wandern in der Umgebung von Berat</strong></p>
<p>Die Wanderung heute war kürzer als ursprünglich geplant und das Wetter war nicht so heiß als an den vorherigen Tagen. Es führte uns zuerst durch die Altstadt und dann steil einen Hügel hinauf durch Kiefernwald zu einem Dorf. Wir sahen unterwegs eine Schildkröte. Das vorgesehene Mittagessen war leider nicht möglich, nur die sehr willkommene Getränke. Mein Mittagessen bestand dann aus Weintrauben, drei reifen Feigen, einem Haferkeks und einem zerfallenen Riegel. Wir hatten eine Weinprobe, die sehr angenehm war und wurden mit Brot, Oliven und Käse versorgt. Danach war das Essen in einem sehr schicken Restaurant mit guter Aussicht fast unnötig. Es gab einige Wehklagen von einem Minarett in der Nähe und die Moschee war auch vom Hotel aus sichtbar.</p>
ngg_shortcode_0_placeholder

<p>06.09.2024, Wandern in der Umgebung von Berat Die Wanderung heute war kürzer als ursprünglich geplant und das Wetter war nicht so heiß als an den vorherigen Tagen. Es führte uns zuerst durch die Altstadt und dann steil einen Hügel hinauf durch Kiefernwald zu einem Dorf. Wir sahen unterwegs eine Schildkröte. Das vorgesehene Mittagessen war leider &hellip; <a href="https://www.adrianwood.ch/?page_id=26611" class="more-link">Continue reading <span class="screen-reader-text">09-06 Berat Region</span> <span class="meta-nav">&rarr;</span></a></p>
