{"id":26851,"date":"2025-06-11T10:23:29","date_gmt":"2025-06-11T10:23:29","guid":{"rendered":"https:\/\/www.adrianwood.ch\/?page_id=26851"},"modified":"2025-06-23T16:20:47","modified_gmt":"2025-06-23T16:20:47","slug":"05-15-drobonik","status":"publish","type":"page","link":"https:\/\/www.adrianwood.ch\/?page_id=26851","title":{"rendered":"05-15 Drobonik"},"content":{"rendered":"<div class=\"pmdi_content_wrapper\">\n<p class=\"Normal-P\" style=\"margin-bottom: 6pt; direction: ltr; unicode-bidi: normal;\"><span class=\"Normal-H\"><span style=\"font-weight: bold; font-size: 12pt;\">15.Mai<\/span><span style=\"font-weight: bold; font-size: 12pt;\">, <\/span><span style=\"font-weight: bold; font-size: 12pt;\">von <\/span><span style=\"font-weight: bold; font-size: 12pt;\">Berat <\/span><span style=\"font-weight: bold; font-size: 12pt;\">zum Dorf <\/span><span style=\"font-weight: bold; font-size: 12pt;\">Drobonik<\/span><\/span><\/p>\n<table class=\"TableGrid-T\" style=\"border-collapse: collapse;\" cellspacing=\"0\">\n<tbody>\n<tr class=\"-R\">\n<td class=\"-C\" style=\"width: 481.4pt; border: none windowtext 0pt;\" colspan=\"2\">\n<p class=\"Normal-P\" style=\"margin-bottom: 6pt; direction: ltr; unicode-bidi: normal;\"><span class=\"Normal-H\"><span style=\"font-size: 12pt;\">Wie \u00fcblich geht es um 09:00 los zur Wanderung.<\/span><span style=\"font-size: 12pt;\">Reiseleiter <\/span><span style=\"font-size: 12pt;\">Eglant<\/span><span style=\"font-size: 12pt;\"> erz\u00e4hlt uns einiges \u00fcber Berat der &#8220;Stadt der tausend Fenster&#8221;. W\u00f6rtlich \u00fcbersetzt sollte es eher &#8220;Stadt der H\u00e4user mit breiten Fensterreihen&#8221; heissen. Jedenfalls haben all die sch\u00f6nen alten H\u00e4user auff\u00e4llig viele Fenster f\u00fcr viel Helligkeit im Inneren. Berat wurde 1961 offiziell zur Museumsstadt ernannt und 2008 UNESCO-Welterbe.<\/span><span style=\"font-size: 12pt;\"> Ein lieber, wohl herrenloser Hund kommt gleich mit uns und wird unser treuer Begleiter bleiben bis vor dem Mittagessen.<\/span><\/span><\/p>\n<\/td>\n<\/tr>\n<tr class=\"-R\">\n<td class=\"-C\" style=\"width: 242.9pt; border: none windowtext 0pt;\">\n<p class=\"Normal-P\" style=\"margin-bottom: 6pt; direction: ltr; unicode-bidi: normal;\"><span class=\"Normal-H\"><span style=\"font-size: 12pt;\"><img loading=\"lazy\" decoding=\"async\" class=\"\" src=\"https:\/\/www.adrianwood.ch\/wp-content\/uploads\/2025\/06\/1749725252_image1.jpeg\" width=\"353\" height=\"234\" data-link=\"\"><\/span><\/span><\/p>\n<\/td>\n<td class=\"-C\" style=\"width: 238.5pt; border: none windowtext 0pt;\">\n<p class=\"Normal-P\" style=\"margin-bottom: 6pt; direction: ltr; unicode-bidi: normal;\"><span class=\"Normal-H\"><span style=\"font-size: 12pt;\"><img loading=\"lazy\" decoding=\"async\" class=\"\" src=\"https:\/\/www.adrianwood.ch\/wp-content\/uploads\/2025\/06\/1749725252_image2.jpeg\" width=\"353\" height=\"235\" data-link=\"\"><\/span><\/span><\/p>\n<\/td>\n<\/tr>\n<tr class=\"-R\">\n<td class=\"-C\" style=\"width: 481.4pt; border: none windowtext 0pt;\" colspan=\"2\">\n<p class=\"Normal-P\" style=\"margin-bottom: 6pt; direction: ltr; unicode-bidi: normal;\"><span class=\"Normal-H\"><span style=\"font-size: 12pt;\">Eglant<\/span><span style=\"font-size: 12pt;\"> f\u00fchrt uns \u00fcber die H\u00e4ngebr\u00fccke auf die gegen\u00fcberliegende Seite des Flusses <\/span><span style=\"font-size: 12pt;\">Osum<\/span><span style=\"font-size: 12pt;\"> zum malerischen Stadtteil <\/span><span style=\"font-size: 12pt;\">Goric\u00eb<\/span><span style=\"font-size: 12pt;\">. Fluss abw\u00e4rts ist die wundersch\u00f6ne alte Steinbogenbr\u00fccke zu sehen. Sie wurde 1780 an Stelle der fr\u00fcheren Br\u00fccke erbaut. In der Vergangenheit musste sie nach Hochwasser und nach dem ersten Weltkrieg mehrfach neu aufgebaut oder repariert werden.<\/span><\/span><\/p>\n<\/td>\n<\/tr>\n<tr class=\"-R\">\n<td class=\"-C\" style=\"width: 242.9pt; border: none windowtext 0pt;\">\n<p class=\"Normal-P\" style=\"margin-bottom: 6pt; direction: ltr; unicode-bidi: normal;\"><span class=\"Normal-H\"><span style=\"font-size: 12pt;\"><img loading=\"lazy\" decoding=\"async\" class=\"\" src=\"https:\/\/www.adrianwood.ch\/wp-content\/uploads\/2025\/06\/1749725252_image3.jpeg\" width=\"353\" height=\"234\" data-link=\"\"><\/span><\/span><\/p>\n<\/td>\n<td class=\"-C\" style=\"width: 238.5pt; border: none windowtext 0pt;\">\n<p class=\"Normal-P\" style=\"margin-bottom: 6pt; direction: ltr; unicode-bidi: normal;\"><span class=\"Normal-H\"><span style=\"font-size: 12pt;\"><img loading=\"lazy\" decoding=\"async\" class=\"\" src=\"https:\/\/www.adrianwood.ch\/wp-content\/uploads\/2025\/06\/1749725252_image4.jpeg\" width=\"353\" height=\"235\" data-link=\"\"><\/span><\/span><\/p>\n<\/td>\n<\/tr>\n<tr class=\"-R\">\n<td class=\"-C\" style=\"width: 481.4pt; border: none windowtext 0pt;\" colspan=\"2\">\n<p class=\"Normal-P\" style=\"margin-bottom: 6pt; direction: ltr; unicode-bidi: normal;\"><span class=\"Normal-H\"><span style=\"font-size: 12pt;\">Der Weg steigt angenehm an, erst durch die alten H\u00e4user und bald ins Gr\u00fcne. Die B\u00e4ume sind oft schr\u00e4g gewachsen und ihre Kronen lassen Licht durch f\u00fcr Gr\u00e4ser und Blumen am Waldboden. Die erste Kuppe (ca.220m <\/span><span style=\"font-size: 12pt;\">\u00fc.M<\/span><span style=\"font-size: 12pt;\">.) ist bald erreicht.<\/span><\/span><\/p>\n<\/td>\n<\/tr>\n<tr class=\"-R\">\n<td class=\"-C\" style=\"width: 242.9pt; border: none windowtext 0pt;\">\n<p class=\"Normal-P\" style=\"margin-bottom: 6pt; direction: ltr; unicode-bidi: normal;\"><span class=\"Normal-H\"><span style=\"font-size: 12pt;\"><img loading=\"lazy\" decoding=\"async\" class=\"\" src=\"https:\/\/www.adrianwood.ch\/wp-content\/uploads\/2025\/06\/1749725252_image5.jpeg\" width=\"353\" height=\"234\" data-link=\"\"><\/span><\/span><\/p>\n<\/td>\n<td class=\"-C\" style=\"width: 238.5pt; border: none windowtext 0pt;\">\n<p class=\"Normal-P\" style=\"margin-bottom: 6pt; direction: ltr; unicode-bidi: normal;\"><span class=\"Normal-H\"><span style=\"font-size: 12pt;\"><img loading=\"lazy\" decoding=\"async\" class=\"\" src=\"https:\/\/www.adrianwood.ch\/wp-content\/uploads\/2025\/06\/1749725252_image6.jpeg\" width=\"353\" height=\"235\" data-link=\"\"><\/span><\/span><\/p>\n<\/td>\n<\/tr>\n<tr class=\"-R\">\n<td class=\"-C\" style=\"width: 481.4pt; border: none windowtext 0pt;\" colspan=\"2\">\n<p class=\"Normal-P\" style=\"margin-bottom: 6pt; direction: ltr; unicode-bidi: normal;\"><span class=\"Normal-H\"><span style=\"font-size: 12pt;\">Sp\u00e4ter w\u00e4hrend der Rast erz\u00e4hlt uns <\/span><span style=\"font-size: 12pt;\">Eglant<\/span><span style=\"font-size: 12pt;\"> \u00fcber das friedliche, tolerante Zusammen<\/span><span style=\"font-size: 12pt;\">&#8211;<\/span><span style=\"font-size: 12pt;\">leben<\/span><span style=\"font-size: 12pt;\"> der verschiedenen Religionen und im Speziellen n\u00e4heres zu den <\/span><span style=\"font-size: 12pt;\">Bektaschi<\/span><span style=\"font-size: 12pt;\">. Auf dem gegen\u00fcberliegenden Berg <\/span><span style=\"font-size: 12pt;\">Tomorit<\/span><span style=\"font-size: 12pt;\"> befindet sich ein wichtiger Besinnungsort, eine <\/span><span style=\"font-size: 12pt;\">Tekke<\/span><span style=\"font-size: 12pt;\"> der <\/span><span style=\"font-size: 12pt;\">Bektaschi<\/span><span style=\"font-size: 12pt;\">, wo bei Festen ein Lamm am Spiess gebraten wird.<\/span><\/span><\/p>\n<p class=\"Normal-P\" style=\"margin-bottom: 6pt; direction: ltr; unicode-bidi: normal;\"><span class=\"Normal-H\"><span style=\"font-size: 12pt;\">Die Religion der <\/span><span style=\"font-size: 12pt;\">Bektaschi<\/span><span style=\"font-size: 12pt;\"> gr\u00fcndet auf dem Islam jedoch mit weniger strengen Vorschriften. Toleranz und Hilfsbereitschaft sind wichtige Bestandteile.<\/span><\/span><\/p>\n<\/td>\n<\/tr>\n<tr class=\"-R\">\n<td class=\"-C\" style=\"width: 242.9pt; border: none windowtext 0pt;\">\n<p class=\"Normal-P\" style=\"margin-bottom: 6pt; direction: ltr; unicode-bidi: normal;\"><span class=\"Normal-H\"><span style=\"font-size: 12pt;\"><img loading=\"lazy\" decoding=\"async\" class=\"\" src=\"https:\/\/www.adrianwood.ch\/wp-content\/uploads\/2025\/06\/1749725252_image7.jpeg\" width=\"353\" height=\"234\" data-link=\"\"><\/span><\/span><\/p>\n<\/td>\n<td class=\"-C\" style=\"width: 238.5pt; border: none windowtext 0pt;\">\n<p class=\"Normal-P\" style=\"margin-bottom: 6pt; direction: ltr; unicode-bidi: normal;\"><span class=\"Normal-H\"><span style=\"font-size: 12pt;\"><img loading=\"lazy\" decoding=\"async\" class=\"\" src=\"https:\/\/www.adrianwood.ch\/wp-content\/uploads\/2025\/06\/1749725252_image8.jpeg\" width=\"353\" height=\"235\" data-link=\"\"><\/span><\/span><\/p>\n<\/td>\n<\/tr>\n<tr class=\"-R\">\n<td class=\"-C\" style=\"width: 481.4pt; border: none windowtext 0pt;\" colspan=\"2\">\n<p class=\"Normal-P\" style=\"margin-bottom: 6pt; direction: ltr; unicode-bidi: normal;\"><span class=\"Normal-H\"><span style=\"font-size: 12pt;\">Vom h\u00f6chsten Punkt der Wanderung auf fast 500m <\/span><span style=\"font-size: 12pt;\">\u00fc.M<\/span><span style=\"font-size: 12pt;\">. geht es runter in gr\u00fcnen Plantagen mit Reben und Kirschb\u00e4umen. Unterwegs erhalten wir von einem Bauernpaar eine Handvoll frisch gepfl\u00fcckte, wunderbar reife Kirschen geschenkt. <\/span><\/span><\/p>\n<p class=\"Normal-P\" style=\"margin-bottom: 6pt; direction: ltr; unicode-bidi: normal;\"><span class=\"Normal-H\"><span style=\"font-size: 12pt;\">Kurz nach Mittag freuen wir uns in <\/span><span style=\"font-size: 12pt;\">Drobonik<\/span><span style=\"font-size: 12pt;\"> (400m <\/span><span style=\"font-size: 12pt;\">\u00fc.M<\/span><span style=\"font-size: 12pt;\">.) auf das reichliche Mittagessen. Wie \u00fcblich wird unter anderem viel Gem\u00fcse und Salat in Sch\u00fcsseln auf den Tisch gestellt zum selber Bedienen. <\/span><\/span><\/p>\n<p class=\"Normal-P\" style=\"margin-bottom: 6pt; direction: ltr; unicode-bidi: normal;\"><span class=\"Normal-H\"><span style=\"font-size: 12pt;\">Es war eine sehr sch\u00f6ne, nicht zu strenge Wanderung auf angenehmen Waldpfaden. Total ca. 6km, 400m hoch und 100m runter.<\/span><\/span><\/p>\n<p class=\"Normal-P\" style=\"margin-bottom: 6pt; direction: ltr; unicode-bidi: normal;\"><span class=\"Normal-H\"><span style=\"font-size: 12pt;\">Unser Bus f\u00e4hrt uns hinunter nach Berat, wo wir Zeit zur freien Verf\u00fcgung haben bis zur Weindegustation am sp\u00e4teren Nachmittag.<\/span><\/span><\/p>\n<\/td>\n<\/tr>\n<tr class=\"-R\">\n<td class=\"-C\" style=\"width: 242.9pt; border: none windowtext 0pt;\">\n<p class=\"Normal-P\" style=\"margin-bottom: 6pt; direction: ltr; unicode-bidi: normal;\"><span class=\"Normal-H\"><span style=\"font-size: 12pt;\"><img loading=\"lazy\" decoding=\"async\" class=\"\" src=\"https:\/\/www.adrianwood.ch\/wp-content\/uploads\/2025\/06\/1749725252_image9.jpeg\" width=\"353\" height=\"234\" data-link=\"\"><\/span><\/span><\/p>\n<\/td>\n<td class=\"-C\" style=\"width: 238.5pt; border: none windowtext 0pt;\">\n<p class=\"Normal-P\" style=\"margin-bottom: 6pt; direction: ltr; unicode-bidi: normal;\"><span class=\"Normal-H\"><span style=\"font-size: 12pt;\"><img loading=\"lazy\" decoding=\"async\" class=\"\" src=\"https:\/\/www.adrianwood.ch\/wp-content\/uploads\/2025\/06\/1749725252_image10.jpeg\" width=\"353\" height=\"235\" data-link=\"\"><\/span><\/span><\/p>\n<\/td>\n<\/tr>\n<tr class=\"-R\">\n<td class=\"-C\" style=\"width: 481.4pt; border: none windowtext 0pt;\" colspan=\"2\">\n<p class=\"Normal-P\" style=\"margin-bottom: 6pt; direction: ltr; unicode-bidi: normal;\"><span class=\"Normal-H\"><span style=\"font-size: 12pt;\">Nach kurzer Fahrt erreichen wir die COBO WINERY. Wir h\u00f6ren einiges \u00fcber das Weingut, das erst nach der Wende Anfang 1990er Jahre wieder aufgebaut werden konnte. Das erforderliche Wissen dazu wurde in der Familie weitergegeben. Unterdessen ist es eines der f\u00fcnf wichtigsten Weing\u00fcter in Albanien. Neben bekannten Traubensorten werden vorwiegend <\/span><span style=\"font-size: 12pt;\">u<\/span><span style=\"font-size: 12pt;\">rspr\u00fcngliche, autochthone albanische Rebsorten angebaut. Wir d\u00fcrfen zwei trockene Weissweine (<\/span><span style=\"font-size: 12pt;\">Shesh<\/span><span style=\"font-size: 12pt;\"> und Puls) und zwei Rotweine (<\/span><span style=\"font-size: 12pt;\">Shesh<\/span><span style=\"font-size: 12pt;\"> und <\/span><span style=\"font-size: 12pt;\">Kashmer<\/span><span style=\"font-size: 12pt;\">) kosten. Vor dem Gang in den Weinkeller gibt es zum Abschluss einen Schluck Nusslik\u00f6r Raki. <\/span><\/span><\/p>\n<p class=\"Normal-P\" style=\"margin-bottom: 6pt; direction: ltr; unicode-bidi: normal;\"><span class=\"Normal-H\"><span style=\"font-size: 12pt;\">Die R\u00fcckfahrt zum Hotel <\/span><span style=\"font-size: 12pt;\">Desaret<\/span><span style=\"font-size: 12pt;\"> dauert nicht lange.<\/span><\/span><\/p>\n<p class=\"Normal-P\" style=\"margin-bottom: 6pt; direction: ltr; unicode-bidi: normal;\"><span class=\"Normal-H\"><span style=\"font-size: 12pt;\">Peter<\/span><\/span><\/p>\n<p class=\"Normal-P\" style=\"margin-bottom: 6pt; direction: ltr; unicode-bidi: normal;\">\n<\/td>\n<\/tr>\n<p><!-- [if !supportMisalignedColumns]--><\/tbody>\n<\/table>\n<\/div>\n","protected":false},"excerpt":{"rendered":"<p>15.Mai, von Berat zum Dorf Drobonik Wie \u00fcblich geht es um 09:00 los zur Wanderung.Reiseleiter Eglant erz\u00e4hlt uns einiges \u00fcber Berat der &#8220;Stadt der tausend Fenster&#8221;. W\u00f6rtlich \u00fcbersetzt sollte es eher &#8220;Stadt der H\u00e4user mit breiten Fensterreihen&#8221; heissen. Jedenfalls haben all die sch\u00f6nen alten H\u00e4user auff\u00e4llig viele Fenster f\u00fcr viel Helligkeit im Inneren. Berat wurde &hellip; <a href=\"https:\/\/www.adrianwood.ch\/?page_id=26851\" class=\"more-link\">Continue reading <span class=\"screen-reader-text\">05-15 Drobonik<\/span> <span class=\"meta-nav\">&rarr;<\/span><\/a><\/p>\n","protected":false},"author":1,"featured_media":0,"parent":26838,"menu_order":2685,"comment_status":"closed","ping_status":"closed","template":"","meta":{"ngg_post_thumbnail":0,"footnotes":""},"class_list":["post-26851","page","type-page","status-publish","hentry"],"_links":{"self":[{"href":"https:\/\/www.adrianwood.ch\/index.php?rest_route=\/wp\/v2\/pages\/26851","targetHints":{"allow":["GET"]}}],"collection":[{"href":"https:\/\/www.adrianwood.ch\/index.php?rest_route=\/wp\/v2\/pages"}],"about":[{"href":"https:\/\/www.adrianwood.ch\/index.php?rest_route=\/wp\/v2\/types\/page"}],"author":[{"embeddable":true,"href":"https:\/\/www.adrianwood.ch\/index.php?rest_route=\/wp\/v2\/users\/1"}],"replies":[{"embeddable":true,"href":"https:\/\/www.adrianwood.ch\/index.php?rest_route=%2Fwp%2Fv2%2Fcomments&post=26851"}],"version-history":[{"count":8,"href":"https:\/\/www.adrianwood.ch\/index.php?rest_route=\/wp\/v2\/pages\/26851\/revisions"}],"predecessor-version":[{"id":27061,"href":"https:\/\/www.adrianwood.ch\/index.php?rest_route=\/wp\/v2\/pages\/26851\/revisions\/27061"}],"up":[{"embeddable":true,"href":"https:\/\/www.adrianwood.ch\/index.php?rest_route=\/wp\/v2\/pages\/26838"}],"wp:attachment":[{"href":"https:\/\/www.adrianwood.ch\/index.php?rest_route=%2Fwp%2Fv2%2Fmedia&parent=26851"}],"curies":[{"name":"wp","href":"https:\/\/api.w.org\/{rel}","templated":true}]}}