{"id":27027,"date":"2025-06-17T19:52:44","date_gmt":"2025-06-17T19:52:44","guid":{"rendered":"https:\/\/www.adrianwood.ch\/?page_id=27027"},"modified":"2025-06-23T16:22:57","modified_gmt":"2025-06-23T16:22:57","slug":"05-2","status":"publish","type":"page","link":"https:\/\/www.adrianwood.ch\/?page_id=27027","title":{"rendered":"05-17 Vlora"},"content":{"rendered":"<div class=\"pmdi_content_wrapper\">\n<p class=\"Normal-P\" style=\"direction: ltr; unicode-bidi: normal;\"><span class=\"Normal-H\"><span style=\"font-family: Arial; font-weight: bold; font-size: 12pt;\">17.Mai, <\/span><span style=\"font-family: Arial; font-weight: bold; font-size: 12pt;\">nach <\/span><span style=\"font-family: Arial; font-weight: bold; font-size: 12pt;\">Vlora<\/span><span style=\"font-family: Arial; font-weight: bold; font-size: 12pt;\"> am Meer<\/span><\/span><\/p>\n<table class=\"TableGrid-T\" style=\"border-collapse: collapse;\" cellspacing=\"0\">\n<tbody>\n<tr class=\"-R\">\n<td class=\"-C\" style=\"width: 481.4pt; border: none windowtext 0pt;\" colspan=\"2\">\n<p class=\"Normal-P\" style=\"margin-bottom: 6pt; direction: ltr; unicode-bidi: normal;\"><span class=\"Normal-H\"><span style=\"font-family: Arial; font-size: 12pt;\">Unser Besuch in Vlora beschr\u00e4nkte sich auf einen schnellen Rundgang mit Halt bei dem Muradiye Moschee aus dem 13.Jahrhundert die interessanterweise um einiges tiefer lag als den modernen Geb\u00e4uden rings um. F\u00fcr den individuelle Mittagessen auf der Strandpromenade habe ich mich eine Dorade geg\u00f6nnt.<\/span><\/span><\/p>\n<\/td>\n<\/tr>\n<tr class=\"-R\">\n<td class=\"-C\" style=\"width: 240.7pt; border: none windowtext 0pt;\">\n<p class=\"Normal-P\" style=\"margin-bottom: 6pt; direction: ltr; unicode-bidi: normal;\"><span class=\"Normal-H\"><span style=\"font-family: Arial; font-size: 12pt;\"><img loading=\"lazy\" decoding=\"async\" class=\"\" src=\"https:\/\/www.adrianwood.ch\/wp-content\/uploads\/2025\/06\/1750189948_image1.jpeg\" width=\"353\" height=\"235\" data-link=\"\"><\/span><\/span><\/p>\n<\/td>\n<td class=\"-C\" style=\"width: 240.7pt; border: none windowtext 0pt;\">\n<p class=\"Normal-P\" style=\"margin-bottom: 6pt; direction: ltr; unicode-bidi: normal;\"><span class=\"Normal-H\"><span style=\"font-family: Arial; font-size: 12pt;\"><img loading=\"lazy\" decoding=\"async\" class=\"\" src=\"https:\/\/www.adrianwood.ch\/wp-content\/uploads\/2025\/06\/1750189948_image2.jpeg\" width=\"353\" height=\"235\" data-link=\"\"><\/span><\/span><\/p>\n<\/td>\n<\/tr>\n<tr class=\"-R\">\n<td class=\"-C\" style=\"width: 481.4pt; border: none windowtext 0pt;\" colspan=\"2\">\n<p class=\"Normal-P\" style=\"direction: ltr; unicode-bidi: normal;\"><span class=\"Normal-H\"><span style=\"font-family: Arial; font-size: 12pt;\">Es ging gleich weiter die K\u00fcste entlang zu unserem sch\u00f6n am Meer gelegenen Hotel. Leider war es etwas frisch und windig so dass niemand baden <\/span><span style=\"font-family: Arial; font-size: 12pt;\">ging<\/span><span style=\"font-family: Arial; font-size: 12pt;\">.<\/span><span style=\"font-family: Arial; font-size: 12pt;\">Unter dem Vordach vor dem Zimmern gab es viele Schwalben die offenbar dort Niste bauen wollte<\/span><span style=\"font-family: Arial; font-size: 12pt;\">.<\/span><\/span><\/p>\n<\/td>\n<\/tr>\n<tr class=\"-R\">\n<td class=\"-C\" style=\"width: 240.7pt; border: none windowtext 0pt;\">\n<p class=\"Normal-P\" style=\"margin-bottom: 6pt; direction: ltr; unicode-bidi: normal;\"><span class=\"Normal-H\"><span style=\"font-family: Arial; font-size: 12pt;\"><img loading=\"lazy\" decoding=\"async\" class=\"\" src=\"https:\/\/www.adrianwood.ch\/wp-content\/uploads\/2025\/06\/1750189948_image3.jpeg\" width=\"353\" height=\"235\" data-link=\"\"><\/span><\/span><\/p>\n<\/td>\n<td class=\"-C\" style=\"width: 240.7pt; border: none windowtext 0pt;\">\n<p class=\"Normal-P\" style=\"margin-bottom: 6pt; direction: ltr; unicode-bidi: normal;\"><span class=\"Normal-H\"><span style=\"font-family: Arial; font-size: 12pt;\"><img loading=\"lazy\" decoding=\"async\" class=\"\" src=\"https:\/\/www.adrianwood.ch\/wp-content\/uploads\/2025\/06\/1750189948_image4.jpeg\" width=\"353\" height=\"235\" data-link=\"\"><\/span><\/span><\/p>\n<\/td>\n<\/tr>\n<tr class=\"-R\">\n<td class=\"-C\" style=\"width: 481.4pt; border: none windowtext 0pt;\" colspan=\"2\">\n<p class=\"Normal-P\" style=\"direction: ltr; unicode-bidi: normal;\"><span class=\"Normal-H\"><span style=\"font-family: Arial; font-size: 12pt;\">Man sah hin\u00fcber auf dem unbewohnten Insel <\/span><span style=\"font-family: Arial; font-size: 12pt;\">Sazan<\/span><span style=\"font-family: Arial; font-size: 12pt;\">. Scheinbar wurde diese Insel mit Mariner-Naturpark von Ivanka Trump (die Tochter) gekauft um einen <\/span><span style=\"font-family: Arial; font-size: 12pt;\">luxus<\/span><span style=\"font-family: Arial; font-size: 12pt;\"> Ferien Ort zu bauen<\/span><span style=\"font-family: Arial; font-size: 12pt;\">. Etwas weiter N\u00f6rdlich direkt neben <\/span><span style=\"font-family: Arial; font-size: 12pt;\">ein<\/span><span style=\"font-family: Arial; font-size: 12pt;\">em anderen National Park bekommt Valora <\/span><span style=\"font-family: Arial; font-size: 12pt;\">ein neuer Flughafen<\/span><span style=\"font-family: Arial; font-size: 12pt;\">. <\/span><span style=\"font-family: Arial; font-size: 12pt;\">Noch z<\/span><span style=\"font-family: Arial; font-size: 12pt;\">wei<\/span><span style=\"font-family: Arial; font-size: 12pt;\"> Beispiel<\/span><span style=\"font-family: Arial; font-size: 12pt;\">e<\/span><span style=\"font-family: Arial; font-size: 12pt;\"> von Albanische Umweltschutz<\/span><span style=\"font-family: Arial; font-size: 12pt;\">!<\/span><\/span><\/p>\n<p class=\"Normal-P\" style=\"margin-bottom: 6pt; direction: ltr; unicode-bidi: normal;\"><span class=\"Normal-H\"><span style=\"font-family: Arial; font-size: 12pt;\">Bei dem Abendessen im Hotel wurde Dorade angeboten, sehr sch\u00f6n <\/span><span style=\"font-size: 12pt;\">\ud83d\ude0a<\/span><span style=\"font-family: Arial; font-size: 12pt;\">.<\/span><\/span><\/p>\n<\/td>\n<\/tr>\n<tr class=\"-R\">\n<td class=\"-C\" style=\"width: 240.7pt; border: none windowtext 0pt;\">\n<p class=\"Normal-P\" style=\"margin-bottom: 6pt; direction: ltr; unicode-bidi: normal;\"><span class=\"Normal-H\"><span style=\"font-family: Arial; font-size: 12pt;\"><img loading=\"lazy\" decoding=\"async\" class=\"\" src=\"https:\/\/www.adrianwood.ch\/wp-content\/uploads\/2025\/06\/1750189948_image5.jpeg\" width=\"353\" height=\"235\" data-link=\"\"><\/span><\/span><\/p>\n<\/td>\n<td class=\"-C\" style=\"width: 240.7pt; border: none windowtext 0pt;\">\n<p class=\"Normal-P\" style=\"margin-bottom: 6pt; direction: ltr; unicode-bidi: normal;\"><span class=\"Normal-H\"><span style=\"font-family: Arial; font-size: 12pt;\"><img loading=\"lazy\" decoding=\"async\" class=\"\" src=\"https:\/\/www.adrianwood.ch\/wp-content\/uploads\/2025\/06\/1750189948_image6.jpeg\" width=\"353\" height=\"235\" data-link=\"\"><\/span><\/span><\/p>\n<\/td>\n<\/tr>\n<tr class=\"-R\">\n<td class=\"-C\" style=\"width: 481.4pt; border: none windowtext 0pt;\" colspan=\"2\">\n<p class=\"Normal-P\" style=\"direction: ltr; unicode-bidi: normal;\"><span class=\"Normal-H\"><span style=\"font-family: Arial; font-size: 12pt;\">Am n\u00e4chsten Tag ben\u00fctzen wir die neue erh\u00f6hte Vlora Umfahrungsstrasse um wieder auf der Nordseite zu gelangen. Von dort hat man einen umfassenden Blick \u00fcber der ganzen Bucht und die Stadt Vlora.<\/span><\/span><\/p>\n<p class=\"Normal-P\" style=\"direction: ltr; unicode-bidi: normal;\"><span class=\"Normal-H\"><span style=\"font-family: Arial; font-size: 12pt;\">Adrian<\/span><\/span><\/p>\n<\/td>\n<\/tr>\n<p><!-- [if !supportMisalignedColumns]--><\/tbody>\n<\/table>\n<\/div>\n","protected":false},"excerpt":{"rendered":"<p>17.Mai, nach Vlora am Meer Unser Besuch in Vlora beschr\u00e4nkte sich auf einen schnellen Rundgang mit Halt bei dem Muradiye Moschee aus dem 13.Jahrhundert die interessanterweise um einiges tiefer lag als den modernen Geb\u00e4uden rings um. F\u00fcr den individuelle Mittagessen auf der Strandpromenade habe ich mich eine Dorade geg\u00f6nnt. Es ging gleich weiter die K\u00fcste &hellip; <a href=\"https:\/\/www.adrianwood.ch\/?page_id=27027\" class=\"more-link\">Continue reading <span class=\"screen-reader-text\">05-17 Vlora<\/span> <span class=\"meta-nav\">&rarr;<\/span><\/a><\/p>\n","protected":false},"author":1,"featured_media":0,"parent":26838,"menu_order":2687,"comment_status":"closed","ping_status":"closed","template":"","meta":{"ngg_post_thumbnail":0,"footnotes":""},"class_list":["post-27027","page","type-page","status-publish","hentry"],"_links":{"self":[{"href":"https:\/\/www.adrianwood.ch\/index.php?rest_route=\/wp\/v2\/pages\/27027","targetHints":{"allow":["GET"]}}],"collection":[{"href":"https:\/\/www.adrianwood.ch\/index.php?rest_route=\/wp\/v2\/pages"}],"about":[{"href":"https:\/\/www.adrianwood.ch\/index.php?rest_route=\/wp\/v2\/types\/page"}],"author":[{"embeddable":true,"href":"https:\/\/www.adrianwood.ch\/index.php?rest_route=\/wp\/v2\/users\/1"}],"replies":[{"embeddable":true,"href":"https:\/\/www.adrianwood.ch\/index.php?rest_route=%2Fwp%2Fv2%2Fcomments&post=27027"}],"version-history":[{"count":5,"href":"https:\/\/www.adrianwood.ch\/index.php?rest_route=\/wp\/v2\/pages\/27027\/revisions"}],"predecessor-version":[{"id":27063,"href":"https:\/\/www.adrianwood.ch\/index.php?rest_route=\/wp\/v2\/pages\/27027\/revisions\/27063"}],"up":[{"embeddable":true,"href":"https:\/\/www.adrianwood.ch\/index.php?rest_route=\/wp\/v2\/pages\/26838"}],"wp:attachment":[{"href":"https:\/\/www.adrianwood.ch\/index.php?rest_route=%2Fwp%2Fv2%2Fmedia&parent=27027"}],"curies":[{"name":"wp","href":"https:\/\/api.w.org\/{rel}","templated":true}]}}

<div class="pmdi_content_wrapper">
<p class="Normal-P" style="direction: ltr; unicode-bidi: normal;"><span class="Normal-H"><span style="font-family: Arial; font-weight: bold; font-size: 12pt;">17.Mai, </span><span style="font-family: Arial; font-weight: bold; font-size: 12pt;">nach </span><span style="font-family: Arial; font-weight: bold; font-size: 12pt;">Vlora</span><span style="font-family: Arial; font-weight: bold; font-size: 12pt;"> am Meer</span></span></p>
<table class="TableGrid-T" style="border-collapse: collapse;" cellspacing="0">
<tbody>
<tr class="-R">
<td class="-C" style="width: 481.4pt; border: none windowtext 0pt;" colspan="2">
<p class="Normal-P" style="margin-bottom: 6pt; direction: ltr; unicode-bidi: normal;"><span class="Normal-H"><span style="font-family: Arial; font-size: 12pt;">Unser Besuch in Vlora beschränkte sich auf einen schnellen Rundgang mit Halt bei dem Muradiye Moschee aus dem 13.Jahrhundert die interessanterweise um einiges tiefer lag als den modernen Gebäuden rings um. Für den individuelle Mittagessen auf der Strandpromenade habe ich mich eine Dorade gegönnt.</span></span></p>
</td>
</tr>
<tr class="-R">
<td class="-C" style="width: 240.7pt; border: none windowtext 0pt;">
<p class="Normal-P" style="margin-bottom: 6pt; direction: ltr; unicode-bidi: normal;"><span class="Normal-H"><span style="font-family: Arial; font-size: 12pt;"><img loading="lazy" decoding="async" class="" src="https://www.adrianwood.ch/wp-content/uploads/2025/06/1750189948_image1.jpeg" width="353" height="235" data-link=""></span></span></p>
</td>
<td class="-C" style="width: 240.7pt; border: none windowtext 0pt;">
<p class="Normal-P" style="margin-bottom: 6pt; direction: ltr; unicode-bidi: normal;"><span class="Normal-H"><span style="font-family: Arial; font-size: 12pt;"><img loading="lazy" decoding="async" class="" src="https://www.adrianwood.ch/wp-content/uploads/2025/06/1750189948_image2.jpeg" width="353" height="235" data-link=""></span></span></p>
</td>
</tr>
<tr class="-R">
<td class="-C" style="width: 481.4pt; border: none windowtext 0pt;" colspan="2">
<p class="Normal-P" style="direction: ltr; unicode-bidi: normal;"><span class="Normal-H"><span style="font-family: Arial; font-size: 12pt;">Es ging gleich weiter die Küste entlang zu unserem schön am Meer gelegenen Hotel. Leider war es etwas frisch und windig so dass niemand baden </span><span style="font-family: Arial; font-size: 12pt;">ging</span><span style="font-family: Arial; font-size: 12pt;">.</span><span style="font-family: Arial; font-size: 12pt;">Unter dem Vordach vor dem Zimmern gab es viele Schwalben die offenbar dort Niste bauen wollte</span><span style="font-family: Arial; font-size: 12pt;">.</span></span></p>
</td>
</tr>
<tr class="-R">
<td class="-C" style="width: 240.7pt; border: none windowtext 0pt;">
<p class="Normal-P" style="margin-bottom: 6pt; direction: ltr; unicode-bidi: normal;"><span class="Normal-H"><span style="font-family: Arial; font-size: 12pt;"><img loading="lazy" decoding="async" class="" src="https://www.adrianwood.ch/wp-content/uploads/2025/06/1750189948_image3.jpeg" width="353" height="235" data-link=""></span></span></p>
</td>
<td class="-C" style="width: 240.7pt; border: none windowtext 0pt;">
<p class="Normal-P" style="margin-bottom: 6pt; direction: ltr; unicode-bidi: normal;"><span class="Normal-H"><span style="font-family: Arial; font-size: 12pt;"><img loading="lazy" decoding="async" class="" src="https://www.adrianwood.ch/wp-content/uploads/2025/06/1750189948_image4.jpeg" width="353" height="235" data-link=""></span></span></p>
</td>
</tr>
<tr class="-R">
<td class="-C" style="width: 481.4pt; border: none windowtext 0pt;" colspan="2">
<p class="Normal-P" style="direction: ltr; unicode-bidi: normal;"><span class="Normal-H"><span style="font-family: Arial; font-size: 12pt;">Man sah hinüber auf dem unbewohnten Insel </span><span style="font-family: Arial; font-size: 12pt;">Sazan</span><span style="font-family: Arial; font-size: 12pt;">. Scheinbar wurde diese Insel mit Mariner-Naturpark von Ivanka Trump (die Tochter) gekauft um einen </span><span style="font-family: Arial; font-size: 12pt;">luxus</span><span style="font-family: Arial; font-size: 12pt;"> Ferien Ort zu bauen</span><span style="font-family: Arial; font-size: 12pt;">. Etwas weiter Nördlich direkt neben </span><span style="font-family: Arial; font-size: 12pt;">ein</span><span style="font-family: Arial; font-size: 12pt;">em anderen National Park bekommt Valora </span><span style="font-family: Arial; font-size: 12pt;">ein neuer Flughafen</span><span style="font-family: Arial; font-size: 12pt;">. </span><span style="font-family: Arial; font-size: 12pt;">Noch z</span><span style="font-family: Arial; font-size: 12pt;">wei</span><span style="font-family: Arial; font-size: 12pt;"> Beispiel</span><span style="font-family: Arial; font-size: 12pt;">e</span><span style="font-family: Arial; font-size: 12pt;"> von Albanische Umweltschutz</span><span style="font-family: Arial; font-size: 12pt;">!</span></span></p>
<p class="Normal-P" style="margin-bottom: 6pt; direction: ltr; unicode-bidi: normal;"><span class="Normal-H"><span style="font-family: Arial; font-size: 12pt;">Bei dem Abendessen im Hotel wurde Dorade angeboten, sehr schön </span><span style="font-size: 12pt;">😊</span><span style="font-family: Arial; font-size: 12pt;">.</span></span></p>
</td>
</tr>
<tr class="-R">
<td class="-C" style="width: 240.7pt; border: none windowtext 0pt;">
<p class="Normal-P" style="margin-bottom: 6pt; direction: ltr; unicode-bidi: normal;"><span class="Normal-H"><span style="font-family: Arial; font-size: 12pt;"><img loading="lazy" decoding="async" class="" src="https://www.adrianwood.ch/wp-content/uploads/2025/06/1750189948_image5.jpeg" width="353" height="235" data-link=""></span></span></p>
</td>
<td class="-C" style="width: 240.7pt; border: none windowtext 0pt;">
<p class="Normal-P" style="margin-bottom: 6pt; direction: ltr; unicode-bidi: normal;"><span class="Normal-H"><span style="font-family: Arial; font-size: 12pt;"><img loading="lazy" decoding="async" class="" src="https://www.adrianwood.ch/wp-content/uploads/2025/06/1750189948_image6.jpeg" width="353" height="235" data-link=""></span></span></p>
</td>
</tr>
<tr class="-R">
<td class="-C" style="width: 481.4pt; border: none windowtext 0pt;" colspan="2">
<p class="Normal-P" style="direction: ltr; unicode-bidi: normal;"><span class="Normal-H"><span style="font-family: Arial; font-size: 12pt;">Am nächsten Tag benützen wir die neue erhöhte Vlora Umfahrungsstrasse um wieder auf der Nordseite zu gelangen. Von dort hat man einen umfassenden Blick über der ganzen Bucht und die Stadt Vlora.</span></span></p>
<p class="Normal-P" style="direction: ltr; unicode-bidi: normal;"><span class="Normal-H"><span style="font-family: Arial; font-size: 12pt;">Adrian</span></span></p>
</td>
</tr>
<p><!-- [if !supportMisalignedColumns]--></tbody>
</table>
</div>

<p>17.Mai, nach Vlora am Meer Unser Besuch in Vlora beschränkte sich auf einen schnellen Rundgang mit Halt bei dem Muradiye Moschee aus dem 13.Jahrhundert die interessanterweise um einiges tiefer lag als den modernen Gebäuden rings um. Für den individuelle Mittagessen auf der Strandpromenade habe ich mich eine Dorade gegönnt. Es ging gleich weiter die Küste &hellip; <a href="https://www.adrianwood.ch/?page_id=27027" class="more-link">Continue reading <span class="screen-reader-text">05-17 Vlora</span> <span class="meta-nav">&rarr;</span></a></p>
