{"id":2816,"date":"2013-11-21T18:34:03","date_gmt":"2013-11-21T17:34:03","guid":{"rendered":"http:\/\/adrianwood.ch\/?page_id=2816"},"modified":"2017-12-11T15:19:53","modified_gmt":"2017-12-11T15:19:53","slug":"11-04-masca","status":"publish","type":"page","link":"https:\/\/www.adrianwood.ch\/?page_id=2816","title":{"rendered":"11 04 Masca"},"content":{"rendered":"<figure id=\"attachment_2817\" aria-describedby=\"caption-attachment-2817\" style=\"width: 730px\" class=\"wp-caption alignleft\"><a href=\"http:\/\/adrianwood.ch\/wp-content\/uploads\/2013\/11\/DSC_0118_r7.jpg\"><img loading=\"lazy\" decoding=\"async\" class=\"size-full wp-image-2817\" src=\"http:\/\/adrianwood.ch\/wp-content\/uploads\/2013\/11\/DSC_0118_r7.jpg\" alt=\"Im Masca Dorf\" width=\"730\" height=\"485\"><\/a><figcaption id=\"caption-attachment-2817\" class=\"wp-caption-text\">Im Masca Dorf<\/figcaption><\/figure>\n<h2 class=\"MsoNormal\" style=\"margin-bottom: 6.0pt; line-height: normal;\"><b style=\"mso-bidi-font-weight: normal;\"><span style=\"font-family: 'Times New Roman','serif'; mso-bidi-font-family: 'Times New Roman'; mso-bidi-theme-font: minor-bidi; mso-ansi-language: FR-CH;\" lang=\"FR-CH\">Montag, 4. <\/span><\/b><b style=\"mso-bidi-font-weight: normal;\"><span style=\"font-family: 'Times New Roman','serif'; mso-bidi-font-family: 'Times New Roman'; mso-bidi-theme-font: minor-bidi; mso-ansi-language: DE;\" lang=\"DE\">November,<span style=\"mso-spacerun: yes;\"> <\/span>Wanderung durch die Masca-Schlucht<\/span><\/b><\/h2>\n<p style=\"text-align: justify;\">Vom idyllisch gelegenen Bergdorf Masca ging es mit der Wanderstab Gruppe, nach dem Hinfahrt mit einem privatem Bus, durch die legend\u00e4re Schlucht hinunter zum Meer. Abenteuerlich und steinig ist der Weg &#8211; eindrucksvoll und gewaltig die \u00fcberh\u00e4ngenden Steilw\u00e4nde. Von der Playa de Masca brachte uns ein Boot hinaus aufs Meer zu den Delphinen, die sich hier vor der gigantischen Steilk\u00fcste beobachten lassen. Unsere Bootsfahrt endete an der Westk\u00fcste im Hafen von Los Gigantes. ngg_shortcode_0_placeholder<\/p>\n<figure id=\"attachment_2820\" aria-describedby=\"caption-attachment-2820\" style=\"width: 858px\" class=\"wp-caption alignleft\"><a href=\"http:\/\/adrianwood.ch\/wp-content\/uploads\/2013\/11\/M4-Masca-1_r8.jpg\"><img loading=\"lazy\" decoding=\"async\" class=\"size-full wp-image-2820\" src=\"http:\/\/adrianwood.ch\/wp-content\/uploads\/2013\/11\/M4-Masca-1_r8.jpg\" alt=\"Westliche Teno Gebirge\" width=\"858\" height=\"1004\"><\/a><figcaption id=\"caption-attachment-2820\" class=\"wp-caption-text\">Westliche Teno Gebirge<\/figcaption><\/figure>\n","protected":false},"excerpt":{"rendered":"<p>Montag, 4. November, Wanderung durch die Masca-Schlucht Vom idyllisch gelegenen Bergdorf Masca ging es mit der Wanderstab Gruppe, nach dem Hinfahrt mit einem privatem Bus, durch die legend\u00e4re Schlucht hinunter zum Meer. Abenteuerlich und steinig ist der Weg &#8211; eindrucksvoll und gewaltig die \u00fcberh\u00e4ngenden Steilw\u00e4nde. Von der Playa de Masca brachte uns ein Boot hinaus &hellip; <a href=\"https:\/\/www.adrianwood.ch\/?page_id=2816\" class=\"more-link\">Continue reading <span class=\"screen-reader-text\">11 04 Masca<\/span> <span class=\"meta-nav\">&rarr;<\/span><\/a><\/p>\n","protected":false},"author":1,"featured_media":0,"parent":2804,"menu_order":4934,"comment_status":"closed","ping_status":"closed","template":"","meta":{"ngg_post_thumbnail":0,"footnotes":""},"class_list":["post-2816","page","type-page","status-publish","hentry"],"_links":{"self":[{"href":"https:\/\/www.adrianwood.ch\/index.php?rest_route=\/wp\/v2\/pages\/2816","targetHints":{"allow":["GET"]}}],"collection":[{"href":"https:\/\/www.adrianwood.ch\/index.php?rest_route=\/wp\/v2\/pages"}],"about":[{"href":"https:\/\/www.adrianwood.ch\/index.php?rest_route=\/wp\/v2\/types\/page"}],"author":[{"embeddable":true,"href":"https:\/\/www.adrianwood.ch\/index.php?rest_route=\/wp\/v2\/users\/1"}],"replies":[{"embeddable":true,"href":"https:\/\/www.adrianwood.ch\/index.php?rest_route=%2Fwp%2Fv2%2Fcomments&post=2816"}],"version-history":[{"count":2,"href":"https:\/\/www.adrianwood.ch\/index.php?rest_route=\/wp\/v2\/pages\/2816\/revisions"}],"predecessor-version":[{"id":15084,"href":"https:\/\/www.adrianwood.ch\/index.php?rest_route=\/wp\/v2\/pages\/2816\/revisions\/15084"}],"up":[{"embeddable":true,"href":"https:\/\/www.adrianwood.ch\/index.php?rest_route=\/wp\/v2\/pages\/2804"}],"wp:attachment":[{"href":"https:\/\/www.adrianwood.ch\/index.php?rest_route=%2Fwp%2Fv2%2Fmedia&parent=2816"}],"curies":[{"name":"wp","href":"https:\/\/api.w.org\/{rel}","templated":true}]}}

<figure id="attachment_2817" aria-describedby="caption-attachment-2817" style="width: 730px" class="wp-caption alignleft"><a href="http://adrianwood.ch/wp-content/uploads/2013/11/DSC_0118_r7.jpg"><img loading="lazy" decoding="async" class="size-full wp-image-2817" src="http://adrianwood.ch/wp-content/uploads/2013/11/DSC_0118_r7.jpg" alt="Im Masca Dorf" width="730" height="485"></a><figcaption id="caption-attachment-2817" class="wp-caption-text">Im Masca Dorf</figcaption></figure>
<h2 class="MsoNormal" style="margin-bottom: 6.0pt; line-height: normal;"><b style="mso-bidi-font-weight: normal;"><span style="font-family: 'Times New Roman','serif'; mso-bidi-font-family: 'Times New Roman'; mso-bidi-theme-font: minor-bidi; mso-ansi-language: FR-CH;" lang="FR-CH">Montag, 4. </span></b><b style="mso-bidi-font-weight: normal;"><span style="font-family: 'Times New Roman','serif'; mso-bidi-font-family: 'Times New Roman'; mso-bidi-theme-font: minor-bidi; mso-ansi-language: DE;" lang="DE">November,<span style="mso-spacerun: yes;"> </span>Wanderung durch die Masca-Schlucht</span></b></h2>
<p style="text-align: justify;">Vom idyllisch gelegenen Bergdorf Masca ging es mit der Wanderstab Gruppe, nach dem Hinfahrt mit einem privatem Bus, durch die legendäre Schlucht hinunter zum Meer. Abenteuerlich und steinig ist der Weg &#8211; eindrucksvoll und gewaltig die überhängenden Steilwände. Von der Playa de Masca brachte uns ein Boot hinaus aufs Meer zu den Delphinen, die sich hier vor der gigantischen Steilküste beobachten lassen. Unsere Bootsfahrt endete an der Westküste im Hafen von Los Gigantes. ngg_shortcode_0_placeholder</p>
<figure id="attachment_2820" aria-describedby="caption-attachment-2820" style="width: 858px" class="wp-caption alignleft"><a href="http://adrianwood.ch/wp-content/uploads/2013/11/M4-Masca-1_r8.jpg"><img loading="lazy" decoding="async" class="size-full wp-image-2820" src="http://adrianwood.ch/wp-content/uploads/2013/11/M4-Masca-1_r8.jpg" alt="Westliche Teno Gebirge" width="858" height="1004"></a><figcaption id="caption-attachment-2820" class="wp-caption-text">Westliche Teno Gebirge</figcaption></figure>

<p>Montag, 4. November, Wanderung durch die Masca-Schlucht Vom idyllisch gelegenen Bergdorf Masca ging es mit der Wanderstab Gruppe, nach dem Hinfahrt mit einem privatem Bus, durch die legendäre Schlucht hinunter zum Meer. Abenteuerlich und steinig ist der Weg &#8211; eindrucksvoll und gewaltig die überhängenden Steilwände. Von der Playa de Masca brachte uns ein Boot hinaus &hellip; <a href="https://www.adrianwood.ch/?page_id=2816" class="more-link">Continue reading <span class="screen-reader-text">11 04 Masca</span> <span class="meta-nav">&rarr;</span></a></p>
