{"id":2823,"date":"2013-11-21T18:58:58","date_gmt":"2013-11-21T17:58:58","guid":{"rendered":"http:\/\/adrianwood.ch\/?page_id=2823"},"modified":"2017-12-11T15:14:05","modified_gmt":"2017-12-11T15:14:05","slug":"11-05-orotava","status":"publish","type":"page","link":"https:\/\/www.adrianwood.ch\/?page_id=2823","title":{"rendered":"11 05 Orotava"},"content":{"rendered":"<figure id=\"attachment_2824\" aria-describedby=\"caption-attachment-2824\" style=\"width: 730px\" class=\"wp-caption alignleft\"><a href=\"http:\/\/adrianwood.ch\/wp-content\/uploads\/2013\/11\/DSC_0237_r7.jpg\"><img loading=\"lazy\" decoding=\"async\" class=\"size-full wp-image-2824\" src=\"http:\/\/adrianwood.ch\/wp-content\/uploads\/2013\/11\/DSC_0237_r7.jpg\" alt=\"Organos-Hohenweg mit Blick auf den Teide\" width=\"730\" height=\"485\"><\/a><figcaption id=\"caption-attachment-2824\" class=\"wp-caption-text\">Organos-Hohenweg mit Blick auf den Teide<\/figcaption><\/figure>\n<h2><b style=\"mso-bidi-font-weight: normal;\"><span style=\"font-family: 'Times New Roman','serif'; mso-bidi-font-family: 'Times New Roman'; mso-bidi-theme-font: minor-bidi; mso-ansi-language: DE;\" lang=\"DE\">Dienstag, 5. November,<span style=\"mso-spacerun: yes;\"> <\/span>H\u00f6henwanderung im Orotava-Tal<\/span><\/b><\/h2>\n<p>Fahrt nach Aquamansa und Wanderung mit meine zwei Begleiterinnen durch den weiten Kiefernwald des von Humboldt so gepriesenen Orotava-Tals. Ein aussichtsreicher und botanisch interessanter H\u00f6hensteig f\u00fchrte uns dicht an den Felsw\u00e4nden des oberen Tals entlang. Immer wieder gaben die Pinien den Blick frei auf den Pico del Teide oder die Ortschaft Orotava und der Nordk\u00fcste. Die Orgelpfeifen-Felsen sind am besten vom unteren Teil des Weges zu sehen. Im Anschluss liessen wir den Tag in einer Waldbar gem\u00fctlich ausklingen. ngg_shortcode_0_placeholder<\/p>\n<p><a href=\"http:\/\/adrianwood.ch\/wp-content\/uploads\/2013\/11\/M5-Orotava-1_r8.jpg\"><img loading=\"lazy\" decoding=\"async\" class=\"size-full wp-image-2826\" src=\"http:\/\/adrianwood.ch\/wp-content\/uploads\/2013\/11\/M5-Orotava-1_r8.jpg\" alt=\"Orotava Tal\" width=\"858\" height=\"807\"><\/a><\/p>\n<p>Orotava Tal<\/p>\n","protected":false},"excerpt":{"rendered":"<p>Dienstag, 5. November, H\u00f6henwanderung im Orotava-Tal Fahrt nach Aquamansa und Wanderung mit meine zwei Begleiterinnen durch den weiten Kiefernwald des von Humboldt so gepriesenen Orotava-Tals. Ein aussichtsreicher und botanisch interessanter H\u00f6hensteig f\u00fchrte uns dicht an den Felsw\u00e4nden des oberen Tals entlang. Immer wieder gaben die Pinien den Blick frei auf den Pico del Teide oder &hellip; <a href=\"https:\/\/www.adrianwood.ch\/?page_id=2823\" class=\"more-link\">Continue reading <span class=\"screen-reader-text\">11 05 Orotava<\/span> <span class=\"meta-nav\">&rarr;<\/span><\/a><\/p>\n","protected":false},"author":1,"featured_media":0,"parent":2804,"menu_order":4935,"comment_status":"closed","ping_status":"closed","template":"","meta":{"ngg_post_thumbnail":0,"footnotes":""},"class_list":["post-2823","page","type-page","status-publish","hentry"],"_links":{"self":[{"href":"https:\/\/www.adrianwood.ch\/index.php?rest_route=\/wp\/v2\/pages\/2823","targetHints":{"allow":["GET"]}}],"collection":[{"href":"https:\/\/www.adrianwood.ch\/index.php?rest_route=\/wp\/v2\/pages"}],"about":[{"href":"https:\/\/www.adrianwood.ch\/index.php?rest_route=\/wp\/v2\/types\/page"}],"author":[{"embeddable":true,"href":"https:\/\/www.adrianwood.ch\/index.php?rest_route=\/wp\/v2\/users\/1"}],"replies":[{"embeddable":true,"href":"https:\/\/www.adrianwood.ch\/index.php?rest_route=%2Fwp%2Fv2%2Fcomments&post=2823"}],"version-history":[{"count":2,"href":"https:\/\/www.adrianwood.ch\/index.php?rest_route=\/wp\/v2\/pages\/2823\/revisions"}],"predecessor-version":[{"id":15080,"href":"https:\/\/www.adrianwood.ch\/index.php?rest_route=\/wp\/v2\/pages\/2823\/revisions\/15080"}],"up":[{"embeddable":true,"href":"https:\/\/www.adrianwood.ch\/index.php?rest_route=\/wp\/v2\/pages\/2804"}],"wp:attachment":[{"href":"https:\/\/www.adrianwood.ch\/index.php?rest_route=%2Fwp%2Fv2%2Fmedia&parent=2823"}],"curies":[{"name":"wp","href":"https:\/\/api.w.org\/{rel}","templated":true}]}}

<figure id="attachment_2824" aria-describedby="caption-attachment-2824" style="width: 730px" class="wp-caption alignleft"><a href="http://adrianwood.ch/wp-content/uploads/2013/11/DSC_0237_r7.jpg"><img loading="lazy" decoding="async" class="size-full wp-image-2824" src="http://adrianwood.ch/wp-content/uploads/2013/11/DSC_0237_r7.jpg" alt="Organos-Hohenweg mit Blick auf den Teide" width="730" height="485"></a><figcaption id="caption-attachment-2824" class="wp-caption-text">Organos-Hohenweg mit Blick auf den Teide</figcaption></figure>
<h2><b style="mso-bidi-font-weight: normal;"><span style="font-family: 'Times New Roman','serif'; mso-bidi-font-family: 'Times New Roman'; mso-bidi-theme-font: minor-bidi; mso-ansi-language: DE;" lang="DE">Dienstag, 5. November,<span style="mso-spacerun: yes;"> </span>Höhenwanderung im Orotava-Tal</span></b></h2>
<p>Fahrt nach Aquamansa und Wanderung mit meine zwei Begleiterinnen durch den weiten Kiefernwald des von Humboldt so gepriesenen Orotava-Tals. Ein aussichtsreicher und botanisch interessanter Höhensteig führte uns dicht an den Felswänden des oberen Tals entlang. Immer wieder gaben die Pinien den Blick frei auf den Pico del Teide oder die Ortschaft Orotava und der Nordküste. Die Orgelpfeifen-Felsen sind am besten vom unteren Teil des Weges zu sehen. Im Anschluss liessen wir den Tag in einer Waldbar gemütlich ausklingen. ngg_shortcode_0_placeholder</p>
<p><a href="http://adrianwood.ch/wp-content/uploads/2013/11/M5-Orotava-1_r8.jpg"><img loading="lazy" decoding="async" class="size-full wp-image-2826" src="http://adrianwood.ch/wp-content/uploads/2013/11/M5-Orotava-1_r8.jpg" alt="Orotava Tal" width="858" height="807"></a></p>
<p>Orotava Tal</p>

<p>Dienstag, 5. November, Höhenwanderung im Orotava-Tal Fahrt nach Aquamansa und Wanderung mit meine zwei Begleiterinnen durch den weiten Kiefernwald des von Humboldt so gepriesenen Orotava-Tals. Ein aussichtsreicher und botanisch interessanter Höhensteig führte uns dicht an den Felswänden des oberen Tals entlang. Immer wieder gaben die Pinien den Blick frei auf den Pico del Teide oder &hellip; <a href="https://www.adrianwood.ch/?page_id=2823" class="more-link">Continue reading <span class="screen-reader-text">11 05 Orotava</span> <span class="meta-nav">&rarr;</span></a></p>
