{"id":2836,"date":"2013-11-21T20:39:49","date_gmt":"2013-11-21T19:39:49","guid":{"rendered":"http:\/\/adrianwood.ch\/?page_id=2836"},"modified":"2017-12-11T15:17:18","modified_gmt":"2017-12-11T15:17:18","slug":"11-07-canadas","status":"publish","type":"page","link":"https:\/\/www.adrianwood.ch\/?page_id=2836","title":{"rendered":"11 07 Canadas"},"content":{"rendered":"<figure id=\"attachment_2837\" aria-describedby=\"caption-attachment-2837\" style=\"width: 730px\" class=\"wp-caption alignleft\"><a href=\"http:\/\/adrianwood.ch\/wp-content\/uploads\/2013\/11\/DSC_0414_s2_r7.jpg\"><img loading=\"lazy\" decoding=\"async\" class=\"size-full wp-image-2837\" src=\"http:\/\/adrianwood.ch\/wp-content\/uploads\/2013\/11\/DSC_0414_s2_r7.jpg\" alt=\"Auf den Gipfel von Guajara 2716m\" width=\"730\" height=\"485\"><\/a><figcaption id=\"caption-attachment-2837\" class=\"wp-caption-text\">Auf den Gipfel von Guajara 2716m<\/figcaption><\/figure>\n<h2 class=\"MsoNormal\" style=\"margin-bottom: 6.0pt; line-height: normal;\"><b style=\"mso-bidi-font-weight: normal;\"><span style=\"font-family: 'Times New Roman','serif'; mso-bidi-font-family: 'Times New Roman'; mso-bidi-theme-font: minor-bidi; mso-ansi-language: DE;\" lang=\"DE\">Donnerstag, 7.November, Guajararunde<\/span><\/b><\/h2>\n<p class=\"MsoNormal\" style=\"margin-bottom: 6.0pt; line-height: normal;\">Am diesem Tag genoss ich die pers\u00f6nliche Begleitung die erfahrenen ortskundige Wanderleiterin, und wir bestiegen die m\u00e4chtigste Erhebung der Caldera-Randberge, die Monta\u00f1a de Guajajra mit 2718 m. Der Tag fing aber mit einer \u00dcberraschung an, weil unsere gew\u00e4hlte Route anscheinend geschlossen wurde und die Wegweiser entfernt wurden! Trotzdem nahmen wir den anspruchsvollen Weg den mit leichter Blockkletterei zwischen Felsw\u00e4nden und \u00fcber einen breiten Grat auf den Gipfel f\u00fchrte. Hier bekommt man grandiose Ausblicke auf die Lavalandschaft der Ca\u00f1adas, den Teide und bis nach Gran Canaria. Abstieg auf einfacher aber ger\u00f6llhaltiger Route. ngg_shortcode_0_placeholder<\/p>\n<figure id=\"attachment_2839\" aria-describedby=\"caption-attachment-2839\" style=\"width: 858px\" class=\"wp-caption alignleft\"><a href=\"http:\/\/adrianwood.ch\/wp-content\/uploads\/2013\/11\/M7-Canadas-2_r8.jpg\"><img loading=\"lazy\" decoding=\"async\" class=\"size-full wp-image-2839\" src=\"http:\/\/adrianwood.ch\/wp-content\/uploads\/2013\/11\/M7-Canadas-2_r8.jpg\" alt=\"Parque Nacional del Teide\" width=\"858\" height=\"664\"><\/a><figcaption id=\"caption-attachment-2839\" class=\"wp-caption-text\">Parque Nacional del Teide<\/figcaption><\/figure>\n","protected":false},"excerpt":{"rendered":"<p>Donnerstag, 7.November, Guajararunde Am diesem Tag genoss ich die pers\u00f6nliche Begleitung die erfahrenen ortskundige Wanderleiterin, und wir bestiegen die m\u00e4chtigste Erhebung der Caldera-Randberge, die Monta\u00f1a de Guajajra mit 2718 m. Der Tag fing aber mit einer \u00dcberraschung an, weil unsere gew\u00e4hlte Route anscheinend geschlossen wurde und die Wegweiser entfernt wurden! Trotzdem nahmen wir den anspruchsvollen &hellip; <a href=\"https:\/\/www.adrianwood.ch\/?page_id=2836\" class=\"more-link\">Continue reading <span class=\"screen-reader-text\">11 07 Canadas<\/span> <span class=\"meta-nav\">&rarr;<\/span><\/a><\/p>\n","protected":false},"author":1,"featured_media":0,"parent":2804,"menu_order":4937,"comment_status":"closed","ping_status":"closed","template":"","meta":{"ngg_post_thumbnail":0,"footnotes":""},"class_list":["post-2836","page","type-page","status-publish","hentry"],"_links":{"self":[{"href":"https:\/\/www.adrianwood.ch\/index.php?rest_route=\/wp\/v2\/pages\/2836","targetHints":{"allow":["GET"]}}],"collection":[{"href":"https:\/\/www.adrianwood.ch\/index.php?rest_route=\/wp\/v2\/pages"}],"about":[{"href":"https:\/\/www.adrianwood.ch\/index.php?rest_route=\/wp\/v2\/types\/page"}],"author":[{"embeddable":true,"href":"https:\/\/www.adrianwood.ch\/index.php?rest_route=\/wp\/v2\/users\/1"}],"replies":[{"embeddable":true,"href":"https:\/\/www.adrianwood.ch\/index.php?rest_route=%2Fwp%2Fv2%2Fcomments&post=2836"}],"version-history":[{"count":2,"href":"https:\/\/www.adrianwood.ch\/index.php?rest_route=\/wp\/v2\/pages\/2836\/revisions"}],"predecessor-version":[{"id":15081,"href":"https:\/\/www.adrianwood.ch\/index.php?rest_route=\/wp\/v2\/pages\/2836\/revisions\/15081"}],"up":[{"embeddable":true,"href":"https:\/\/www.adrianwood.ch\/index.php?rest_route=\/wp\/v2\/pages\/2804"}],"wp:attachment":[{"href":"https:\/\/www.adrianwood.ch\/index.php?rest_route=%2Fwp%2Fv2%2Fmedia&parent=2836"}],"curies":[{"name":"wp","href":"https:\/\/api.w.org\/{rel}","templated":true}]}}