{"id":2842,"date":"2013-11-21T21:01:07","date_gmt":"2013-11-21T20:01:07","guid":{"rendered":"http:\/\/adrianwood.ch\/?page_id=2842"},"modified":"2013-11-21T21:01:07","modified_gmt":"2013-11-21T20:01:07","slug":"11-08-teno","status":"publish","type":"page","link":"https:\/\/www.adrianwood.ch\/?page_id=2842","title":{"rendered":"11 08 Teno"},"content":{"rendered":"<figure id=\"attachment_2843\" aria-describedby=\"caption-attachment-2843\" style=\"width: 730px\" class=\"wp-caption alignleft\"><a href=\"http:\/\/adrianwood.ch\/wp-content\/uploads\/2013\/11\/DSC_0516_r7.jpg\"><img loading=\"lazy\" decoding=\"async\" class=\"size-full wp-image-2843\" src=\"http:\/\/adrianwood.ch\/wp-content\/uploads\/2013\/11\/DSC_0516_r7.jpg\" alt=\"Barranco Seco\" width=\"730\" height=\"485\" \/><\/a><figcaption id=\"caption-attachment-2843\" class=\"wp-caption-text\">Barranco Seco<\/figcaption><\/figure>\n<h2 class=\"MsoNormal\" style=\"margin-bottom: 6.0pt; line-height: normal;\"><b style=\"mso-bidi-font-weight: normal;\"><span lang=\"DE\" style=\"font-family: 'Times New Roman','serif'; mso-bidi-font-family: 'Times New Roman'; mso-bidi-theme-font: minor-bidi; mso-ansi-language: DE;\">Freitag, 8. November, Teno-Gebirge<\/span><\/b><\/h2>\n<p style=\"text-align: justify;\">Wir schlossen uns ein zweites Mal der Wanderstab Gruppe an und nahmen den \u00f6ffentlichem Bus \u00fcber die Wetterscheide des Teno Gebirges um dem Nebel zu entkommen. Die Wanderung f\u00fchrte von El Molledo durch das Tal von Santiago del Teide und auf einem aussichtsreichen Kammweg mit beeindr\u00fcckender Aussicht in den Barranco Seco.\u00a0Auf der R\u00fcckfahrt besuchten wir Icod de los Vinas mit seinem prachtvollen tausendj\u00e4hrigen (im Wirklichkeit ca 350-400 Jahre) alten Drachenbaum. Dort kehrten wir in einer kleinen Bodega ein. ngg_shortcode_0_placeholder<\/p>\n<figure id=\"attachment_2845\" aria-describedby=\"caption-attachment-2845\" style=\"width: 858px\" class=\"wp-caption alignleft\"><a href=\"http:\/\/adrianwood.ch\/wp-content\/uploads\/2013\/11\/M8-Teno-1_r8.jpg\"><img loading=\"lazy\" decoding=\"async\" class=\"size-full wp-image-2845\" src=\"http:\/\/adrianwood.ch\/wp-content\/uploads\/2013\/11\/M8-Teno-1_r8.jpg\" alt=\"Teno Gebirge und Icod de los Vinos\" width=\"858\" height=\"570\" \/><\/a><figcaption id=\"caption-attachment-2845\" class=\"wp-caption-text\">Teno Gebirge und Icod de los Vinos<\/figcaption><\/figure>\n","protected":false},"excerpt":{"rendered":"<p>Freitag, 8. November, Teno-Gebirge Wir schlossen uns ein zweites Mal der Wanderstab Gruppe an und nahmen den \u00f6ffentlichem Bus \u00fcber die Wetterscheide des Teno Gebirges um dem Nebel zu entkommen. Die Wanderung f\u00fchrte von El Molledo durch das Tal von Santiago del Teide und auf einem aussichtsreichen Kammweg mit beeindr\u00fcckender Aussicht in den Barranco Seco.\u00a0Auf &hellip; <a href=\"https:\/\/www.adrianwood.ch\/?page_id=2842\" class=\"more-link\">Continue reading <span class=\"screen-reader-text\">11 08 Teno<\/span> <span class=\"meta-nav\">&rarr;<\/span><\/a><\/p>\n","protected":false},"author":1,"featured_media":0,"parent":2804,"menu_order":4938,"comment_status":"closed","ping_status":"closed","template":"","meta":{"ngg_post_thumbnail":0,"footnotes":""},"class_list":["post-2842","page","type-page","status-publish","hentry"],"_links":{"self":[{"href":"https:\/\/www.adrianwood.ch\/index.php?rest_route=\/wp\/v2\/pages\/2842","targetHints":{"allow":["GET"]}}],"collection":[{"href":"https:\/\/www.adrianwood.ch\/index.php?rest_route=\/wp\/v2\/pages"}],"about":[{"href":"https:\/\/www.adrianwood.ch\/index.php?rest_route=\/wp\/v2\/types\/page"}],"author":[{"embeddable":true,"href":"https:\/\/www.adrianwood.ch\/index.php?rest_route=\/wp\/v2\/users\/1"}],"replies":[{"embeddable":true,"href":"https:\/\/www.adrianwood.ch\/index.php?rest_route=%2Fwp%2Fv2%2Fcomments&post=2842"}],"version-history":[{"count":0,"href":"https:\/\/www.adrianwood.ch\/index.php?rest_route=\/wp\/v2\/pages\/2842\/revisions"}],"up":[{"embeddable":true,"href":"https:\/\/www.adrianwood.ch\/index.php?rest_route=\/wp\/v2\/pages\/2804"}],"wp:attachment":[{"href":"https:\/\/www.adrianwood.ch\/index.php?rest_route=%2Fwp%2Fv2%2Fmedia&parent=2842"}],"curies":[{"name":"wp","href":"https:\/\/api.w.org\/{rel}","templated":true}]}}

<figure id="attachment_2843" aria-describedby="caption-attachment-2843" style="width: 730px" class="wp-caption alignleft"><a href="http://adrianwood.ch/wp-content/uploads/2013/11/DSC_0516_r7.jpg"><img loading="lazy" decoding="async" class="size-full wp-image-2843" src="http://adrianwood.ch/wp-content/uploads/2013/11/DSC_0516_r7.jpg" alt="Barranco Seco" width="730" height="485" /></a><figcaption id="caption-attachment-2843" class="wp-caption-text">Barranco Seco</figcaption></figure>
<h2 class="MsoNormal" style="margin-bottom: 6.0pt; line-height: normal;"><b style="mso-bidi-font-weight: normal;"><span lang="DE" style="font-family: 'Times New Roman','serif'; mso-bidi-font-family: 'Times New Roman'; mso-bidi-theme-font: minor-bidi; mso-ansi-language: DE;">Freitag, 8. November, Teno-Gebirge</span></b></h2>
<p style="text-align: justify;">Wir schlossen uns ein zweites Mal der Wanderstab Gruppe an und nahmen den öffentlichem Bus über die Wetterscheide des Teno Gebirges um dem Nebel zu entkommen. Die Wanderung führte von El Molledo durch das Tal von Santiago del Teide und auf einem aussichtsreichen Kammweg mit beeindrückender Aussicht in den Barranco Seco. Auf der Rückfahrt besuchten wir Icod de los Vinas mit seinem prachtvollen tausendjährigen (im Wirklichkeit ca 350-400 Jahre) alten Drachenbaum. Dort kehrten wir in einer kleinen Bodega ein. ngg_shortcode_0_placeholder</p>
<figure id="attachment_2845" aria-describedby="caption-attachment-2845" style="width: 858px" class="wp-caption alignleft"><a href="http://adrianwood.ch/wp-content/uploads/2013/11/M8-Teno-1_r8.jpg"><img loading="lazy" decoding="async" class="size-full wp-image-2845" src="http://adrianwood.ch/wp-content/uploads/2013/11/M8-Teno-1_r8.jpg" alt="Teno Gebirge und Icod de los Vinos" width="858" height="570" /></a><figcaption id="caption-attachment-2845" class="wp-caption-text">Teno Gebirge und Icod de los Vinos</figcaption></figure>

<p>Freitag, 8. November, Teno-Gebirge Wir schlossen uns ein zweites Mal der Wanderstab Gruppe an und nahmen den öffentlichem Bus über die Wetterscheide des Teno Gebirges um dem Nebel zu entkommen. Die Wanderung führte von El Molledo durch das Tal von Santiago del Teide und auf einem aussichtsreichen Kammweg mit beeindrückender Aussicht in den Barranco Seco. Auf &hellip; <a href="https://www.adrianwood.ch/?page_id=2842" class="more-link">Continue reading <span class="screen-reader-text">11 08 Teno</span> <span class="meta-nav">&rarr;</span></a></p>
