{"id":2919,"date":"2014-01-04T18:09:48","date_gmt":"2014-01-04T17:09:48","guid":{"rendered":"http:\/\/adrianwood.ch\/?page_id=2919"},"modified":"2014-01-04T18:09:48","modified_gmt":"2014-01-04T17:09:48","slug":"08-05-cevio","status":"publish","type":"page","link":"https:\/\/www.adrianwood.ch\/?page_id=2919","title":{"rendered":"08-05 Cevio"},"content":{"rendered":"<table border=\"0\" cellspacing=\"0\" cellpadding=\"0\">\n<tbody>\n<tr>\n<td colspan=\"2\" valign=\"top\" width=\"821\"><b>Sonntag, 5.August, Capanna d\u2018Alzasca \u2013 Cevio<\/b><\/td>\n<\/tr>\n<tr>\n<td valign=\"top\" width=\"408\">\u00a0<img decoding=\"async\" class=\"ngg-singlepic ngg-none\" alt=\"image075_r3\" src=\"http:\/\/adrianwood.ch\/wp-content\/gallery\/onsernone07\/image075_r3.jpg\" \/><\/td>\n<td valign=\"top\" width=\"414\">\u00a0<img decoding=\"async\" class=\"ngg-singlepic ngg-none\" alt=\"image077_r3\" src=\"http:\/\/adrianwood.ch\/wp-content\/gallery\/onsernone07\/image077_r3.jpg\" \/><\/td>\n<\/tr>\n<tr>\n<td valign=\"top\" width=\"408\">Am n\u00e4chsten morgen ist alles tr\u00fcbe und nass aber es regnet gerade nicht. Trotzdem verzichten wir auf der Ueberschreitung der Bochetta di Cansgei und den Lago di Sascola und nehmen den direkteren weg nach Cevio.<\/p>\n<p>Von der Capanna d\u2019Alzasca 1760m aus umrunden wir auf dem mit Tannen durchsetzten Alpgel\u00e4nde den Grat vom Pizzo d\u2019Alzasca und Scima di M\u00fczz. Dabei kommt uns fast geh\u00f6rntes Vieh in die Quere. Das laute Gebr\u00fcll l\u00e4sst uns schneller vorw\u00e4rtsgehen. Nach einem kurzen Aufstieg wechseln wir auf die andere Talseite. Es geht auf glitschigen Pfaden teils durch hohes Gras, teils durch Wald steil hinunter.<\/td>\n<td valign=\"top\" width=\"414\">\u00a0<img decoding=\"async\" class=\"ngg-singlepic ngg-none\" alt=\"image079_r3\" src=\"http:\/\/adrianwood.ch\/wp-content\/gallery\/onsernone07\/image079_r3.jpg\" \/><\/td>\n<\/tr>\n<tr>\n<td valign=\"top\" width=\"408\">\u00a0<img decoding=\"async\" class=\"ngg-singlepic ngg-none\" alt=\"image081_r3\" src=\"http:\/\/adrianwood.ch\/wp-content\/gallery\/onsernone07\/image081_r3.jpg\" \/><\/td>\n<td valign=\"top\" width=\"414\">\u00a0<img decoding=\"async\" class=\"ngg-singlepic ngg-none\" alt=\"image083_r3\" src=\"http:\/\/adrianwood.ch\/wp-content\/gallery\/onsernone07\/image083_r3.jpg\" \/><\/td>\n<\/tr>\n<tr>\n<td valign=\"top\" width=\"408\">&nbsp;<\/p>\n<p>Irgendwann erreichen wir eine erste Lichtung mit einem Stalle. Sp\u00e4ter kommen wir in den alten Weiler Valle, wo wir einen Unterstand vor dem Regen finden. Zwei M\u00e4nner laden uns auf ihre gedeckte Terrasse und in die K\u00fcche ein. Sie offerieren uns sogar Kaffee. Dann geht es im str\u00f6menden Regen endlos weiter hinunter auf den sich fast zu B\u00e4chen verwandelnden Wegen. Vor Cevio h\u00f6rt der Regen endlich auf. Aber wir sind alle patschnass.<\/td>\n<td valign=\"top\" width=\"414\">\u00a0<img decoding=\"async\" class=\"ngg-singlepic ngg-none\" alt=\"image085_r3\" src=\"http:\/\/adrianwood.ch\/wp-content\/gallery\/onsernone07\/image085_r3.jpg\" \/><\/td>\n<\/tr>\n<tr>\n<td valign=\"top\" width=\"408\">\u00a0<img decoding=\"async\" class=\"ngg-singlepic ngg-none\" alt=\"image087_r3\" src=\"http:\/\/adrianwood.ch\/wp-content\/gallery\/onsernone07\/image087_r3.jpg\" \/><\/td>\n<td valign=\"top\" width=\"414\">&nbsp;<\/p>\n<p>Wir sind um 8.00 oben von der Capanna losgelaufen und sind um 14.00 in Cevio angekommen. Bei wieder sch\u00f6nem Wetter fahren wir nach Locarno und nehmen den Zug nach Bellenzona und dann nach Basel. Auf der Gotthard Nordseite ist es eher tr\u00fcbe und nass.<\/p>\n<p>Marianne<\/td>\n<\/tr>\n<\/tbody>\n<\/table>\n<p>&nbsp;<\/p>\n<p>&nbsp;<\/p>\n<p>&nbsp;<\/p>\n<p>&nbsp;<\/p>\n<p>&nbsp;<\/p>\n","protected":false},"excerpt":{"rendered":"<p>Sonntag, 5.August, Capanna d\u2018Alzasca \u2013 Cevio \u00a0 \u00a0 Am n\u00e4chsten morgen ist alles tr\u00fcbe und nass aber es regnet gerade nicht. Trotzdem verzichten wir auf der Ueberschreitung der Bochetta di Cansgei und den Lago di Sascola und nehmen den direkteren weg nach Cevio. Von der Capanna d\u2019Alzasca 1760m aus umrunden wir auf dem mit Tannen &hellip; <a href=\"https:\/\/www.adrianwood.ch\/?page_id=2919\" class=\"more-link\">Continue reading <span class=\"screen-reader-text\">08-05 Cevio<\/span> <span class=\"meta-nav\">&rarr;<\/span><\/a><\/p>\n","protected":false},"author":1,"featured_media":0,"parent":2890,"menu_order":1567,"comment_status":"closed","ping_status":"closed","template":"","meta":{"ngg_post_thumbnail":0,"footnotes":""},"class_list":["post-2919","page","type-page","status-publish","hentry"],"_links":{"self":[{"href":"https:\/\/www.adrianwood.ch\/index.php?rest_route=\/wp\/v2\/pages\/2919","targetHints":{"allow":["GET"]}}],"collection":[{"href":"https:\/\/www.adrianwood.ch\/index.php?rest_route=\/wp\/v2\/pages"}],"about":[{"href":"https:\/\/www.adrianwood.ch\/index.php?rest_route=\/wp\/v2\/types\/page"}],"author":[{"embeddable":true,"href":"https:\/\/www.adrianwood.ch\/index.php?rest_route=\/wp\/v2\/users\/1"}],"replies":[{"embeddable":true,"href":"https:\/\/www.adrianwood.ch\/index.php?rest_route=%2Fwp%2Fv2%2Fcomments&post=2919"}],"version-history":[{"count":0,"href":"https:\/\/www.adrianwood.ch\/index.php?rest_route=\/wp\/v2\/pages\/2919\/revisions"}],"up":[{"embeddable":true,"href":"https:\/\/www.adrianwood.ch\/index.php?rest_route=\/wp\/v2\/pages\/2890"}],"wp:attachment":[{"href":"https:\/\/www.adrianwood.ch\/index.php?rest_route=%2Fwp%2Fv2%2Fmedia&parent=2919"}],"curies":[{"name":"wp","href":"https:\/\/api.w.org\/{rel}","templated":true}]}}

<table border="0" cellspacing="0" cellpadding="0">
<tbody>
<tr>
<td colspan="2" valign="top" width="821"><b>Sonntag, 5.August, Capanna d‘Alzasca – Cevio</b></td>
</tr>
<tr>
<td valign="top" width="408"> <img decoding="async" class="ngg-singlepic ngg-none" alt="image075_r3" src="http://adrianwood.ch/wp-content/gallery/onsernone07/image075_r3.jpg" /></td>
<td valign="top" width="414"> <img decoding="async" class="ngg-singlepic ngg-none" alt="image077_r3" src="http://adrianwood.ch/wp-content/gallery/onsernone07/image077_r3.jpg" /></td>
</tr>
<tr>
<td valign="top" width="408">Am nächsten morgen ist alles trübe und nass aber es regnet gerade nicht. Trotzdem verzichten wir auf der Ueberschreitung der Bochetta di Cansgei und den Lago di Sascola und nehmen den direkteren weg nach Cevio.</p>
<p>Von der Capanna d’Alzasca 1760m aus umrunden wir auf dem mit Tannen durchsetzten Alpgelände den Grat vom Pizzo d’Alzasca und Scima di Müzz. Dabei kommt uns fast gehörntes Vieh in die Quere. Das laute Gebrüll lässt uns schneller vorwärtsgehen. Nach einem kurzen Aufstieg wechseln wir auf die andere Talseite. Es geht auf glitschigen Pfaden teils durch hohes Gras, teils durch Wald steil hinunter.</td>
<td valign="top" width="414"> <img decoding="async" class="ngg-singlepic ngg-none" alt="image079_r3" src="http://adrianwood.ch/wp-content/gallery/onsernone07/image079_r3.jpg" /></td>
</tr>
<tr>
<td valign="top" width="408"> <img decoding="async" class="ngg-singlepic ngg-none" alt="image081_r3" src="http://adrianwood.ch/wp-content/gallery/onsernone07/image081_r3.jpg" /></td>
<td valign="top" width="414"> <img decoding="async" class="ngg-singlepic ngg-none" alt="image083_r3" src="http://adrianwood.ch/wp-content/gallery/onsernone07/image083_r3.jpg" /></td>
</tr>
<tr>
<td valign="top" width="408">&nbsp;</p>
<p>Irgendwann erreichen wir eine erste Lichtung mit einem Stalle. Später kommen wir in den alten Weiler Valle, wo wir einen Unterstand vor dem Regen finden. Zwei Männer laden uns auf ihre gedeckte Terrasse und in die Küche ein. Sie offerieren uns sogar Kaffee. Dann geht es im strömenden Regen endlos weiter hinunter auf den sich fast zu Bächen verwandelnden Wegen. Vor Cevio hört der Regen endlich auf. Aber wir sind alle patschnass.</td>
<td valign="top" width="414"> <img decoding="async" class="ngg-singlepic ngg-none" alt="image085_r3" src="http://adrianwood.ch/wp-content/gallery/onsernone07/image085_r3.jpg" /></td>
</tr>
<tr>
<td valign="top" width="408"> <img decoding="async" class="ngg-singlepic ngg-none" alt="image087_r3" src="http://adrianwood.ch/wp-content/gallery/onsernone07/image087_r3.jpg" /></td>
<td valign="top" width="414">&nbsp;</p>
<p>Wir sind um 8.00 oben von der Capanna losgelaufen und sind um 14.00 in Cevio angekommen. Bei wieder schönem Wetter fahren wir nach Locarno und nehmen den Zug nach Bellenzona und dann nach Basel. Auf der Gotthard Nordseite ist es eher trübe und nass.</p>
<p>Marianne</td>
</tr>
</tbody>
</table>
<p>&nbsp;</p>
<p>&nbsp;</p>
<p>&nbsp;</p>
<p>&nbsp;</p>
<p>&nbsp;</p>

<p>Sonntag, 5.August, Capanna d‘Alzasca – Cevio     Am nächsten morgen ist alles trübe und nass aber es regnet gerade nicht. Trotzdem verzichten wir auf der Ueberschreitung der Bochetta di Cansgei und den Lago di Sascola und nehmen den direkteren weg nach Cevio. Von der Capanna d’Alzasca 1760m aus umrunden wir auf dem mit Tannen &hellip; <a href="https://www.adrianwood.ch/?page_id=2919" class="more-link">Continue reading <span class="screen-reader-text">08-05 Cevio</span> <span class="meta-nav">&rarr;</span></a></p>
