{"id":2931,"date":"2014-01-05T17:40:51","date_gmt":"2014-01-05T16:40:51","guid":{"rendered":"http:\/\/adrianwood.ch\/?page_id=2931"},"modified":"2014-01-05T17:40:51","modified_gmt":"2014-01-05T16:40:51","slug":"07-31-alpe-preda","status":"publish","type":"page","link":"https:\/\/www.adrianwood.ch\/?page_id=2931","title":{"rendered":"07-31 Alpe Preda"},"content":{"rendered":"<p><b>Mittwoch, 31.Juli, Sonogno \u2013 Frasca \u2013 Alpe d\u2018Preda<\/b><\/p>\n<table border=\"0\" cellspacing=\"0\" cellpadding=\"0\">\n<tbody>\n<tr>\n<td colspan=\"2\" valign=\"top\" width=\"821\">Nun ist es soweit! Wir\u00a0 fahren wieder wie andere Jahre in den sch\u00f6nen Kanton Tessin.Die Wetterprognosen f\u00fcr die n\u00e4chsten f\u00fcnf Tage sind erfreulicherweise sehr gut und ich werde Leute wiedersehen, die ich sehr sch\u00e4tze aber meist nur an den Tessin Wanderungen sehe.<\/p>\n<p>Adrian hat uns die Wahl gelassen, den fr\u00fcheren Zug um 6.04h\u00a0 oder den sp\u00e4teren um 8.04h zu nehmen. Ich habe mich f\u00fcr den sp\u00e4teren entschieden und bin\u00a0 mit dieser Entscheidung nicht der einzige. Ich treffe am Bahnhof auf Edith und Marlies und sehe sp\u00e4ter im Zug auch die anderen Sp\u00e4taufsteher Uli und Brigitte.<\/td>\n<\/tr>\n<tr>\n<td valign=\"top\" width=\"410\">\u00a0<img decoding=\"async\" class=\"ngg-singlepic ngg-none\" alt=\"image001_r3\" src=\"http:\/\/adrianwood.ch\/wp-content\/gallery\/versasca02\/image001_r3.jpg\" \/><\/td>\n<td valign=\"top\" width=\"410\">\u00a0<img decoding=\"async\" class=\"ngg-singlepic ngg-none\" alt=\"image003_r3\" src=\"http:\/\/adrianwood.ch\/wp-content\/gallery\/versasca02\/image003_r3.jpg\" \/><\/td>\n<\/tr>\n<tr>\n<td colspan=\"2\" valign=\"top\" width=\"821\">Nach dem Umsteigen in Locarno auf den Bus ins Verzascatal und vor der\u00a0 Ankunft in Frasco erkenne ich schon durch das Busfenster den Rest der Gruppe unten am Fluss. Sch\u00f6n, nun werde ich auch noch zum Baden kommen bevor wir um 15.00 h zu unserer Wanderung aufbrechen werden!Einmal im Wasser messe ich dessen Temperatur. Das Flusswasser ist 15,6 \u00b0 kalt. Das ist wohl der Grund warum nur wenige sich ins Wasser wagen aber viele sich auf den grossen Felsplatten sonnen.<\/td>\n<\/tr>\n<tr>\n<td valign=\"top\" width=\"410\">\u00a0<img decoding=\"async\" class=\"ngg-singlepic ngg-none\" alt=\"image005_r3\" src=\"http:\/\/adrianwood.ch\/wp-content\/gallery\/versasca02\/image005_r3.jpg\" \/><\/td>\n<td valign=\"top\" width=\"410\">\u00a0<img decoding=\"async\" class=\"ngg-singlepic ngg-none\" alt=\"image007_r3\" src=\"http:\/\/adrianwood.ch\/wp-content\/gallery\/versasca02\/image007_r3.jpg\" \/><\/td>\n<\/tr>\n<tr>\n<td colspan=\"2\" valign=\"top\" width=\"821\">Der Aufstieg gegen Fresca mit 600 H\u00f6henmetern und zwei Stunden Marschzeit erfolgt in kleinen Gruppen zu verschiedenen Zeitpunkten. Der Hang ist wie meist im Tessin sehr steil und es ist heiss. Gl\u00fccklicherweise gehen wir in der unteren Partie durch den Wald. Erst weiter oben kommen wir auf das offene mit Felsen durchsetzte Alpgel\u00e4nde.<\/td>\n<\/tr>\n<tr>\n<td valign=\"top\" width=\"410\">Als wir endlich zum Agriturismo La Ghironda gelangen kommt es mit vor in einem Zoo gelandet zu sein!!!Eine Hundemeute mit Welpen tobt herum und als ich den Weg zum Nachtlager suche, muss ich mich zwischen den Ziegen und einen Maultier, das stur in der schattigen Passage steht, hindurchdr\u00e4ngen.<\/p>\n<p>Ein Teil der Wandergruppe hat sich bereits auf der pr\u00e4chtig gelegenen Terrasse, die hoch \u00fcber dem Tal liegt, eingefunden und trinkt mit grossem Durst den angebotenen Thymiansirup.<\/td>\n<td valign=\"top\" width=\"410\">\u00a0<img decoding=\"async\" class=\"ngg-singlepic ngg-none\" alt=\"image009_r3\" src=\"http:\/\/adrianwood.ch\/wp-content\/gallery\/versasca02\/image009_r3.jpg\" \/><\/td>\n<\/tr>\n<tr>\n<td valign=\"top\" width=\"410\">\u00a0<img decoding=\"async\" class=\"ngg-singlepic ngg-none\" alt=\"image011_r3\" src=\"http:\/\/adrianwood.ch\/wp-content\/gallery\/versasca02\/image011_r3.jpg\" \/><\/td>\n<td valign=\"top\" width=\"410\">\u00a0<img decoding=\"async\" class=\"ngg-singlepic ngg-none\" alt=\"image013_r3\" src=\"http:\/\/adrianwood.ch\/wp-content\/gallery\/versasca02\/image013_r3.jpg\" \/><\/td>\n<\/tr>\n<tr>\n<td colspan=\"2\" valign=\"top\" width=\"821\">Wir werden von unseren Gastgebern herzlich empfangen und\u00a0 dann auch kulinarisch sehr verw\u00f6hnt.W\u00e4hrend die Polenta leise \u00fcber dem offenen Feuer in einer grossen Kupferpfanne k\u00f6chelt, st\u00e4ndig ger\u00fchrt von unserem Gastgeber Gabriel, erscheinen\u00a0 auf den beiden Tischen auf der Terrasse zum Aperitiv Platten mit\u00a0 K\u00e4sespezialit\u00e4ten vom Betrieb. Die Ziegenk\u00e4sekugeln in weisser, roter (Paprika) und gelber (Curry) Farbe laden zum Naschen ein. Dazu gibt es kleine Br\u00f6tchen\u00a0 mit Brennesselbutter. Die Kr\u00e4uter stammen aus dem Garten. F\u00fcr diejenigen, die Ziegenk\u00e4se nicht lieben gibt es auch anderen K\u00e4se. Dazu trinken wir mehr als ein Glas k\u00fchlen Fendant. Trotz den\u00a0 Fliegen, die uns die K\u00f6slichkeiten streitig machen und die wir st\u00e4ndig verjagen m\u00fcssen, geniessen wir alle diesen Aperitiv.<\/td>\n<\/tr>\n<tr>\n<td valign=\"top\" width=\"410\">\u00a0<img decoding=\"async\" class=\"ngg-singlepic ngg-none\" alt=\"image015_r3\" src=\"http:\/\/adrianwood.ch\/wp-content\/gallery\/versasca02\/image015_r3.jpg\" \/><\/td>\n<td valign=\"top\" width=\"410\">\u00a0<img decoding=\"async\" class=\"ngg-singlepic ngg-none\" alt=\"image017_r3\" src=\"http:\/\/adrianwood.ch\/wp-content\/gallery\/versasca02\/image017_r3.jpg\" \/><\/td>\n<\/tr>\n<tr>\n<td colspan=\"2\" valign=\"top\" width=\"821\">Gleich geht es weiter mit der Polenta, die in der Zwischenzeit- \u00fcberwacht von Peter und Hanspeter- weitergek\u00f6chelt hat. Das eigentliche Nachtessen bestehend aus einem Salat aus dem Garten, der nun auf ein Brett gest\u00fcrzten Polenta, einem\u00a0 vorz\u00fcglich schmeckenden Ragout aus Schaffleisch (erst sp\u00e4ter erfuhren wir, dass es sich um dieses Fleisch gehandelt hatte) und einem Ratatouille schmeckt hervorragend. Als Dessert folgt noch ein Fruchtsalat mit frischen Beeren \u2013 wunderbar!Ein Blick in den kleinen Raum, der als K\u00fcche und sicher auch als Wohnraum dient, gen\u00fcgt um zu staunen, dass hier ein so gutes Essen mit viel K\u00f6nnen und Liebe gekocht werden kann. Ein ganz herzlicher Dank geht an unsere Gastgeber, Maria und Gabriel sowie auch an Adrian, der uns jedes Jahr an spezielle Orte f\u00fchrt, die wir nicht so schnell vergessen werden !<\/p>\n<p>Ich habe den warmen Abend im Gespr\u00e4ch mit Gabriel bei einem Bocalino beendet. Er hat mir viel \u00fcber das Leben als Bergbauer, das vom Lauf der Jahreszeiten gepr\u00e4gt ist erz\u00e4hlt. Auch sprach er \u00fcber die Wahl, zusammen mit den Tieren in enger Gemeinschaft zu leben.<\/td>\n<\/tr>\n<tr>\n<td valign=\"top\" width=\"410\">Ich war einer der letzten, der im Lager schlafen ging. Ich wurde von einer Ziege begleitet, die mir unbedingt in den Schlafraum folgen wollte. Es war nachts ruhig in diesem grossen Schlafraum bis um sechs Uhr morgens das Maultier mit seinem Kopf die grosse T\u00fcre aufstiess und uns wecken wollte.<br \/>\n&nbsp;<\/p>\n<p>Jean-Francois<\/td>\n<td valign=\"top\" width=\"410\">\u00a0<img decoding=\"async\" class=\"ngg-singlepic ngg-none\" alt=\"image019_r3\" src=\"http:\/\/adrianwood.ch\/wp-content\/gallery\/versasca02\/image019_r3.jpg\" \/><\/td>\n<\/tr>\n<\/tbody>\n<\/table>\n<p><img decoding=\"async\" class=\"ngg-singlepic ngg-none\" alt=\"image021_r8\" src=\"http:\/\/adrianwood.ch\/wp-content\/gallery\/versasca02\/image021_r8.jpg\" \/><\/p>\n","protected":false},"excerpt":{"rendered":"<p>Mittwoch, 31.Juli, Sonogno \u2013 Frasca \u2013 Alpe d\u2018Preda Nun ist es soweit! Wir\u00a0 fahren wieder wie andere Jahre in den sch\u00f6nen Kanton Tessin.Die Wetterprognosen f\u00fcr die n\u00e4chsten f\u00fcnf Tage sind erfreulicherweise sehr gut und ich werde Leute wiedersehen, die ich sehr sch\u00e4tze aber meist nur an den Tessin Wanderungen sehe. Adrian hat uns die Wahl &hellip; <a href=\"https:\/\/www.adrianwood.ch\/?page_id=2931\" class=\"more-link\">Continue reading <span class=\"screen-reader-text\">07-31 Alpe Preda<\/span> <span class=\"meta-nav\">&rarr;<\/span><\/a><\/p>\n","protected":false},"author":1,"featured_media":0,"parent":2927,"menu_order":1572,"comment_status":"closed","ping_status":"closed","template":"","meta":{"ngg_post_thumbnail":0,"footnotes":""},"class_list":["post-2931","page","type-page","status-publish","hentry"],"_links":{"self":[{"href":"https:\/\/www.adrianwood.ch\/index.php?rest_route=\/wp\/v2\/pages\/2931","targetHints":{"allow":["GET"]}}],"collection":[{"href":"https:\/\/www.adrianwood.ch\/index.php?rest_route=\/wp\/v2\/pages"}],"about":[{"href":"https:\/\/www.adrianwood.ch\/index.php?rest_route=\/wp\/v2\/types\/page"}],"author":[{"embeddable":true,"href":"https:\/\/www.adrianwood.ch\/index.php?rest_route=\/wp\/v2\/users\/1"}],"replies":[{"embeddable":true,"href":"https:\/\/www.adrianwood.ch\/index.php?rest_route=%2Fwp%2Fv2%2Fcomments&post=2931"}],"version-history":[{"count":0,"href":"https:\/\/www.adrianwood.ch\/index.php?rest_route=\/wp\/v2\/pages\/2931\/revisions"}],"up":[{"embeddable":true,"href":"https:\/\/www.adrianwood.ch\/index.php?rest_route=\/wp\/v2\/pages\/2927"}],"wp:attachment":[{"href":"https:\/\/www.adrianwood.ch\/index.php?rest_route=%2Fwp%2Fv2%2Fmedia&parent=2931"}],"curies":[{"name":"wp","href":"https:\/\/api.w.org\/{rel}","templated":true}]}}

<p><b>Mittwoch, 31.Juli, Sonogno – Frasca – Alpe d‘Preda</b></p>
<table border="0" cellspacing="0" cellpadding="0">
<tbody>
<tr>
<td colspan="2" valign="top" width="821">Nun ist es soweit! Wir  fahren wieder wie andere Jahre in den schönen Kanton Tessin.Die Wetterprognosen für die nächsten fünf Tage sind erfreulicherweise sehr gut und ich werde Leute wiedersehen, die ich sehr schätze aber meist nur an den Tessin Wanderungen sehe.</p>
<p>Adrian hat uns die Wahl gelassen, den früheren Zug um 6.04h  oder den späteren um 8.04h zu nehmen. Ich habe mich für den späteren entschieden und bin  mit dieser Entscheidung nicht der einzige. Ich treffe am Bahnhof auf Edith und Marlies und sehe später im Zug auch die anderen Spätaufsteher Uli und Brigitte.</td>
</tr>
<tr>
<td valign="top" width="410"> <img decoding="async" class="ngg-singlepic ngg-none" alt="image001_r3" src="http://adrianwood.ch/wp-content/gallery/versasca02/image001_r3.jpg" /></td>
<td valign="top" width="410"> <img decoding="async" class="ngg-singlepic ngg-none" alt="image003_r3" src="http://adrianwood.ch/wp-content/gallery/versasca02/image003_r3.jpg" /></td>
</tr>
<tr>
<td colspan="2" valign="top" width="821">Nach dem Umsteigen in Locarno auf den Bus ins Verzascatal und vor der  Ankunft in Frasco erkenne ich schon durch das Busfenster den Rest der Gruppe unten am Fluss. Schön, nun werde ich auch noch zum Baden kommen bevor wir um 15.00 h zu unserer Wanderung aufbrechen werden!Einmal im Wasser messe ich dessen Temperatur. Das Flusswasser ist 15,6 ° kalt. Das ist wohl der Grund warum nur wenige sich ins Wasser wagen aber viele sich auf den grossen Felsplatten sonnen.</td>
</tr>
<tr>
<td valign="top" width="410"> <img decoding="async" class="ngg-singlepic ngg-none" alt="image005_r3" src="http://adrianwood.ch/wp-content/gallery/versasca02/image005_r3.jpg" /></td>
<td valign="top" width="410"> <img decoding="async" class="ngg-singlepic ngg-none" alt="image007_r3" src="http://adrianwood.ch/wp-content/gallery/versasca02/image007_r3.jpg" /></td>
</tr>
<tr>
<td colspan="2" valign="top" width="821">Der Aufstieg gegen Fresca mit 600 Höhenmetern und zwei Stunden Marschzeit erfolgt in kleinen Gruppen zu verschiedenen Zeitpunkten. Der Hang ist wie meist im Tessin sehr steil und es ist heiss. Glücklicherweise gehen wir in der unteren Partie durch den Wald. Erst weiter oben kommen wir auf das offene mit Felsen durchsetzte Alpgelände.</td>
</tr>
<tr>
<td valign="top" width="410">Als wir endlich zum Agriturismo La Ghironda gelangen kommt es mit vor in einem Zoo gelandet zu sein!!!Eine Hundemeute mit Welpen tobt herum und als ich den Weg zum Nachtlager suche, muss ich mich zwischen den Ziegen und einen Maultier, das stur in der schattigen Passage steht, hindurchdrängen.</p>
<p>Ein Teil der Wandergruppe hat sich bereits auf der prächtig gelegenen Terrasse, die hoch über dem Tal liegt, eingefunden und trinkt mit grossem Durst den angebotenen Thymiansirup.</td>
<td valign="top" width="410"> <img decoding="async" class="ngg-singlepic ngg-none" alt="image009_r3" src="http://adrianwood.ch/wp-content/gallery/versasca02/image009_r3.jpg" /></td>
</tr>
<tr>
<td valign="top" width="410"> <img decoding="async" class="ngg-singlepic ngg-none" alt="image011_r3" src="http://adrianwood.ch/wp-content/gallery/versasca02/image011_r3.jpg" /></td>
<td valign="top" width="410"> <img decoding="async" class="ngg-singlepic ngg-none" alt="image013_r3" src="http://adrianwood.ch/wp-content/gallery/versasca02/image013_r3.jpg" /></td>
</tr>
<tr>
<td colspan="2" valign="top" width="821">Wir werden von unseren Gastgebern herzlich empfangen und  dann auch kulinarisch sehr verwöhnt.Während die Polenta leise über dem offenen Feuer in einer grossen Kupferpfanne köchelt, ständig gerührt von unserem Gastgeber Gabriel, erscheinen  auf den beiden Tischen auf der Terrasse zum Aperitiv Platten mit  Käsespezialitäten vom Betrieb. Die Ziegenkäsekugeln in weisser, roter (Paprika) und gelber (Curry) Farbe laden zum Naschen ein. Dazu gibt es kleine Brötchen  mit Brennesselbutter. Die Kräuter stammen aus dem Garten. Für diejenigen, die Ziegenkäse nicht lieben gibt es auch anderen Käse. Dazu trinken wir mehr als ein Glas kühlen Fendant. Trotz den  Fliegen, die uns die Köslichkeiten streitig machen und die wir ständig verjagen müssen, geniessen wir alle diesen Aperitiv.</td>
</tr>
<tr>
<td valign="top" width="410"> <img decoding="async" class="ngg-singlepic ngg-none" alt="image015_r3" src="http://adrianwood.ch/wp-content/gallery/versasca02/image015_r3.jpg" /></td>
<td valign="top" width="410"> <img decoding="async" class="ngg-singlepic ngg-none" alt="image017_r3" src="http://adrianwood.ch/wp-content/gallery/versasca02/image017_r3.jpg" /></td>
</tr>
<tr>
<td colspan="2" valign="top" width="821">Gleich geht es weiter mit der Polenta, die in der Zwischenzeit- überwacht von Peter und Hanspeter- weitergeköchelt hat. Das eigentliche Nachtessen bestehend aus einem Salat aus dem Garten, der nun auf ein Brett gestürzten Polenta, einem  vorzüglich schmeckenden Ragout aus Schaffleisch (erst später erfuhren wir, dass es sich um dieses Fleisch gehandelt hatte) und einem Ratatouille schmeckt hervorragend. Als Dessert folgt noch ein Fruchtsalat mit frischen Beeren – wunderbar!Ein Blick in den kleinen Raum, der als Küche und sicher auch als Wohnraum dient, genügt um zu staunen, dass hier ein so gutes Essen mit viel Können und Liebe gekocht werden kann. Ein ganz herzlicher Dank geht an unsere Gastgeber, Maria und Gabriel sowie auch an Adrian, der uns jedes Jahr an spezielle Orte führt, die wir nicht so schnell vergessen werden !</p>
<p>Ich habe den warmen Abend im Gespräch mit Gabriel bei einem Bocalino beendet. Er hat mir viel über das Leben als Bergbauer, das vom Lauf der Jahreszeiten geprägt ist erzählt. Auch sprach er über die Wahl, zusammen mit den Tieren in enger Gemeinschaft zu leben.</td>
</tr>
<tr>
<td valign="top" width="410">Ich war einer der letzten, der im Lager schlafen ging. Ich wurde von einer Ziege begleitet, die mir unbedingt in den Schlafraum folgen wollte. Es war nachts ruhig in diesem grossen Schlafraum bis um sechs Uhr morgens das Maultier mit seinem Kopf die grosse Türe aufstiess und uns wecken wollte.<br />
&nbsp;</p>
<p>Jean-Francois</td>
<td valign="top" width="410"> <img decoding="async" class="ngg-singlepic ngg-none" alt="image019_r3" src="http://adrianwood.ch/wp-content/gallery/versasca02/image019_r3.jpg" /></td>
</tr>
</tbody>
</table>
<p><img decoding="async" class="ngg-singlepic ngg-none" alt="image021_r8" src="http://adrianwood.ch/wp-content/gallery/versasca02/image021_r8.jpg" /></p>

<p>Mittwoch, 31.Juli, Sonogno – Frasca – Alpe d‘Preda Nun ist es soweit! Wir  fahren wieder wie andere Jahre in den schönen Kanton Tessin.Die Wetterprognosen für die nächsten fünf Tage sind erfreulicherweise sehr gut und ich werde Leute wiedersehen, die ich sehr schätze aber meist nur an den Tessin Wanderungen sehe. Adrian hat uns die Wahl &hellip; <a href="https://www.adrianwood.ch/?page_id=2931" class="more-link">Continue reading <span class="screen-reader-text">07-31 Alpe Preda</span> <span class="meta-nav">&rarr;</span></a></p>
