{"id":2943,"date":"2014-01-05T19:06:08","date_gmt":"2014-01-05T18:06:08","guid":{"rendered":"http:\/\/adrianwood.ch\/?page_id=2943"},"modified":"2014-01-05T19:06:08","modified_gmt":"2014-01-05T18:06:08","slug":"08-02-monti-di-cortoi","status":"publish","type":"page","link":"https:\/\/www.adrianwood.ch\/?page_id=2943","title":{"rendered":"08-02 Monti di Cortoi"},"content":{"rendered":"<p><b>Freitag, 02.August, Monti di Cortoi<\/b><\/p>\n<table border=\"0\" cellspacing=\"0\" cellpadding=\"0\">\n<tbody>\n<tr>\n<td colspan=\"2\" valign=\"top\" width=\"816\"><i>\u201eLavertezzo (536m)- Corippo (536m) \u2013 Monti di Cortoi oberhalb Mercoscia (1050), Mittagessen \u2013 Valle di Mergoscia (750) \u2013 Monti di Lego (1110m), 12km, 5Std. <\/i><i>\u00dcbernachtung im Monti di Lego, Lager mit Halbpension \u2013 oder: \u00dcbernachtung im Monti di Cortoi in einem privaten Rustico, 8km, 3Std. .\u201c<\/i><\/p>\n<p>Das ist kurz und trocken der Ank\u00fcndigungstext f\u00fcr den heutigen Tag.<\/p>\n<p>Ist damit auch schon alles gesagt?<\/p>\n<p>Es hat uns dann aber doch weit mehr erwartet am Tag nach dem Nationalfeiertag der Schweiz im sch\u00f6nen s\u00fcdlichen Kanton Tessin. Und wie es sich geh\u00f6rt: es war \u201eBilderbuchwetter\u201c \u2013 sogar etwas zuuu warm.<\/p>\n<p>Gleich vorab: Es gab eigentlich nur ein Highlight \u2013 aber dar\u00fcber sp\u00e4ter.<\/p>\n<p>Nach einer ruhigen, komfortablen \u2013 im Gegensatz zur vorhergehenden \u2013 Nacht im Hotel Posse in Lavertezzo und obligatem Fr\u00fchst\u00fcck ging\u00b4s wie \u00fcblich um halb Neun los.<\/p>\n<p>Dank an Hans-Peter \u2013 hier ist schon alles &#8211; pr\u00e4ziser Tourenverlauf mit exakten Zeitangaben \u2013 genauestens dokumentiert und ich brauche hier eigentlich nichts weiter auszuf\u00fchren.<\/p>\n<p>Deshalb gleich zum H\u00f6hepunkt der heutigen Wanderung:<\/p>\n<p align=\"center\"><b>Besuch bei Erwin<\/b><\/p>\n<p>oder Einladung in ein Tessiner Rustico.<\/td>\n<\/tr>\n<tr>\n<td valign=\"top\" width=\"407\">\u00a0<img decoding=\"async\" class=\"ngg-singlepic ngg-none\" alt=\"image041_r3\" src=\"http:\/\/adrianwood.ch\/wp-content\/gallery\/versasca04\/image041_r3.jpg\" \/><\/td>\n<td valign=\"top\" width=\"409\">\u00a0<img decoding=\"async\" class=\"ngg-singlepic ngg-none\" alt=\"image043_r3\" src=\"http:\/\/adrianwood.ch\/wp-content\/gallery\/versasca04\/image043_r3.jpg\" \/><\/td>\n<\/tr>\n<tr>\n<td colspan=\"2\" valign=\"top\" width=\"816\">Zuerst ein riesiges Kompliment: Wie kann man eine Wandergruppe mit 17 Personen empfangen und bewirten???<\/p>\n<p>Und verw\u00f6hnen mit Kaffee und Tee, Geb\u00e4ck, und z\u00fcnftigem Eintopf mit W\u00fcrstchen und . . . und &#8230; Rotwein.<\/p>\n<p>Wer von uns hat denn auf ca. 1000 m H\u00f6he Tassen, Teller, Besteck, Gl\u00e4ser etc. f\u00fcr 18 Personen\u00a0 zur Bewirtung vorr\u00e4tig?<\/p>\n<p>Nat\u00fcrlich, das war es nicht, was uns so sehr beeindruckt hat \u2013 es war das Rustico, ein altes Anwesen aus Naturstein, das Erwin im stolzen Alter von 84 Jahren bewohnt und immer noch tadellos in Schuss h\u00e4lt. Und ich glaube nicht, dass man diese Fleissarbeit bei einem Besuch nur ann\u00e4hernd beurteilen kann.<\/td>\n<\/tr>\n<tr>\n<td valign=\"top\" width=\"407\">\u00a0<img decoding=\"async\" class=\"ngg-singlepic ngg-none\" alt=\"image045_r3\" src=\"http:\/\/adrianwood.ch\/wp-content\/gallery\/versasca04\/image045_r3.jpg\" \/><\/td>\n<td valign=\"top\" width=\"409\">\u00a0<img decoding=\"async\" class=\"ngg-singlepic ngg-none\" alt=\"image047_r3\" src=\"http:\/\/adrianwood.ch\/wp-content\/gallery\/versasca04\/image047_r3.jpg\" \/><\/td>\n<\/tr>\n<tr>\n<td valign=\"top\" width=\"407\">\u00a0<img decoding=\"async\" class=\"ngg-singlepic ngg-none\" alt=\"image049_r3\" src=\"http:\/\/adrianwood.ch\/wp-content\/gallery\/versasca04\/image049_r3.jpg\" \/><\/td>\n<td valign=\"top\" width=\"409\">\u00a0<img decoding=\"async\" class=\"ngg-singlepic ngg-none\" alt=\"image051_r3\" src=\"http:\/\/adrianwood.ch\/wp-content\/gallery\/versasca04\/image051_r3.jpg\" \/><\/td>\n<\/tr>\n<tr>\n<td colspan=\"2\" valign=\"top\" width=\"816\">Wer von uns h\u00e4tte nicht auch schon einmal von solch einem Rustico in unverbauter Natur getr\u00e4umt \u2013 f\u00fcr die meisten von uns ist es bei diesem Traum geblieben.<\/p>\n<p>Also, ein echter Naturfreund, unser Gastgeber Erwin. Ein grosses Kompliment, wie er uns empfangen, begr\u00fcsst und gastfreundschaftlich bewirtet hat.<\/p>\n<p align=\"center\"><b>danke Erwin<\/b><\/p>\n<p>und alles Gute dort oben in \u201eRustico chez Erwin\u201c<\/td>\n<\/tr>\n<tr>\n<td valign=\"top\" width=\"407\">\u00a0<img decoding=\"async\" class=\"ngg-singlepic ngg-none\" alt=\"image053_r3\" src=\"http:\/\/adrianwood.ch\/wp-content\/gallery\/versasca04\/image053_r3.jpg\" \/><\/td>\n<td valign=\"top\" width=\"409\">\u00a0<img decoding=\"async\" class=\"ngg-singlepic ngg-none\" alt=\"image055_r3\" src=\"http:\/\/adrianwood.ch\/wp-content\/gallery\/versasca04\/image055_r3.jpg\" \/><\/td>\n<\/tr>\n<tr>\n<td colspan=\"2\" valign=\"top\" width=\"816\">F\u00fcr einen Teil der Gruppe hiess es Abschied zu nehmen (ein anderer Teil der Gruppe konnte im Rustico \u00fcbernachten) und einen weiteren anderthalbst\u00fcndigen Marsch zu \u00fcberstehen.<\/p>\n<p>Das hat sich gelohnt. Ziel war Monti di Lego, eine sehr h\u00fcbsch gelegene Herberge oberhalb von Ascona\/Locarno.<\/td>\n<\/tr>\n<tr>\n<td valign=\"top\" width=\"407\">\u00a0<img decoding=\"async\" class=\"ngg-singlepic ngg-none\" alt=\"image057_r3\" src=\"http:\/\/adrianwood.ch\/wp-content\/gallery\/versasca04\/image057_r3.jpg\" \/><\/td>\n<td valign=\"top\" width=\"409\">\u00a0<img decoding=\"async\" class=\"ngg-singlepic ngg-none\" alt=\"image059_r3\" src=\"http:\/\/adrianwood.ch\/wp-content\/gallery\/versasca04\/image059_r3.jpg\" \/><\/td>\n<\/tr>\n<tr>\n<td colspan=\"2\" valign=\"top\" width=\"816\">Frisch deduscht (Marianne hat sich halb totgelacht &#8230;.) versammelten wir uns zum Abendessen.<\/p>\n<p>Danach genossen wir die hereinbrechende Nacht mit dem eindrucksvollen Blick auf die Lichter von Locarno.<\/p>\n<p>und wieder verging ein einunvergesslicher Tag &#8230;. Adios 2. August 2013<\/td>\n<\/tr>\n<tr>\n<td valign=\"top\" width=\"407\">\u00a0<img decoding=\"async\" class=\"ngg-singlepic ngg-none\" alt=\"image061_r3\" src=\"http:\/\/adrianwood.ch\/wp-content\/gallery\/versasca04\/image061_r3.jpg\" \/><\/td>\n<td valign=\"top\" width=\"409\">\u00a0<img decoding=\"async\" class=\"ngg-singlepic ngg-none\" alt=\"image063_r3\" src=\"http:\/\/adrianwood.ch\/wp-content\/gallery\/versasca04\/image063_r3.jpg\" \/><\/td>\n<\/tr>\n<tr>\n<td valign=\"top\" width=\"407\">&nbsp;<\/p>\n<p>Dank an Adrian und Jochen, die mir ihre Photos zu diesem Bericht zur Verf\u00fcgung gestellt haben und Dank an Hans Peter f\u00fcr die unbestechlichen GPS-Daten und \u2013 last but not least &#8211;<\/p>\n<p>Dank an Adrian f\u00fcr die wieder einmal gelungene Planung und Organisation dieser Tour.<\/p>\n<p>Peter<\/td>\n<td valign=\"top\" width=\"409\">\u00a0<img decoding=\"async\" class=\"ngg-singlepic ngg-none\" alt=\"image065_r3\" src=\"http:\/\/adrianwood.ch\/wp-content\/gallery\/versasca04\/image065_r3.jpg\" \/><\/td>\n<\/tr>\n<\/tbody>\n<\/table>\n<p><img decoding=\"async\" class=\"ngg-singlepic ngg-none\" alt=\"image067_r8\" src=\"http:\/\/adrianwood.ch\/wp-content\/gallery\/versasca04\/image067_r8.jpg\" \/><\/p>\n","protected":false},"excerpt":{"rendered":"<p>Freitag, 02.August, Monti di Cortoi \u201eLavertezzo (536m)- Corippo (536m) \u2013 Monti di Cortoi oberhalb Mercoscia (1050), Mittagessen \u2013 Valle di Mergoscia (750) \u2013 Monti di Lego (1110m), 12km, 5Std. \u00dcbernachtung im Monti di Lego, Lager mit Halbpension \u2013 oder: \u00dcbernachtung im Monti di Cortoi in einem privaten Rustico, 8km, 3Std. .\u201c Das ist kurz und &hellip; <a href=\"https:\/\/www.adrianwood.ch\/?page_id=2943\" class=\"more-link\">Continue reading <span class=\"screen-reader-text\">08-02 Monti di Cortoi<\/span> <span class=\"meta-nav\">&rarr;<\/span><\/a><\/p>\n","protected":false},"author":1,"featured_media":0,"parent":2927,"menu_order":1574,"comment_status":"closed","ping_status":"closed","template":"","meta":{"ngg_post_thumbnail":0,"footnotes":""},"class_list":["post-2943","page","type-page","status-publish","hentry"],"_links":{"self":[{"href":"https:\/\/www.adrianwood.ch\/index.php?rest_route=\/wp\/v2\/pages\/2943","targetHints":{"allow":["GET"]}}],"collection":[{"href":"https:\/\/www.adrianwood.ch\/index.php?rest_route=\/wp\/v2\/pages"}],"about":[{"href":"https:\/\/www.adrianwood.ch\/index.php?rest_route=\/wp\/v2\/types\/page"}],"author":[{"embeddable":true,"href":"https:\/\/www.adrianwood.ch\/index.php?rest_route=\/wp\/v2\/users\/1"}],"replies":[{"embeddable":true,"href":"https:\/\/www.adrianwood.ch\/index.php?rest_route=%2Fwp%2Fv2%2Fcomments&post=2943"}],"version-history":[{"count":0,"href":"https:\/\/www.adrianwood.ch\/index.php?rest_route=\/wp\/v2\/pages\/2943\/revisions"}],"up":[{"embeddable":true,"href":"https:\/\/www.adrianwood.ch\/index.php?rest_route=\/wp\/v2\/pages\/2927"}],"wp:attachment":[{"href":"https:\/\/www.adrianwood.ch\/index.php?rest_route=%2Fwp%2Fv2%2Fmedia&parent=2943"}],"curies":[{"name":"wp","href":"https:\/\/api.w.org\/{rel}","templated":true}]}}