{"id":3133,"date":"2014-08-18T08:26:13","date_gmt":"2014-08-18T07:26:13","guid":{"rendered":"http:\/\/adrianwood.ch\/?page_id=3133"},"modified":"2014-08-18T08:26:13","modified_gmt":"2014-08-18T07:26:13","slug":"04-28-roque-imoque","status":"publish","type":"page","link":"https:\/\/www.adrianwood.ch\/?page_id=3133","title":{"rendered":"04-28 Roque Imoque"},"content":{"rendered":"<h2>Montag, 28. April, Rund um den Roque Imoque<\/h2>\n<p style=\"text-align: justify;\">Die heutige Wanderung f\u00fchrte um einen sehr spitzen Berg im Gebiet von Adeje, einer der drei geologisch \u00e4ltesten Formationen von Teneriffa. Obwohl er nur etwas mehr als 1100 m hoch ist, dominiert er das Gebiet, denn er sieht aus wie das Matterhorn.<\/p>\n<p style=\"text-align: justify;\"><img decoding=\"async\" class=\"ngg-singlepic ngg-left\" src=\"http:\/\/adrianwood.ch\/wp-content\/gallery\/teneriffa04\/image001_r3.jpg\" alt=\"image001_r3\" \/><img decoding=\"async\" class=\"ngg-singlepic ngg-left\" src=\"http:\/\/adrianwood.ch\/wp-content\/gallery\/teneriffa04\/image003_r3.jpg\" alt=\"image003_r3\" \/>Kurz nach 9 Uhr fuhren wir mit unserem Bus gegen Arona. Das bedeutete eine Fahrt in vielen Kehren einen nicht sehr steilen Hang hinab. Der Himmel war wolkenlos. Etwa 1 km vor Arona liess uns der Busfahrer bei einem Restaurant aussteigen. Von da an ging es auf einem guten Weg sanft einen Hang hinauf, links der Barranco del Rey, dahinter der Roque Imoque, rechts etwas weiter entfernt die Strasse, die wir gekommen sind. Nach einem Trinkhalt kamen wir zu einem Haus, an dem ein Wegweiser zur Fuente de las Pilas zeigte.<\/p>\n<p style=\"text-align: justify;\"><img decoding=\"async\" class=\"ngg-singlepic ngg-left\" src=\"http:\/\/adrianwood.ch\/wp-content\/gallery\/teneriffa04\/image005_r3.jpg\" alt=\"image005_r3\" \/><img decoding=\"async\" class=\"ngg-singlepic ngg-left\" src=\"http:\/\/adrianwood.ch\/wp-content\/gallery\/teneriffa04\/image007_r3.jpg\" alt=\"image007_r3\" \/>Hier stiegen wir auf gutem Weg ca. 30 m hinab in den Barranco del Rey. Mit einem kleinen Abstecher konnten wir eine in die Wand des Barranco gegrabene Wohnh\u00f6hle der Guanchen erreichen, die sich hinter viel Gestr\u00fcpp versteckte. Die Fuente (Quelle) haben wir nicht besucht, da der Weg dorthin ca. 200 m durch das (trockene) Bachbett, das vollst\u00e4ndig mit grossen Steinen ausgelegt war, gef\u00fchrt h\u00e4tte. Das w\u00e4re ein sehr beschwerliches Gehen gewesen.<\/p>\n<p style=\"text-align: justify;\"><img decoding=\"async\" class=\"ngg-singlepic ngg-left\" src=\"http:\/\/adrianwood.ch\/wp-content\/gallery\/teneriffa04\/image009_r3.jpg\" alt=\"image009_r3\" \/><img decoding=\"async\" class=\"ngg-singlepic ngg-left\" src=\"http:\/\/adrianwood.ch\/wp-content\/gallery\/teneriffa04\/image011_r3.jpg\" alt=\"image011_r3\" \/>So stiegen wir auf der andern Seite hinauf und kamen bald zum Pass zwischen dem Roque Imoque und dem Roque de los Bezos. Hier befindet sich ein gut gepflegter Dreschplatz, von dem aus man einen pr\u00e4chtigen Blick zur stark \u00fcberbauten K\u00fcste hat.<\/p>\n<p style=\"text-align: justify;\"><img decoding=\"async\" class=\"ngg-singlepic ngg-left\" src=\"http:\/\/adrianwood.ch\/wp-content\/gallery\/teneriffa04\/image013_r3.jpg\" alt=\"image013_r3\" \/><img decoding=\"async\" class=\"ngg-singlepic ngg-left\" src=\"http:\/\/adrianwood.ch\/wp-content\/gallery\/teneriffa04\/image015_r3.jpg\" alt=\"image015_r3\" \/>Nach einem Trinkhalt f\u00fchrte uns der gute Weg in der Flanke des Roque Imoque hinunter zu einem zweiten Dreschplatz, wo wir unsere Mittagsrast abhielten. Nun begannen die Passatwolken aufzusteigen und h\u00fcllten das ganze Gebirge ein. Nur in Bruchst\u00fccken konnten wir noch \u201eunseren\u201c Berg erkennen. Gegen das Meer und La Gomera dagegen blieb die Sicht frei. Nach der Rast folgte als Fortsetzung der Abstieg in den unteren Teil des Barranco del Rey. Auf der gegen\u00fcberliegenden Seite folgte ein steiler Aufstieg und bald kamen wir zu einem verfallenen Bauernhaus. Alle fotografierten den daneben stehenden gut restaurierten Brotofen. Bald darauf erreichten wir wieder \u201eunsere\u201c Strasse und folgten ihr bis nach Arona hinein.<\/p>\n<p style=\"text-align: justify;\"><img decoding=\"async\" class=\"ngg-singlepic ngg-left\" src=\"http:\/\/adrianwood.ch\/wp-content\/gallery\/teneriffa04\/image017_r3.jpg\" alt=\"image017_r3\" \/><img decoding=\"async\" class=\"ngg-singlepic ngg-left\" src=\"http:\/\/adrianwood.ch\/wp-content\/gallery\/teneriffa04\/image019_r3.jpg\" alt=\"image019_r3\" \/>Ein Schild \u201eCentro hist\u00f3rico\u201c wies uns den Weg. In einem Gartenrestaurant konnten wir unseren Durst l\u00f6schen.Die Botanik war auf dieser Wanderung sehr vielseitig und \u00fcppig. Unsere Wanderleiterin Marion hat uns die Pflanzen und die Geologie sehr gut erkl\u00e4rt, besonders auch den Unterschied zwischen den hiesigen Wolfsmilchgew\u00e4chsen und den Kakteen aus der Neuen Welt. Viele Aeonien (Dickblattgew\u00e4chse) s\u00e4umten den Weg. Tiere haben wir keine angetroffen.<br \/>\n<img decoding=\"async\" class=\"ngg-singlepic ngg-left\" src=\"http:\/\/adrianwood.ch\/wp-content\/gallery\/teneriffa04\/image021_r3.jpg\" alt=\"image021_r3\" \/><img decoding=\"async\" class=\"ngg-singlepic ngg-left\" src=\"http:\/\/adrianwood.ch\/wp-content\/gallery\/teneriffa04\/image023_r3.jpg\" alt=\"image023_r3\" \/>F\u00fcr das typisch kanarische Nachtessen gingen wir vom Hotel aus in einem halbst\u00fcndigen Fussmarsch ins Restaurant \u201eRinc\u00f3n de Chasna\u201c. Das ausgezeichnete und reichhaltige Essen schlossen wir ab mit einem Dessert aus Ziegenk\u00e4se und Feigenkonfit\u00fcre, einem Mousse aus Gofio (Mehl aus ger\u00f6steter Gerste, Mais oder anderen Getreidearten), einem Caf\u00e9 oder Espresso und einem Orujo, einem spanischen Tresterschnaps (auch Grappa genannt).<br \/>\nHanspeter<\/p>\n<p><img decoding=\"async\" class=\"ngg-singlepic ngg-left\" src=\"http:\/\/adrianwood.ch\/wp-content\/gallery\/teneriffa04\/image027_r7.jpg\" alt=\"image027_r7\" \/><\/p>\n<p>&nbsp;<\/p>\n","protected":false},"excerpt":{"rendered":"<p>Montag, 28. April, Rund um den Roque Imoque Die heutige Wanderung f\u00fchrte um einen sehr spitzen Berg im Gebiet von Adeje, einer der drei geologisch \u00e4ltesten Formationen von Teneriffa. Obwohl er nur etwas mehr als 1100 m hoch ist, dominiert er das Gebiet, denn er sieht aus wie das Matterhorn. Kurz nach 9 Uhr fuhren &hellip; <a href=\"https:\/\/www.adrianwood.ch\/?page_id=3133\" class=\"more-link\">Continue reading <span class=\"screen-reader-text\">04-28 Roque Imoque<\/span> <span class=\"meta-nav\">&rarr;<\/span><\/a><\/p>\n","protected":false},"author":1,"featured_media":0,"parent":3070,"menu_order":2475,"comment_status":"closed","ping_status":"closed","template":"","meta":{"ngg_post_thumbnail":0,"footnotes":""},"class_list":["post-3133","page","type-page","status-publish","hentry"],"_links":{"self":[{"href":"https:\/\/www.adrianwood.ch\/index.php?rest_route=\/wp\/v2\/pages\/3133","targetHints":{"allow":["GET"]}}],"collection":[{"href":"https:\/\/www.adrianwood.ch\/index.php?rest_route=\/wp\/v2\/pages"}],"about":[{"href":"https:\/\/www.adrianwood.ch\/index.php?rest_route=\/wp\/v2\/types\/page"}],"author":[{"embeddable":true,"href":"https:\/\/www.adrianwood.ch\/index.php?rest_route=\/wp\/v2\/users\/1"}],"replies":[{"embeddable":true,"href":"https:\/\/www.adrianwood.ch\/index.php?rest_route=%2Fwp%2Fv2%2Fcomments&post=3133"}],"version-history":[{"count":0,"href":"https:\/\/www.adrianwood.ch\/index.php?rest_route=\/wp\/v2\/pages\/3133\/revisions"}],"up":[{"embeddable":true,"href":"https:\/\/www.adrianwood.ch\/index.php?rest_route=\/wp\/v2\/pages\/3070"}],"wp:attachment":[{"href":"https:\/\/www.adrianwood.ch\/index.php?rest_route=%2Fwp%2Fv2%2Fmedia&parent=3133"}],"curies":[{"name":"wp","href":"https:\/\/api.w.org\/{rel}","templated":true}]}}

<h2>Montag, 28. April, Rund um den Roque Imoque</h2>
<p style="text-align: justify;">Die heutige Wanderung führte um einen sehr spitzen Berg im Gebiet von Adeje, einer der drei geologisch ältesten Formationen von Teneriffa. Obwohl er nur etwas mehr als 1100 m hoch ist, dominiert er das Gebiet, denn er sieht aus wie das Matterhorn.</p>
<p style="text-align: justify;"><img decoding="async" class="ngg-singlepic ngg-left" src="http://adrianwood.ch/wp-content/gallery/teneriffa04/image001_r3.jpg" alt="image001_r3" /><img decoding="async" class="ngg-singlepic ngg-left" src="http://adrianwood.ch/wp-content/gallery/teneriffa04/image003_r3.jpg" alt="image003_r3" />Kurz nach 9 Uhr fuhren wir mit unserem Bus gegen Arona. Das bedeutete eine Fahrt in vielen Kehren einen nicht sehr steilen Hang hinab. Der Himmel war wolkenlos. Etwa 1 km vor Arona liess uns der Busfahrer bei einem Restaurant aussteigen. Von da an ging es auf einem guten Weg sanft einen Hang hinauf, links der Barranco del Rey, dahinter der Roque Imoque, rechts etwas weiter entfernt die Strasse, die wir gekommen sind. Nach einem Trinkhalt kamen wir zu einem Haus, an dem ein Wegweiser zur Fuente de las Pilas zeigte.</p>
<p style="text-align: justify;"><img decoding="async" class="ngg-singlepic ngg-left" src="http://adrianwood.ch/wp-content/gallery/teneriffa04/image005_r3.jpg" alt="image005_r3" /><img decoding="async" class="ngg-singlepic ngg-left" src="http://adrianwood.ch/wp-content/gallery/teneriffa04/image007_r3.jpg" alt="image007_r3" />Hier stiegen wir auf gutem Weg ca. 30 m hinab in den Barranco del Rey. Mit einem kleinen Abstecher konnten wir eine in die Wand des Barranco gegrabene Wohnhöhle der Guanchen erreichen, die sich hinter viel Gestrüpp versteckte. Die Fuente (Quelle) haben wir nicht besucht, da der Weg dorthin ca. 200 m durch das (trockene) Bachbett, das vollständig mit grossen Steinen ausgelegt war, geführt hätte. Das wäre ein sehr beschwerliches Gehen gewesen.</p>
<p style="text-align: justify;"><img decoding="async" class="ngg-singlepic ngg-left" src="http://adrianwood.ch/wp-content/gallery/teneriffa04/image009_r3.jpg" alt="image009_r3" /><img decoding="async" class="ngg-singlepic ngg-left" src="http://adrianwood.ch/wp-content/gallery/teneriffa04/image011_r3.jpg" alt="image011_r3" />So stiegen wir auf der andern Seite hinauf und kamen bald zum Pass zwischen dem Roque Imoque und dem Roque de los Bezos. Hier befindet sich ein gut gepflegter Dreschplatz, von dem aus man einen prächtigen Blick zur stark überbauten Küste hat.</p>
<p style="text-align: justify;"><img decoding="async" class="ngg-singlepic ngg-left" src="http://adrianwood.ch/wp-content/gallery/teneriffa04/image013_r3.jpg" alt="image013_r3" /><img decoding="async" class="ngg-singlepic ngg-left" src="http://adrianwood.ch/wp-content/gallery/teneriffa04/image015_r3.jpg" alt="image015_r3" />Nach einem Trinkhalt führte uns der gute Weg in der Flanke des Roque Imoque hinunter zu einem zweiten Dreschplatz, wo wir unsere Mittagsrast abhielten. Nun begannen die Passatwolken aufzusteigen und hüllten das ganze Gebirge ein. Nur in Bruchstücken konnten wir noch „unseren“ Berg erkennen. Gegen das Meer und La Gomera dagegen blieb die Sicht frei. Nach der Rast folgte als Fortsetzung der Abstieg in den unteren Teil des Barranco del Rey. Auf der gegenüberliegenden Seite folgte ein steiler Aufstieg und bald kamen wir zu einem verfallenen Bauernhaus. Alle fotografierten den daneben stehenden gut restaurierten Brotofen. Bald darauf erreichten wir wieder „unsere“ Strasse und folgten ihr bis nach Arona hinein.</p>
<p style="text-align: justify;"><img decoding="async" class="ngg-singlepic ngg-left" src="http://adrianwood.ch/wp-content/gallery/teneriffa04/image017_r3.jpg" alt="image017_r3" /><img decoding="async" class="ngg-singlepic ngg-left" src="http://adrianwood.ch/wp-content/gallery/teneriffa04/image019_r3.jpg" alt="image019_r3" />Ein Schild „Centro histórico“ wies uns den Weg. In einem Gartenrestaurant konnten wir unseren Durst löschen.Die Botanik war auf dieser Wanderung sehr vielseitig und üppig. Unsere Wanderleiterin Marion hat uns die Pflanzen und die Geologie sehr gut erklärt, besonders auch den Unterschied zwischen den hiesigen Wolfsmilchgewächsen und den Kakteen aus der Neuen Welt. Viele Aeonien (Dickblattgewächse) säumten den Weg. Tiere haben wir keine angetroffen.<br />
<img decoding="async" class="ngg-singlepic ngg-left" src="http://adrianwood.ch/wp-content/gallery/teneriffa04/image021_r3.jpg" alt="image021_r3" /><img decoding="async" class="ngg-singlepic ngg-left" src="http://adrianwood.ch/wp-content/gallery/teneriffa04/image023_r3.jpg" alt="image023_r3" />Für das typisch kanarische Nachtessen gingen wir vom Hotel aus in einem halbstündigen Fussmarsch ins Restaurant „Rincón de Chasna“. Das ausgezeichnete und reichhaltige Essen schlossen wir ab mit einem Dessert aus Ziegenkäse und Feigenkonfitüre, einem Mousse aus Gofio (Mehl aus gerösteter Gerste, Mais oder anderen Getreidearten), einem Café oder Espresso und einem Orujo, einem spanischen Tresterschnaps (auch Grappa genannt).<br />
Hanspeter</p>
<p><img decoding="async" class="ngg-singlepic ngg-left" src="http://adrianwood.ch/wp-content/gallery/teneriffa04/image027_r7.jpg" alt="image027_r7" /></p>
<p>&nbsp;</p>

<p>Montag, 28. April, Rund um den Roque Imoque Die heutige Wanderung führte um einen sehr spitzen Berg im Gebiet von Adeje, einer der drei geologisch ältesten Formationen von Teneriffa. Obwohl er nur etwas mehr als 1100 m hoch ist, dominiert er das Gebiet, denn er sieht aus wie das Matterhorn. Kurz nach 9 Uhr fuhren &hellip; <a href="https://www.adrianwood.ch/?page_id=3133" class="more-link">Continue reading <span class="screen-reader-text">04-28 Roque Imoque</span> <span class="meta-nav">&rarr;</span></a></p>
