{"id":3165,"date":"2014-08-18T11:30:25","date_gmt":"2014-08-18T10:30:25","guid":{"rendered":"http:\/\/adrianwood.ch\/?page_id=3165"},"modified":"2014-08-18T11:30:25","modified_gmt":"2014-08-18T10:30:25","slug":"04-30-teno-gebirge","status":"publish","type":"page","link":"https:\/\/www.adrianwood.ch\/?page_id=3165","title":{"rendered":"04-30 Teno Gebirge"},"content":{"rendered":"<h2>Mittwoch 30.April, Teno Gebirge, Panoramaweg von Masca<\/h2>\n<p style=\"text-align: justify;\"><img decoding=\"async\" class=\"ngg-singlepic ngg-left\" src=\"http:\/\/adrianwood.ch\/wp-content\/gallery\/teneriffa07\/image003_r3.jpg\" alt=\"image003_r3\" \/><img decoding=\"async\" class=\"ngg-singlepic ngg-left\" src=\"http:\/\/adrianwood.ch\/wp-content\/gallery\/teneriffa07\/image001_r3.jpg\" alt=\"image001_r3\" \/>Wir fahren wieder um 9.00 h mit dem Bus los, der uns ins Teno Gebirge f\u00fchrt. Der Ausgangspunkt der Wanderung ist ein gr\u00fcnes Tal mit einigen Weihern beim Dorf Erjos. Wir steigen einen sanft ansteigenden, dicht bewachsenen Hang auf eine Krete hinauf, von wo wir sogar den Tiede erblicken k\u00f6nnen.<\/p>\n<p style=\"text-align: justify;\"><img decoding=\"async\" class=\"ngg-singlepic ngg-left\" src=\"http:\/\/adrianwood.ch\/wp-content\/gallery\/teneriffa07\/image005_r3.jpg\" alt=\"image005_r3\" \/><img decoding=\"async\" class=\"ngg-singlepic ngg-left\" src=\"http:\/\/adrianwood.ch\/wp-content\/gallery\/teneriffa07\/image007_r3.jpg\" alt=\"image007_r3\" \/>Wir wandern auf einer Schotterstasse durch einen Kiefernwald, wo es wunderbar duftet. Dann kommen wir an eine Abzweigung und m\u00fcssen auf einem steinigen Weg steil hinauf auf einen Grat steigen. Von hier oben bietet sich eine grossartige Aussicht au die Felsberge des Tenogebirges und die S\u00fcdk\u00fcste. Falls man etwas n\u00e4her an den Abgrund tritt erblickt man in der Tiefe das kleine Dorf Masca, das wir die n\u00e4chste Woche auch noch besuchen werden.<\/p>\n<p style=\"text-align: justify;\"><img decoding=\"async\" class=\"ngg-singlepic ngg-left\" src=\"http:\/\/adrianwood.ch\/wp-content\/gallery\/teneriffa07\/image009_r3.jpg\" alt=\"image009_r3\" \/><img decoding=\"async\" class=\"ngg-singlepic ngg-left\" src=\"http:\/\/adrianwood.ch\/wp-content\/gallery\/teneriffa07\/image011_r3.jpg\" alt=\"image011_r3\" \/>\u00dcber einen schmalen Pfad im Lavagestein wandern wir dem Hang entlang und treten sp\u00e4ter in den Erika- Loorbeerwald ein, wo es ganz d\u00fcster ist. In der Zwischenzeit sind auch die Wolken \u00fcber der K\u00fcste hier oben angelangt und es wir k\u00fchl. Wir kommen wieder aus dem Walde hinaus und sehen nochmals das Dorf Masca.<\/p>\n<p style=\"text-align: justify;\"><img decoding=\"async\" class=\"ngg-singlepic ngg-left\" src=\"http:\/\/adrianwood.ch\/wp-content\/gallery\/teneriffa07\/image013_r3.jpg\" alt=\"image013_r3\" \/><img decoding=\"async\" class=\"ngg-singlepic ngg-left\" src=\"http:\/\/adrianwood.ch\/wp-content\/gallery\/teneriffa07\/image015_r3.jpg\" alt=\"image015_r3\" \/>Dann treten wir wieder in den Wald ein und sehen zum ersten Mal die Kanaren Glockenblume, Canaria canariensis,, die orangefarbenen Nationalblume der Kanaren, \u201eBic\u00e1caro\u201c genannt. \u00d6fters tritt auch die Kanaren G\u00e4nsedistel, St\u00e4ngellose G\u00e4nsedistel (Sonchus acaulis Dum.-Cours) auf.<\/p>\n<p style=\"text-align: justify;\"><img decoding=\"async\" class=\"ngg-singlepic ngg-left\" src=\"http:\/\/adrianwood.ch\/wp-content\/gallery\/teneriffa07\/image017_r3.jpg\" alt=\"image017_r3\" \/><img decoding=\"async\" class=\"ngg-singlepic ngg-left\" src=\"http:\/\/adrianwood.ch\/wp-content\/gallery\/teneriffa07\/image019_r3.jpg\" alt=\"image019_r3\" \/>Wir wandern eine Zeitlang auf der Krete, kommen an einen dem Wind ausgesetzten Punkt, von wo wir gern hinuntersteigen ins Tal von El Palmar. Noch sind wir nicht an unserem Ziel. Es gehr noch weiter durch die gr\u00fcne Landschaft bis nach Patamero, wo uns ein fr\u00fches Abendessen mit Fischen serviert wird.<br \/>\nMarianne<\/p>\n<p><img decoding=\"async\" class=\"ngg-singlepic ngg-left\" src=\"http:\/\/adrianwood.ch\/wp-content\/gallery\/teneriffa07\/image021_r7.jpg\" alt=\"image021_r7\" \/><\/p>\n<p>&nbsp;<\/p>\n","protected":false},"excerpt":{"rendered":"<p>Mittwoch 30.April, Teno Gebirge, Panoramaweg von Masca Wir fahren wieder um 9.00 h mit dem Bus los, der uns ins Teno Gebirge f\u00fchrt. Der Ausgangspunkt der Wanderung ist ein gr\u00fcnes Tal mit einigen Weihern beim Dorf Erjos. Wir steigen einen sanft ansteigenden, dicht bewachsenen Hang auf eine Krete hinauf, von wo wir sogar den Tiede &hellip; <a href=\"https:\/\/www.adrianwood.ch\/?page_id=3165\" class=\"more-link\">Continue reading <span class=\"screen-reader-text\">04-30 Teno Gebirge<\/span> <span class=\"meta-nav\">&rarr;<\/span><\/a><\/p>\n","protected":false},"author":1,"featured_media":0,"parent":3070,"menu_order":2478,"comment_status":"closed","ping_status":"closed","template":"","meta":{"ngg_post_thumbnail":0,"footnotes":""},"class_list":["post-3165","page","type-page","status-publish","hentry"],"_links":{"self":[{"href":"https:\/\/www.adrianwood.ch\/index.php?rest_route=\/wp\/v2\/pages\/3165","targetHints":{"allow":["GET"]}}],"collection":[{"href":"https:\/\/www.adrianwood.ch\/index.php?rest_route=\/wp\/v2\/pages"}],"about":[{"href":"https:\/\/www.adrianwood.ch\/index.php?rest_route=\/wp\/v2\/types\/page"}],"author":[{"embeddable":true,"href":"https:\/\/www.adrianwood.ch\/index.php?rest_route=\/wp\/v2\/users\/1"}],"replies":[{"embeddable":true,"href":"https:\/\/www.adrianwood.ch\/index.php?rest_route=%2Fwp%2Fv2%2Fcomments&post=3165"}],"version-history":[{"count":0,"href":"https:\/\/www.adrianwood.ch\/index.php?rest_route=\/wp\/v2\/pages\/3165\/revisions"}],"up":[{"embeddable":true,"href":"https:\/\/www.adrianwood.ch\/index.php?rest_route=\/wp\/v2\/pages\/3070"}],"wp:attachment":[{"href":"https:\/\/www.adrianwood.ch\/index.php?rest_route=%2Fwp%2Fv2%2Fmedia&parent=3165"}],"curies":[{"name":"wp","href":"https:\/\/api.w.org\/{rel}","templated":true}]}}