{"id":3173,"date":"2014-08-18T11:55:13","date_gmt":"2014-08-18T10:55:13","guid":{"rendered":"http:\/\/adrianwood.ch\/?page_id=3173"},"modified":"2014-08-18T11:55:13","modified_gmt":"2014-08-18T10:55:13","slug":"05-02-arenas-negras","status":"publish","type":"page","link":"https:\/\/www.adrianwood.ch\/?page_id=3173","title":{"rendered":"05-02 Arenas Negras"},"content":{"rendered":"<h2>Freitag 2.Mai, Durch die Vulkanfelder von Arenas Negras<\/h2>\n<p style=\"text-align: justify;\">Der siebte Tag unserer Wanderferien f\u00fchrte uns ins Lavagebiet Arenas Negras. Start unserer Wanderung war in der jungvulkanischen Landschaft der Vulkane Garachico (1706m) und Chinyero (1909 m).<br \/>\n<img decoding=\"async\" class=\"ngg-singlepic ngg-left\" src=\"http:\/\/adrianwood.ch\/wp-content\/gallery\/teneriffa09\/image001_r3.jpg\" alt=\"image001_r3\" \/><img decoding=\"async\" class=\"ngg-singlepic ngg-left\" src=\"http:\/\/adrianwood.ch\/wp-content\/gallery\/teneriffa09\/image003_r3.jpg\" alt=\"image003_r3\" \/>Das Waldgebiet durch das unser Weg als erstes f\u00fchrte, La Montaneta wurde im Jahr 2007 von einem schlimmen Waldbrand heimgesucht. Einer der sch\u00f6nsten Wandergebiete der Insel war damals stark in Mitleidenschaft gezogen worden. Heute sieht ein grosser Teil des Waldes wieder besser aus. Durch schwarze Lavafelder wandern wir gem\u00e4chlich bergan. Das Gebiet ist eine Naturschutzzone und man darf die Wege nicht verlassen. Nach ca. 3\/4 Stunden endet unser Pfad und vor uns erblicken wir den Vulkan Garachico inmitten tiefdunkler Asche. In facettenreichem Dunkelbraun und Rot ragt er vor uns auf. Der Vulkan versch\u00fcttete im Jahre 1706 mit seinen Laven den gleichnamigen Handelshaven und zerst\u00f6rte ihn fast v\u00f6llig. Spaleonien die mit ihren goldgelben Bl\u00fcten wundersch\u00f6ne Farbkleckse in diese bizzare Lavalandschaft zaubern s\u00e4umen unsern Weg.<br \/>\n<img decoding=\"async\" class=\"ngg-singlepic ngg-left\" src=\"http:\/\/adrianwood.ch\/wp-content\/gallery\/teneriffa09\/image005_r7.jpg\" alt=\"image005_r7\" \/><img decoding=\"async\" class=\"ngg-singlepic ngg-left\" src=\"http:\/\/adrianwood.ch\/wp-content\/gallery\/teneriffa09\/image007_r3.jpg\" alt=\"image007_r3\" \/>Unser wohlverdientes Pic-Nic, das durfte nicht fehlen, genossen wir unter schattigen Kiefern. Anschliessend beim weiterwandern \u00fcberquerten wir den Canal Vergara der zu den wichtigsten Wasserversorgungskan\u00e4len der Insel geh\u00f6rt. Das Gruppenbild mit dem Garachico im Hintergrund durfte nat\u00fcrlich nicht fehlen!<br \/>\nEs ist eine wundersch\u00f6ne Landschaft, schwarzer Lavasand mit den zartgr\u00fcnen Kiefern und in der Ferne immer wieder gr\u00fcsst der Pico del Teide.<br \/>\nGem\u00e4chlich f\u00fchrte unser Weg leicht abw\u00e4rts durch Kiefernwald Richtung San Jos\u00e8 de Los Llanos. In einer Waldbar El Risco liessen wir es uns gem\u00fctlich sein.<br \/>\nEine sehr sch\u00f6ne Wanderung, nicht allzu anstrengend. Evi<\/p>\n<p style=\"text-align: justify;\"><img decoding=\"async\" class=\"ngg-singlepic ngg-left\" src=\"http:\/\/adrianwood.ch\/wp-content\/gallery\/teneriffa09\/image025_r7.jpg\" alt=\"image025_r7\" \/><\/p>\n<p>&nbsp;<\/p>\n","protected":false},"excerpt":{"rendered":"<p>Freitag 2.Mai, Durch die Vulkanfelder von Arenas Negras Der siebte Tag unserer Wanderferien f\u00fchrte uns ins Lavagebiet Arenas Negras. Start unserer Wanderung war in der jungvulkanischen Landschaft der Vulkane Garachico (1706m) und Chinyero (1909 m). Das Waldgebiet durch das unser Weg als erstes f\u00fchrte, La Montaneta wurde im Jahr 2007 von einem schlimmen Waldbrand heimgesucht. &hellip; <a href=\"https:\/\/www.adrianwood.ch\/?page_id=3173\" class=\"more-link\">Continue reading <span class=\"screen-reader-text\">05-02 Arenas Negras<\/span> <span class=\"meta-nav\">&rarr;<\/span><\/a><\/p>\n","protected":false},"author":1,"featured_media":0,"parent":3070,"menu_order":2480,"comment_status":"closed","ping_status":"closed","template":"","meta":{"ngg_post_thumbnail":0,"footnotes":""},"class_list":["post-3173","page","type-page","status-publish","hentry"],"_links":{"self":[{"href":"https:\/\/www.adrianwood.ch\/index.php?rest_route=\/wp\/v2\/pages\/3173","targetHints":{"allow":["GET"]}}],"collection":[{"href":"https:\/\/www.adrianwood.ch\/index.php?rest_route=\/wp\/v2\/pages"}],"about":[{"href":"https:\/\/www.adrianwood.ch\/index.php?rest_route=\/wp\/v2\/types\/page"}],"author":[{"embeddable":true,"href":"https:\/\/www.adrianwood.ch\/index.php?rest_route=\/wp\/v2\/users\/1"}],"replies":[{"embeddable":true,"href":"https:\/\/www.adrianwood.ch\/index.php?rest_route=%2Fwp%2Fv2%2Fcomments&post=3173"}],"version-history":[{"count":0,"href":"https:\/\/www.adrianwood.ch\/index.php?rest_route=\/wp\/v2\/pages\/3173\/revisions"}],"up":[{"embeddable":true,"href":"https:\/\/www.adrianwood.ch\/index.php?rest_route=\/wp\/v2\/pages\/3070"}],"wp:attachment":[{"href":"https:\/\/www.adrianwood.ch\/index.php?rest_route=%2Fwp%2Fv2%2Fmedia&parent=3173"}],"curies":[{"name":"wp","href":"https:\/\/api.w.org\/{rel}","templated":true}]}}