{"id":3177,"date":"2014-08-18T14:27:30","date_gmt":"2014-08-18T13:27:30","guid":{"rendered":"http:\/\/adrianwood.ch\/?page_id=3177"},"modified":"2014-08-18T14:27:30","modified_gmt":"2014-08-18T13:27:30","slug":"canadas-del-teide","status":"publish","type":"page","link":"https:\/\/www.adrianwood.ch\/?page_id=3177","title":{"rendered":"Canadas del Teide"},"content":{"rendered":"<figure id=\"attachment_3178\" aria-describedby=\"caption-attachment-3178\" style=\"width: 730px\" class=\"wp-caption alignleft\"><a href=\"http:\/\/adrianwood.ch\/wp-content\/uploads\/2014\/08\/TEN_0988_1_r7.jpg\"><img loading=\"lazy\" decoding=\"async\" class=\"size-full wp-image-3178\" src=\"http:\/\/adrianwood.ch\/wp-content\/uploads\/2014\/08\/TEN_0988_1_r7.jpg\" alt=\"Pico Viejo mit Gomera und El Hierro\" width=\"730\" height=\"486\" \/><\/a><figcaption id=\"caption-attachment-3178\" class=\"wp-caption-text\">Pico Viejo mit Gomera und El Hierro<\/figcaption><\/figure>\n<h2>Canadas &#8211; Pico del Teide und Pico Viejo<\/h2>\n<p><strong>8.Tag, Sa. 03.05.<\/strong> Pico del Teide und Pico Viejo Wanderzeit ca. 5,5 Std. \/Auf 170 m \/Ab 1570 m Auffahrt mit der Seilbahn auf 3555 m und kurze Aufstieg zum h\u00f6chsten Gipfel Spaniens, den Pico del Teide mit 3718 m H\u00f6he. Uns begleiten schwefelhaltige D\u00e4mpfe und eine spezielle Hochgebirgsflora. Auf der Spitze genie\u00dfen wir das ultimative Gipfelerlebnis mit der grandiosen Aussicht auf den kanarischen Archipel. Abstieg vom Teide zur Seilbahnstation (Abfahrt m\u00f6glich) und weiter \u00fcber dem Pico Viejo mit seinem m\u00e4chtigen Krater zum Parador. (\u00dc Puerto d. l. C.). Freies Abendessen in Puerto de la Cruz.<\/p>\n<p><strong>9. Tag, So. 04.05.<\/strong> Freie Tag. (\u00dc Puerto d. l. C.). Freies Abendessen in Puerto de la Cruz. ngg_shortcode_0_placeholder<\/p>\n<figure id=\"attachment_3179\" aria-describedby=\"caption-attachment-3179\" style=\"width: 848px\" class=\"wp-caption alignleft\"><a href=\"http:\/\/adrianwood.ch\/wp-content\/uploads\/2014\/08\/M7-Canadas-2_r8.jpg\"><img loading=\"lazy\" decoding=\"async\" class=\"size-full wp-image-3179\" src=\"http:\/\/adrianwood.ch\/wp-content\/uploads\/2014\/08\/M7-Canadas-2_r8.jpg\" alt=\"Nationalpark Teide\" width=\"848\" height=\"656\" \/><\/a><figcaption id=\"caption-attachment-3179\" class=\"wp-caption-text\">Nationalpark Teide<\/figcaption><\/figure>\n","protected":false},"excerpt":{"rendered":"<p>Canadas &#8211; Pico del Teide und Pico Viejo 8.Tag, Sa. 03.05. Pico del Teide und Pico Viejo Wanderzeit ca. 5,5 Std. \/Auf 170 m \/Ab 1570 m Auffahrt mit der Seilbahn auf 3555 m und kurze Aufstieg zum h\u00f6chsten Gipfel Spaniens, den Pico del Teide mit 3718 m H\u00f6he. Uns begleiten schwefelhaltige D\u00e4mpfe und eine &hellip; <a href=\"https:\/\/www.adrianwood.ch\/?page_id=3177\" class=\"more-link\">Continue reading <span class=\"screen-reader-text\">Canadas del Teide<\/span> <span class=\"meta-nav\">&rarr;<\/span><\/a><\/p>\n","protected":false},"author":1,"featured_media":0,"parent":3070,"menu_order":2481,"comment_status":"closed","ping_status":"closed","template":"","meta":{"ngg_post_thumbnail":0,"footnotes":""},"class_list":["post-3177","page","type-page","status-publish","hentry"],"_links":{"self":[{"href":"https:\/\/www.adrianwood.ch\/index.php?rest_route=\/wp\/v2\/pages\/3177","targetHints":{"allow":["GET"]}}],"collection":[{"href":"https:\/\/www.adrianwood.ch\/index.php?rest_route=\/wp\/v2\/pages"}],"about":[{"href":"https:\/\/www.adrianwood.ch\/index.php?rest_route=\/wp\/v2\/types\/page"}],"author":[{"embeddable":true,"href":"https:\/\/www.adrianwood.ch\/index.php?rest_route=\/wp\/v2\/users\/1"}],"replies":[{"embeddable":true,"href":"https:\/\/www.adrianwood.ch\/index.php?rest_route=%2Fwp%2Fv2%2Fcomments&post=3177"}],"version-history":[{"count":0,"href":"https:\/\/www.adrianwood.ch\/index.php?rest_route=\/wp\/v2\/pages\/3177\/revisions"}],"up":[{"embeddable":true,"href":"https:\/\/www.adrianwood.ch\/index.php?rest_route=\/wp\/v2\/pages\/3070"}],"wp:attachment":[{"href":"https:\/\/www.adrianwood.ch\/index.php?rest_route=%2Fwp%2Fv2%2Fmedia&parent=3177"}],"curies":[{"name":"wp","href":"https:\/\/api.w.org\/{rel}","templated":true}]}}