{"id":3239,"date":"2014-08-19T09:40:24","date_gmt":"2014-08-19T08:40:24","guid":{"rendered":"http:\/\/adrianwood.ch\/?page_id=3239"},"modified":"2014-08-19T09:40:24","modified_gmt":"2014-08-19T08:40:24","slug":"05-06-englandergipfel","status":"publish","type":"page","link":"https:\/\/www.adrianwood.ch\/?page_id=3239","title":{"rendered":"05-06 Engl\u00e4ndergipfel"},"content":{"rendered":"<h2>Dienstag 6.Mai, Engl\u00e4ndergipfel \u2013 Santa Creuz<\/h2>\n<p style=\"text-align: justify;\">Heute Wechsel der Unterkunft von Puerto de la Cruz nach Punta del Hidalgo.<br \/>\nUm 9 Uhr waren die 30 Teilnehmer an der abgemachten Stelle und warteten auf den Bus.<br \/>\nSchon um 9h12 Uhr waren alle Passagiere und Koffer verstaut und los ging die Fahrt. Wir fuhren \u00fcber die Autobahn in Richtung Osten, der Sonne entgegen, die sich anfangs auch zeigte, sich dann aber, als wir uns dem Anaga-Gebirge n\u00e4herten, von den Wolken geschlagen geben musste. Als nach einer Stunde Fahrt die geplante Ausstiegsstelle kam, \u00e4nderte Marion den Wanderplan, denn wir waren total im Nebel. So fuhren wir ein St\u00fcck weiter und machten nun die Wanderung, welche f\u00fcr den 8. Mai geplant war. Unser Wanderweg ist eine alte Handelsroute, die schon die Guanchen, die Ureinwohner von Teneriffa, benutzten, um vom Meer \u00fcber das Anaga Gebirge nach Norden zu gelangen.<br \/>\nIm Bus gab es eine grosse Diskussion \u00fcber die zwei M\u00f6glichkeiten: Kulturprogramm in La Laguna oder 900 m Abstieg zum Meer in die N\u00e4he von Santa Cruz. Eine Bemerkung vorweg: Mit der Besichtigung von La Laguna waren alle sehr zufrieden.<\/p>\n<p style=\"text-align: justify;\"><img decoding=\"async\" class=\"ngg-singlepic ngg-left\" src=\"http:\/\/adrianwood.ch\/wp-content\/gallery\/teneriffa15\/image001_r3.jpg\" alt=\"image001_r3\" \/><img decoding=\"async\" class=\"ngg-singlepic ngg-left\" src=\"http:\/\/adrianwood.ch\/wp-content\/gallery\/teneriffa15\/image003_r3.jpg\" alt=\"image003_r3\" \/>Die Wanderer mussten sich recht warm anziehen, denn es war sehr k\u00fchl, neblig und windig. Um 10.25 Uhr waren wir so weit angezogen und startklar. Zuerst liefen wir unter Lorbeer- und Erikab\u00e4umen, die sich \u00fcber uns schlossen.<br \/>\nDie Wolkenmelkmaschine lief heute auf Hochtouren; die Lorbeer-, Erikab\u00e4ume und sonstige Pflanzen, wie die Kanarische Kiefer mit ihren bis zu 25cm langen Nadeln, sind darin Weltmeister. Sie kondensieren das Wasser aus den Wolken. Es tropfte aus dem Nebel und der Boden war nass. Marion erz\u00e4hlte von den Besonderheiten des Anaga Gebirges, wir aber hatten kalt und wollten nicht so lange stehen bleiben, und w\u00e4ren lieber weiter gelaufen.<\/p>\n<p style=\"text-align: justify;\"><img decoding=\"async\" class=\"ngg-singlepic ngg-left\" src=\"http:\/\/adrianwood.ch\/wp-content\/gallery\/teneriffa15\/image005_r3.jpg\" alt=\"image005_r3\" \/><img decoding=\"async\" class=\"ngg-singlepic ngg-left\" src=\"http:\/\/adrianwood.ch\/wp-content\/gallery\/teneriffa15\/image007_r3.jpg\" alt=\"image007_r3\" \/>Sie sagte, sogar mitten im Hochsommer kann es so k\u00fchl sein, die Jahresdurchschnittstemperatur liegt zwischen 16 und 18 Grad. F\u00fcr mich war diese K\u00fchle und N\u00e4sse auf so einer s\u00fcdlichen warmen Insel sehr speziell und ich fand es toll, das erleben zu d\u00fcrfen.<br \/>\nLeider hat diese Besonderheit nicht lange angehalten, denn der Wald lichtete sich. Nach gut einer Stunde dr\u00fcckte dann die Sonne durch und wir konnten schon das Meer bei Santa Cruz und das weisse Segelgeb\u00e4ude von Calatrava in der Ferne erblicken.<\/p>\n<p style=\"text-align: justify;\"><img decoding=\"async\" class=\"ngg-singlepic ngg-left\" src=\"http:\/\/adrianwood.ch\/wp-content\/gallery\/teneriffa15\/image009_r3.jpg\" alt=\"image009_r3\" \/><img decoding=\"async\" class=\"ngg-singlepic ngg-left\" src=\"http:\/\/adrianwood.ch\/wp-content\/gallery\/teneriffa15\/image011_r3.jpg\" alt=\"image011_r3\" \/>Die Vegetation wechselte und die ersten Aeonien zeigten sich. Aeonien sind sukkulente Pflanzen aus Nordafrika, die in den dicken Bl\u00e4ttern Wasser speichern k\u00f6nnen.<br \/>\nMarion konnte uns mit ihrem grossen Wissen vieles zeigen und die Hintergr\u00fcnde erkl\u00e4ren. So erz\u00e4hlte sie uns von dem Drachenbaum, welchen man an vielen Orten auf Teneriffa sehen kann. Den Saft des Drachenbaums verwendeten die Guanchen zur Mumifizierung ihrer Toten. Er entzieht dem toten K\u00f6rper die Fl\u00fcssigkeit.<br \/>\nJe weiter wir nach unten kamen, desto w\u00e4rmer wurde es. Der angenehme Wind begleitete uns noch etwas l\u00e4nger.<\/p>\n<p style=\"text-align: justify;\"><img decoding=\"async\" class=\"ngg-singlepic ngg-left\" src=\"http:\/\/adrianwood.ch\/wp-content\/gallery\/teneriffa15\/image013_r3.jpg\" alt=\"image013_r3\" \/><img decoding=\"async\" class=\"ngg-singlepic ngg-left\" src=\"http:\/\/adrianwood.ch\/wp-content\/gallery\/teneriffa15\/image015_r3.jpg\" alt=\"image015_r3\" \/>Von 12.30 Uhr bis 13.00 Uhr machten wir eine Mittagspause, die aber nur zur Nahrungsaufnahme diente, denn es ging bald weiter. Sp\u00e4ter verliess uns leider auch der Wind und nun wurde es recht heiss. Alle freuten sich, als wir schliesslich an einem bescheidenen Ort um 15.25 Uhr ein Bier in gek\u00fchlten Gl\u00e4sern geniessen konnten und eine Sitzgelegenheit bekamen, so dass sich auch unsere Beine erholen konnten.<br \/>\nDie Pausen sind bei Marion recht bescheiden, denn richtig gegessen wird bei ihr erst am Abend. So bleibt ihr Rucksack leichter und sie muss auch keine Sandwiches organisieren.<br \/>\n<img decoding=\"async\" class=\"ngg-singlepic ngg-left\" src=\"http:\/\/adrianwood.ch\/wp-content\/gallery\/teneriffa15\/image017_r3.jpg\" alt=\"image017_r3\" \/>Am Meer erwarteten uns dann der Bus und der andere Teil der Gruppe. Sie berichteten begeistert von La Laguna, der ersten Hauptstadt von Teneriffa.<br \/>\nNun fuhren wir zum Hotel Oc\u00e9ano, ein tolles vier Stern Hotel direkt am Meer in Punta del Hidalgo. Dort konnten wir in einem 25 Grad warmen Salzwasserpool mit Wellnessbereich unsere K\u00f6rper und Seelen baumeln zu lassen. An diesem sch\u00f6nen Ort durften wir auch das Abendessen einnehmen und wurden dabei sehr verw\u00f6hnt.<br \/>\nEs war eine sch\u00f6ne aber auch anspruchsvolle 4\u00bd h Wanderung. Mir hat sie sehr gefallen.<br \/>\nDanke. Brigitte He.<\/p>\n<p><img decoding=\"async\" class=\"ngg-singlepic ngg-left\" src=\"http:\/\/adrianwood.ch\/wp-content\/gallery\/teneriffa15\/image021_r7.jpg\" alt=\"image021_r7\" \/><\/p>\n<p style=\"text-align: justify;\">\n","protected":false},"excerpt":{"rendered":"<p>Dienstag 6.Mai, Engl\u00e4ndergipfel \u2013 Santa Creuz Heute Wechsel der Unterkunft von Puerto de la Cruz nach Punta del Hidalgo. Um 9 Uhr waren die 30 Teilnehmer an der abgemachten Stelle und warteten auf den Bus. Schon um 9h12 Uhr waren alle Passagiere und Koffer verstaut und los ging die Fahrt. Wir fuhren \u00fcber die Autobahn &hellip; <a href=\"https:\/\/www.adrianwood.ch\/?page_id=3239\" class=\"more-link\">Continue reading <span class=\"screen-reader-text\">05-06 Engl\u00e4ndergipfel<\/span> <span class=\"meta-nav\">&rarr;<\/span><\/a><\/p>\n","protected":false},"author":1,"featured_media":0,"parent":3070,"menu_order":2487,"comment_status":"closed","ping_status":"closed","template":"","meta":{"ngg_post_thumbnail":0,"footnotes":""},"class_list":["post-3239","page","type-page","status-publish","hentry"],"_links":{"self":[{"href":"https:\/\/www.adrianwood.ch\/index.php?rest_route=\/wp\/v2\/pages\/3239","targetHints":{"allow":["GET"]}}],"collection":[{"href":"https:\/\/www.adrianwood.ch\/index.php?rest_route=\/wp\/v2\/pages"}],"about":[{"href":"https:\/\/www.adrianwood.ch\/index.php?rest_route=\/wp\/v2\/types\/page"}],"author":[{"embeddable":true,"href":"https:\/\/www.adrianwood.ch\/index.php?rest_route=\/wp\/v2\/users\/1"}],"replies":[{"embeddable":true,"href":"https:\/\/www.adrianwood.ch\/index.php?rest_route=%2Fwp%2Fv2%2Fcomments&post=3239"}],"version-history":[{"count":0,"href":"https:\/\/www.adrianwood.ch\/index.php?rest_route=\/wp\/v2\/pages\/3239\/revisions"}],"up":[{"embeddable":true,"href":"https:\/\/www.adrianwood.ch\/index.php?rest_route=\/wp\/v2\/pages\/3070"}],"wp:attachment":[{"href":"https:\/\/www.adrianwood.ch\/index.php?rest_route=%2Fwp%2Fv2%2Fmedia&parent=3239"}],"curies":[{"name":"wp","href":"https:\/\/api.w.org\/{rel}","templated":true}]}}

05-06 Engländergipfel

<h2>Dienstag 6.Mai, Engländergipfel – Santa Creuz</h2>
<p style="text-align: justify;">Heute Wechsel der Unterkunft von Puerto de la Cruz nach Punta del Hidalgo.<br />
Um 9 Uhr waren die 30 Teilnehmer an der abgemachten Stelle und warteten auf den Bus.<br />
Schon um 9h12 Uhr waren alle Passagiere und Koffer verstaut und los ging die Fahrt. Wir fuhren über die Autobahn in Richtung Osten, der Sonne entgegen, die sich anfangs auch zeigte, sich dann aber, als wir uns dem Anaga-Gebirge näherten, von den Wolken geschlagen geben musste. Als nach einer Stunde Fahrt die geplante Ausstiegsstelle kam, änderte Marion den Wanderplan, denn wir waren total im Nebel. So fuhren wir ein Stück weiter und machten nun die Wanderung, welche für den 8. Mai geplant war. Unser Wanderweg ist eine alte Handelsroute, die schon die Guanchen, die Ureinwohner von Teneriffa, benutzten, um vom Meer über das Anaga Gebirge nach Norden zu gelangen.<br />
Im Bus gab es eine grosse Diskussion über die zwei Möglichkeiten: Kulturprogramm in La Laguna oder 900 m Abstieg zum Meer in die Nähe von Santa Cruz. Eine Bemerkung vorweg: Mit der Besichtigung von La Laguna waren alle sehr zufrieden.</p>
<p style="text-align: justify;"><img decoding="async" class="ngg-singlepic ngg-left" src="http://adrianwood.ch/wp-content/gallery/teneriffa15/image001_r3.jpg" alt="image001_r3" /><img decoding="async" class="ngg-singlepic ngg-left" src="http://adrianwood.ch/wp-content/gallery/teneriffa15/image003_r3.jpg" alt="image003_r3" />Die Wanderer mussten sich recht warm anziehen, denn es war sehr kühl, neblig und windig. Um 10.25 Uhr waren wir so weit angezogen und startklar. Zuerst liefen wir unter Lorbeer- und Erikabäumen, die sich über uns schlossen.<br />
Die Wolkenmelkmaschine lief heute auf Hochtouren; die Lorbeer-, Erikabäume und sonstige Pflanzen, wie die Kanarische Kiefer mit ihren bis zu 25cm langen Nadeln, sind darin Weltmeister. Sie kondensieren das Wasser aus den Wolken. Es tropfte aus dem Nebel und der Boden war nass. Marion erzählte von den Besonderheiten des Anaga Gebirges, wir aber hatten kalt und wollten nicht so lange stehen bleiben, und wären lieber weiter gelaufen.</p>
<p style="text-align: justify;"><img decoding="async" class="ngg-singlepic ngg-left" src="http://adrianwood.ch/wp-content/gallery/teneriffa15/image005_r3.jpg" alt="image005_r3" /><img decoding="async" class="ngg-singlepic ngg-left" src="http://adrianwood.ch/wp-content/gallery/teneriffa15/image007_r3.jpg" alt="image007_r3" />Sie sagte, sogar mitten im Hochsommer kann es so kühl sein, die Jahresdurchschnittstemperatur liegt zwischen 16 und 18 Grad. Für mich war diese Kühle und Nässe auf so einer südlichen warmen Insel sehr speziell und ich fand es toll, das erleben zu dürfen.<br />
Leider hat diese Besonderheit nicht lange angehalten, denn der Wald lichtete sich. Nach gut einer Stunde drückte dann die Sonne durch und wir konnten schon das Meer bei Santa Cruz und das weisse Segelgebäude von Calatrava in der Ferne erblicken.</p>
<p style="text-align: justify;"><img decoding="async" class="ngg-singlepic ngg-left" src="http://adrianwood.ch/wp-content/gallery/teneriffa15/image009_r3.jpg" alt="image009_r3" /><img decoding="async" class="ngg-singlepic ngg-left" src="http://adrianwood.ch/wp-content/gallery/teneriffa15/image011_r3.jpg" alt="image011_r3" />Die Vegetation wechselte und die ersten Aeonien zeigten sich. Aeonien sind sukkulente Pflanzen aus Nordafrika, die in den dicken Blättern Wasser speichern können.<br />
Marion konnte uns mit ihrem grossen Wissen vieles zeigen und die Hintergründe erklären. So erzählte sie uns von dem Drachenbaum, welchen man an vielen Orten auf Teneriffa sehen kann. Den Saft des Drachenbaums verwendeten die Guanchen zur Mumifizierung ihrer Toten. Er entzieht dem toten Körper die Flüssigkeit.<br />
Je weiter wir nach unten kamen, desto wärmer wurde es. Der angenehme Wind begleitete uns noch etwas länger.</p>
<p style="text-align: justify;"><img decoding="async" class="ngg-singlepic ngg-left" src="http://adrianwood.ch/wp-content/gallery/teneriffa15/image013_r3.jpg" alt="image013_r3" /><img decoding="async" class="ngg-singlepic ngg-left" src="http://adrianwood.ch/wp-content/gallery/teneriffa15/image015_r3.jpg" alt="image015_r3" />Von 12.30 Uhr bis 13.00 Uhr machten wir eine Mittagspause, die aber nur zur Nahrungsaufnahme diente, denn es ging bald weiter. Später verliess uns leider auch der Wind und nun wurde es recht heiss. Alle freuten sich, als wir schliesslich an einem bescheidenen Ort um 15.25 Uhr ein Bier in gekühlten Gläsern geniessen konnten und eine Sitzgelegenheit bekamen, so dass sich auch unsere Beine erholen konnten.<br />
Die Pausen sind bei Marion recht bescheiden, denn richtig gegessen wird bei ihr erst am Abend. So bleibt ihr Rucksack leichter und sie muss auch keine Sandwiches organisieren.<br />
<img decoding="async" class="ngg-singlepic ngg-left" src="http://adrianwood.ch/wp-content/gallery/teneriffa15/image017_r3.jpg" alt="image017_r3" />Am Meer erwarteten uns dann der Bus und der andere Teil der Gruppe. Sie berichteten begeistert von La Laguna, der ersten Hauptstadt von Teneriffa.<br />
Nun fuhren wir zum Hotel Océano, ein tolles vier Stern Hotel direkt am Meer in Punta del Hidalgo. Dort konnten wir in einem 25 Grad warmen Salzwasserpool mit Wellnessbereich unsere Körper und Seelen baumeln zu lassen. An diesem schönen Ort durften wir auch das Abendessen einnehmen und wurden dabei sehr verwöhnt.<br />
Es war eine schöne aber auch anspruchsvolle 4½ h Wanderung. Mir hat sie sehr gefallen.<br />
Danke. Brigitte He.</p>
<p><img decoding="async" class="ngg-singlepic ngg-left" src="http://adrianwood.ch/wp-content/gallery/teneriffa15/image021_r7.jpg" alt="image021_r7" /></p>
<p style="text-align: justify;">

<p>Dienstag 6.Mai, Engländergipfel – Santa Creuz Heute Wechsel der Unterkunft von Puerto de la Cruz nach Punta del Hidalgo. Um 9 Uhr waren die 30 Teilnehmer an der abgemachten Stelle und warteten auf den Bus. Schon um 9h12 Uhr waren alle Passagiere und Koffer verstaut und los ging die Fahrt. Wir fuhren über die Autobahn &hellip; <a href="https://www.adrianwood.ch/?page_id=3239" class="more-link">Continue reading <span class="screen-reader-text">05-06 Engländergipfel</span> <span class="meta-nav">&rarr;</span></a></p>
