{"id":3263,"date":"2014-08-25T12:04:49","date_gmt":"2014-08-25T11:04:49","guid":{"rendered":"http:\/\/adrianwood.ch\/?page_id=3263"},"modified":"2014-08-25T12:04:49","modified_gmt":"2014-08-25T11:04:49","slug":"sudkuste-el-medano","status":"publish","type":"page","link":"https:\/\/www.adrianwood.ch\/?page_id=3263","title":{"rendered":"S\u00fcdk\u00fcste, El Medano"},"content":{"rendered":"<figure id=\"attachment_3264\" aria-describedby=\"caption-attachment-3264\" style=\"width: 730px\" class=\"wp-caption alignleft\"><a href=\"http:\/\/adrianwood.ch\/wp-content\/uploads\/2014\/08\/TEN_2099_r7.jpg\"><img loading=\"lazy\" decoding=\"async\" class=\"size-full wp-image-3264\" src=\"http:\/\/adrianwood.ch\/wp-content\/uploads\/2014\/08\/TEN_2099_r7.jpg\" alt=\"Tejita Strand von Monte Roja\" width=\"730\" height=\"487\" \/><\/a><figcaption id=\"caption-attachment-3264\" class=\"wp-caption-text\">Tejita Strand von Monte Roja<\/figcaption><\/figure>\n<h2>\u00a0El Medano<\/h2>\n<p><strong>14. Tag, Fr. 09.05.<\/strong> freier Tag. Transfer von Puerto de la Creuz nach El Medano an der S\u00fcdk\u00fcste. Nachmittag frei. M\u00f6glicherweise Besteigung der Monte Roja 173 m. Wanderzeit ca 2 Std. Badem\u00f6glichkeit. (\u00dc El Medano) Abendessen in El Medano frei.<br \/>\n<strong>15. Tag, Sa. 10.05.<\/strong> Vormittag frei. Abreise sp\u00e4t Nachmittag, R\u00fcckflug in die Schweiz. ngg_shortcode_0_placeholder<\/p>\n<figure id=\"attachment_3265\" aria-describedby=\"caption-attachment-3265\" style=\"width: 848px\" class=\"wp-caption alignleft\"><a href=\"http:\/\/adrianwood.ch\/wp-content\/uploads\/2014\/08\/M9-Medano-1_r8.jpg\"><img loading=\"lazy\" decoding=\"async\" class=\"size-full wp-image-3265\" src=\"http:\/\/adrianwood.ch\/wp-content\/uploads\/2014\/08\/M9-Medano-1_r8.jpg\" alt=\"der S\u00fcdk\u00fcste\" width=\"848\" height=\"736\" \/><\/a><figcaption id=\"caption-attachment-3265\" class=\"wp-caption-text\">der S\u00fcdk\u00fcste<\/figcaption><\/figure>\n<p>&nbsp;<\/p>\n","protected":false},"excerpt":{"rendered":"<p>\u00a0El Medano 14. Tag, Fr. 09.05. freier Tag. Transfer von Puerto de la Creuz nach El Medano an der S\u00fcdk\u00fcste. Nachmittag frei. M\u00f6glicherweise Besteigung der Monte Roja 173 m. Wanderzeit ca 2 Std. Badem\u00f6glichkeit. (\u00dc El Medano) Abendessen in El Medano frei. 15. Tag, Sa. 10.05. Vormittag frei. Abreise sp\u00e4t Nachmittag, R\u00fcckflug in die Schweiz. &hellip; <a href=\"https:\/\/www.adrianwood.ch\/?page_id=3263\" class=\"more-link\">Continue reading <span class=\"screen-reader-text\">S\u00fcdk\u00fcste, El Medano<\/span> <span class=\"meta-nav\">&rarr;<\/span><\/a><\/p>\n","protected":false},"author":1,"featured_media":0,"parent":3070,"menu_order":2491,"comment_status":"closed","ping_status":"closed","template":"","meta":{"ngg_post_thumbnail":0,"footnotes":""},"class_list":["post-3263","page","type-page","status-publish","hentry"],"_links":{"self":[{"href":"https:\/\/www.adrianwood.ch\/index.php?rest_route=\/wp\/v2\/pages\/3263","targetHints":{"allow":["GET"]}}],"collection":[{"href":"https:\/\/www.adrianwood.ch\/index.php?rest_route=\/wp\/v2\/pages"}],"about":[{"href":"https:\/\/www.adrianwood.ch\/index.php?rest_route=\/wp\/v2\/types\/page"}],"author":[{"embeddable":true,"href":"https:\/\/www.adrianwood.ch\/index.php?rest_route=\/wp\/v2\/users\/1"}],"replies":[{"embeddable":true,"href":"https:\/\/www.adrianwood.ch\/index.php?rest_route=%2Fwp%2Fv2%2Fcomments&post=3263"}],"version-history":[{"count":0,"href":"https:\/\/www.adrianwood.ch\/index.php?rest_route=\/wp\/v2\/pages\/3263\/revisions"}],"up":[{"embeddable":true,"href":"https:\/\/www.adrianwood.ch\/index.php?rest_route=\/wp\/v2\/pages\/3070"}],"wp:attachment":[{"href":"https:\/\/www.adrianwood.ch\/index.php?rest_route=%2Fwp%2Fv2%2Fmedia&parent=3263"}],"curies":[{"name":"wp","href":"https:\/\/api.w.org\/{rel}","templated":true}]}}

Südküste, El Medano

<figure id="attachment_3264" aria-describedby="caption-attachment-3264" style="width: 730px" class="wp-caption alignleft"><a href="http://adrianwood.ch/wp-content/uploads/2014/08/TEN_2099_r7.jpg"><img loading="lazy" decoding="async" class="size-full wp-image-3264" src="http://adrianwood.ch/wp-content/uploads/2014/08/TEN_2099_r7.jpg" alt="Tejita Strand von Monte Roja" width="730" height="487" /></a><figcaption id="caption-attachment-3264" class="wp-caption-text">Tejita Strand von Monte Roja</figcaption></figure>
<h2> El Medano</h2>
<p><strong>14. Tag, Fr. 09.05.</strong> freier Tag. Transfer von Puerto de la Creuz nach El Medano an der Südküste. Nachmittag frei. Möglicherweise Besteigung der Monte Roja 173 m. Wanderzeit ca 2 Std. Bademöglichkeit. (Ü El Medano) Abendessen in El Medano frei.<br />
<strong>15. Tag, Sa. 10.05.</strong> Vormittag frei. Abreise spät Nachmittag, Rückflug in die Schweiz. ngg_shortcode_0_placeholder</p>
<figure id="attachment_3265" aria-describedby="caption-attachment-3265" style="width: 848px" class="wp-caption alignleft"><a href="http://adrianwood.ch/wp-content/uploads/2014/08/M9-Medano-1_r8.jpg"><img loading="lazy" decoding="async" class="size-full wp-image-3265" src="http://adrianwood.ch/wp-content/uploads/2014/08/M9-Medano-1_r8.jpg" alt="der Südküste" width="848" height="736" /></a><figcaption id="caption-attachment-3265" class="wp-caption-text">der Südküste</figcaption></figure>
<p>&nbsp;</p>

<p> El Medano 14. Tag, Fr. 09.05. freier Tag. Transfer von Puerto de la Creuz nach El Medano an der Südküste. Nachmittag frei. Möglicherweise Besteigung der Monte Roja 173 m. Wanderzeit ca 2 Std. Bademöglichkeit. (Ü El Medano) Abendessen in El Medano frei. 15. Tag, Sa. 10.05. Vormittag frei. Abreise spät Nachmittag, Rückflug in die Schweiz. &hellip; <a href="https://www.adrianwood.ch/?page_id=3263" class="more-link">Continue reading <span class="screen-reader-text">Südküste, El Medano</span> <span class="meta-nav">&rarr;</span></a></p>
