{"id":3331,"date":"2014-11-24T12:37:16","date_gmt":"2014-11-24T11:37:16","guid":{"rendered":"http:\/\/adrianwood.ch\/?page_id=3331"},"modified":"2014-11-24T12:37:16","modified_gmt":"2014-11-24T11:37:16","slug":"10-11-leros","status":"publish","type":"page","link":"https:\/\/www.adrianwood.ch\/?page_id=3331","title":{"rendered":"10 11 Leros"},"content":{"rendered":"<figure id=\"attachment_3332\" aria-describedby=\"caption-attachment-3332\" style=\"width: 730px\" class=\"wp-caption alignleft\"><a href=\"http:\/\/adrianwood.ch\/wp-content\/uploads\/2014\/11\/DOD_0959_r7.jpg\"><img loading=\"lazy\" decoding=\"async\" class=\"size-full wp-image-3332\" src=\"http:\/\/adrianwood.ch\/wp-content\/uploads\/2014\/11\/DOD_0959_r7.jpg\" alt=\"Bucht von Alinda, Leros\" width=\"730\" height=\"487\" \/><\/a><figcaption id=\"caption-attachment-3332\" class=\"wp-caption-text\">Bucht von Alinda, Leros<\/figcaption><\/figure>\n<h2>Leros<\/h2>\n<p style=\"text-align: justify;\"><strong>11.Okt: Agia Marina-Panteli-Lakki<\/strong><\/p>\n<p style=\"text-align: justify;\">Der Hotelbus brachte uns zu unserem Wanderausgangspunkt nach Agia Marina, wo die Damen die Einkaufsm\u00f6glichkeiten erforscht haben. Die Wanderung f\u00fchrte uns von dem Ort\/oder der Ortschaft Platanos, mit ihrem h\u00fcbschen Marktplatz, \u00fcber eine Steintreppe mit 300 Stufen zum Kastell Panteli, wo wir die Klosterkirche besucht haben. Eine Reihe von alte alten Windm\u00fchlen, die an mehreren Orten auf den Inseln vorkommen, steht auf einem Sattel s\u00fcdlich vom Kastell. In Panteli Hafen konnten wir Mittagessen nehmen und baden bevor es weiter nach Lakki ging. R\u00fcckfahrt mit dem Bus nach Agia Marina zum Abendessen in einer Taverne und dann zu Fuss nach Alinda.<\/p>\n<p style=\"text-align: justify;\"><strong>13.Okt: Agios Nikolaos-Agios Isidoros-Alinda<\/strong><br \/>\nUnsere heutige Wanderung f\u00fchrte uns nach der ganz allein stehenden Kapelle Agios Nikolaos. Dort in einer kleinen, verlassenen Bucht hatten wir wieder Gelegenheit zum Baden. Es ging weiter durch trockene Agrarlandschaft, zur Kapelle Agios Isidoros auf eine kleine Insel, die nur \u00fcber einen fast \u00fcberfluteten Betonsteg erreichbar war. In eine Taverne an der Westk\u00fcste haben wir gegessen, \u00fcberquerten dann die Insel und liefen weiter der Ostk\u00fcste entlang bis zum Hotel. Sch\u00f6ne Abendstimmung \u00fcber den Bucht von Agia Marina. ngg_shortcode_0_placeholder<\/p>\n<figure id=\"attachment_3333\" aria-describedby=\"caption-attachment-3333\" style=\"width: 858px\" class=\"wp-caption alignleft\"><a href=\"http:\/\/adrianwood.ch\/wp-content\/uploads\/2014\/11\/Leros-Map_r8.jpg\"><img loading=\"lazy\" decoding=\"async\" class=\"size-full wp-image-3333\" src=\"http:\/\/adrianwood.ch\/wp-content\/uploads\/2014\/11\/Leros-Map_r8.jpg\" alt=\"Leros\" width=\"858\" height=\"852\" \/><\/a><figcaption id=\"caption-attachment-3333\" class=\"wp-caption-text\">Leros<\/figcaption><\/figure>\n","protected":false},"excerpt":{"rendered":"<p>Leros 11.Okt: Agia Marina-Panteli-Lakki Der Hotelbus brachte uns zu unserem Wanderausgangspunkt nach Agia Marina, wo die Damen die Einkaufsm\u00f6glichkeiten erforscht haben. Die Wanderung f\u00fchrte uns von dem Ort\/oder der Ortschaft Platanos, mit ihrem h\u00fcbschen Marktplatz, \u00fcber eine Steintreppe mit 300 Stufen zum Kastell Panteli, wo wir die Klosterkirche besucht haben. Eine Reihe von alte alten &hellip; <a href=\"https:\/\/www.adrianwood.ch\/?page_id=3331\" class=\"more-link\">Continue reading <span class=\"screen-reader-text\">10 11 Leros<\/span> <span class=\"meta-nav\">&rarr;<\/span><\/a><\/p>\n","protected":false},"author":1,"featured_media":0,"parent":3301,"menu_order":4826,"comment_status":"closed","ping_status":"closed","template":"","meta":{"ngg_post_thumbnail":0,"footnotes":""},"class_list":["post-3331","page","type-page","status-publish","hentry"],"_links":{"self":[{"href":"https:\/\/www.adrianwood.ch\/index.php?rest_route=\/wp\/v2\/pages\/3331","targetHints":{"allow":["GET"]}}],"collection":[{"href":"https:\/\/www.adrianwood.ch\/index.php?rest_route=\/wp\/v2\/pages"}],"about":[{"href":"https:\/\/www.adrianwood.ch\/index.php?rest_route=\/wp\/v2\/types\/page"}],"author":[{"embeddable":true,"href":"https:\/\/www.adrianwood.ch\/index.php?rest_route=\/wp\/v2\/users\/1"}],"replies":[{"embeddable":true,"href":"https:\/\/www.adrianwood.ch\/index.php?rest_route=%2Fwp%2Fv2%2Fcomments&post=3331"}],"version-history":[{"count":0,"href":"https:\/\/www.adrianwood.ch\/index.php?rest_route=\/wp\/v2\/pages\/3331\/revisions"}],"up":[{"embeddable":true,"href":"https:\/\/www.adrianwood.ch\/index.php?rest_route=\/wp\/v2\/pages\/3301"}],"wp:attachment":[{"href":"https:\/\/www.adrianwood.ch\/index.php?rest_route=%2Fwp%2Fv2%2Fmedia&parent=3331"}],"curies":[{"name":"wp","href":"https:\/\/api.w.org\/{rel}","templated":true}]}}