{"id":3477,"date":"2014-12-19T13:59:24","date_gmt":"2014-12-19T12:59:24","guid":{"rendered":"http:\/\/adrianwood.ch\/?page_id=3477"},"modified":"2014-12-19T13:59:24","modified_gmt":"2014-12-19T12:59:24","slug":"08-04-pilone","status":"publish","type":"page","link":"https:\/\/www.adrianwood.ch\/?page_id=3477","title":{"rendered":"08-04 Pilone"},"content":{"rendered":"<h2>Montag, den 4. August 2014, Vergeletto &#8211; Pilone (2192 m) &#8211; Spruga<\/h2>\n<p><img decoding=\"async\" class=\"ngg-singlepic ngg-left\" src=\"http:\/\/adrianwood.ch\/wp-content\/gallery\/maggia05\/image001_r3.jpg\" alt=\"image001_r3\" \/><\/p>\n<h2><img decoding=\"async\" class=\"ngg-singlepic ngg-left\" src=\"http:\/\/adrianwood.ch\/wp-content\/gallery\/maggia05\/image003_r3.jpg\" alt=\"image003_r3\" \/><\/h2>\n<p style=\"text-align: justify;\">6.00 Uhr, heute klingelt der Wecker fr\u00fch. Es ist ein besonderer Tag, ein Tag ohne Regen ist angesagt. Und wirklich, beim \u00d6ffnen der Fensterl\u00e4den lachen goldgelbe Bergspitzen und ein blauer Himmel entgegen.<br \/>\nDie Wanderung f\u00fchrt uns heute via Alpe Salei und Monte Pilone nach Spurga und zur\u00fcck nach Loco bzw. nach Basel.<br \/>\nNach einem gutem Fr\u00fchst\u00fcck besteigen wir in Loco um 7.40 das Postauto nach Russo, wo wir in einen Kleinbus umsteigen und nach Vergeletto\/Zott zur Talstation der Bergbahn nach Alpe Salei weiterfahren.<br \/>\nIn einer vierer Einbahn Gondel werden wir nach und nach rassig ca. 700 m hoch auf die Alp transportiert.<\/p>\n<p><img decoding=\"async\" class=\"ngg-singlepic ngg-left\" src=\"http:\/\/adrianwood.ch\/wp-content\/gallery\/maggia05\/image005_r3.jpg\" alt=\"image005_r3\" \/><img decoding=\"async\" class=\"ngg-singlepic ngg-left\" src=\"http:\/\/adrianwood.ch\/wp-content\/gallery\/maggia05\/image007_r3.jpg\" alt=\"image007_r3\" \/><\/p>\n<p style=\"text-align: justify;\"><img decoding=\"async\" class=\"ngg-singlepic ngg-left\" src=\"http:\/\/adrianwood.ch\/wp-content\/gallery\/maggia05\/image009_r3.jpg\" alt=\"image009_r3\" \/><img decoding=\"async\" class=\"ngg-singlepic ngg-left\" src=\"http:\/\/adrianwood.ch\/wp-content\/gallery\/maggia05\/image011_r3.jpg\" alt=\"image011_r3\" \/>Bald geht es weiter mit dem Ziel den h\u00f6chsten Gipfels der Tour, den Pilone zu besteigen. Da sind wir gleich oben, dachten wir. Aber da wurden wir get\u00e4uscht, immer kam wieder ein neuer Gipfel zum Vorschein.<br \/>\n<img decoding=\"async\" class=\"ngg-singlepic ngg-left\" src=\"http:\/\/adrianwood.ch\/wp-content\/gallery\/maggia05\/image013_r3.jpg\" alt=\"image013_r3\" \/><img decoding=\"async\" class=\"ngg-singlepic ngg-left\" src=\"http:\/\/adrianwood.ch\/wp-content\/gallery\/maggia05\/image015_r3.jpg\" alt=\"image015_r3\" \/><br \/>\nEndlich, kurz nach 11 Uhr standen wir oben auf dem Berg und durften das sehr sch\u00f6ne Panorama geniessen. Zum ersten Mal konnten wir uns bei Sonnenschein und angenehmen Temperaturen aus dem Rucksack verpflegen.<br \/>\n<img decoding=\"async\" class=\"ngg-singlepic ngg-left\" src=\"http:\/\/adrianwood.ch\/wp-content\/gallery\/maggia05\/image017_r3.jpg\" alt=\"image017_r3\" \/>Bald mussten wir Aufbrechen, ein Abstieg von knapp 1\u2018100 m erwartete uns und wir wollten in Spruga den Bus um 14.35 Uhr erreichen. Der Weg f\u00fchrte durch Wald und Wiesen zu einsamen Alpen und immer lag das Tal noch fern. Aber auch diese letzte Herausforderung schafften wir und die Zeit reichte sogar noch f\u00fcr ein herrliches, k\u00fchles Bier. Bald kam der Bus, der einen Teil der Gruppe f\u00fcr eine weiter Nacht im Klanghaus bei Bardo zur\u00fcck nach Loco brachte und den anderen Teil direkt f\u00fcr die Heimreise nach Locarno f\u00fchrte.<\/p>\n<p style=\"text-align: justify;\">Barbara und Herbert<\/p>\n","protected":false},"excerpt":{"rendered":"<p>Montag, den 4. August 2014, Vergeletto &#8211; Pilone (2192 m) &#8211; Spruga 6.00 Uhr, heute klingelt der Wecker fr\u00fch. Es ist ein besonderer Tag, ein Tag ohne Regen ist angesagt. Und wirklich, beim \u00d6ffnen der Fensterl\u00e4den lachen goldgelbe Bergspitzen und ein blauer Himmel entgegen. Die Wanderung f\u00fchrt uns heute via Alpe Salei und Monte Pilone &hellip; <a href=\"https:\/\/www.adrianwood.ch\/?page_id=3477\" class=\"more-link\">Continue reading <span class=\"screen-reader-text\">08-04 Pilone<\/span> <span class=\"meta-nav\">&rarr;<\/span><\/a><\/p>\n","protected":false},"author":1,"featured_media":0,"parent":3451,"menu_order":1585,"comment_status":"closed","ping_status":"closed","template":"","meta":{"ngg_post_thumbnail":0,"footnotes":""},"class_list":["post-3477","page","type-page","status-publish","hentry"],"_links":{"self":[{"href":"https:\/\/www.adrianwood.ch\/index.php?rest_route=\/wp\/v2\/pages\/3477","targetHints":{"allow":["GET"]}}],"collection":[{"href":"https:\/\/www.adrianwood.ch\/index.php?rest_route=\/wp\/v2\/pages"}],"about":[{"href":"https:\/\/www.adrianwood.ch\/index.php?rest_route=\/wp\/v2\/types\/page"}],"author":[{"embeddable":true,"href":"https:\/\/www.adrianwood.ch\/index.php?rest_route=\/wp\/v2\/users\/1"}],"replies":[{"embeddable":true,"href":"https:\/\/www.adrianwood.ch\/index.php?rest_route=%2Fwp%2Fv2%2Fcomments&post=3477"}],"version-history":[{"count":0,"href":"https:\/\/www.adrianwood.ch\/index.php?rest_route=\/wp\/v2\/pages\/3477\/revisions"}],"up":[{"embeddable":true,"href":"https:\/\/www.adrianwood.ch\/index.php?rest_route=\/wp\/v2\/pages\/3451"}],"wp:attachment":[{"href":"https:\/\/www.adrianwood.ch\/index.php?rest_route=%2Fwp%2Fv2%2Fmedia&parent=3477"}],"curies":[{"name":"wp","href":"https:\/\/api.w.org\/{rel}","templated":true}]}}

<h2>Montag, den 4. August 2014, Vergeletto &#8211; Pilone (2192 m) &#8211; Spruga</h2>
<p><img decoding="async" class="ngg-singlepic ngg-left" src="http://adrianwood.ch/wp-content/gallery/maggia05/image001_r3.jpg" alt="image001_r3" /></p>
<h2><img decoding="async" class="ngg-singlepic ngg-left" src="http://adrianwood.ch/wp-content/gallery/maggia05/image003_r3.jpg" alt="image003_r3" /></h2>
<p style="text-align: justify;">6.00 Uhr, heute klingelt der Wecker früh. Es ist ein besonderer Tag, ein Tag ohne Regen ist angesagt. Und wirklich, beim Öffnen der Fensterläden lachen goldgelbe Bergspitzen und ein blauer Himmel entgegen.<br />
Die Wanderung führt uns heute via Alpe Salei und Monte Pilone nach Spurga und zurück nach Loco bzw. nach Basel.<br />
Nach einem gutem Frühstück besteigen wir in Loco um 7.40 das Postauto nach Russo, wo wir in einen Kleinbus umsteigen und nach Vergeletto/Zott zur Talstation der Bergbahn nach Alpe Salei weiterfahren.<br />
In einer vierer Einbahn Gondel werden wir nach und nach rassig ca. 700 m hoch auf die Alp transportiert.</p>
<p><img decoding="async" class="ngg-singlepic ngg-left" src="http://adrianwood.ch/wp-content/gallery/maggia05/image005_r3.jpg" alt="image005_r3" /><img decoding="async" class="ngg-singlepic ngg-left" src="http://adrianwood.ch/wp-content/gallery/maggia05/image007_r3.jpg" alt="image007_r3" /></p>
<p style="text-align: justify;"><img decoding="async" class="ngg-singlepic ngg-left" src="http://adrianwood.ch/wp-content/gallery/maggia05/image009_r3.jpg" alt="image009_r3" /><img decoding="async" class="ngg-singlepic ngg-left" src="http://adrianwood.ch/wp-content/gallery/maggia05/image011_r3.jpg" alt="image011_r3" />Bald geht es weiter mit dem Ziel den höchsten Gipfels der Tour, den Pilone zu besteigen. Da sind wir gleich oben, dachten wir. Aber da wurden wir getäuscht, immer kam wieder ein neuer Gipfel zum Vorschein.<br />
<img decoding="async" class="ngg-singlepic ngg-left" src="http://adrianwood.ch/wp-content/gallery/maggia05/image013_r3.jpg" alt="image013_r3" /><img decoding="async" class="ngg-singlepic ngg-left" src="http://adrianwood.ch/wp-content/gallery/maggia05/image015_r3.jpg" alt="image015_r3" /><br />
Endlich, kurz nach 11 Uhr standen wir oben auf dem Berg und durften das sehr schöne Panorama geniessen. Zum ersten Mal konnten wir uns bei Sonnenschein und angenehmen Temperaturen aus dem Rucksack verpflegen.<br />
<img decoding="async" class="ngg-singlepic ngg-left" src="http://adrianwood.ch/wp-content/gallery/maggia05/image017_r3.jpg" alt="image017_r3" />Bald mussten wir Aufbrechen, ein Abstieg von knapp 1‘100 m erwartete uns und wir wollten in Spruga den Bus um 14.35 Uhr erreichen. Der Weg führte durch Wald und Wiesen zu einsamen Alpen und immer lag das Tal noch fern. Aber auch diese letzte Herausforderung schafften wir und die Zeit reichte sogar noch für ein herrliches, kühles Bier. Bald kam der Bus, der einen Teil der Gruppe für eine weiter Nacht im Klanghaus bei Bardo zurück nach Loco brachte und den anderen Teil direkt für die Heimreise nach Locarno führte.</p>
<p style="text-align: justify;">Barbara und Herbert</p>

<p>Montag, den 4. August 2014, Vergeletto &#8211; Pilone (2192 m) &#8211; Spruga 6.00 Uhr, heute klingelt der Wecker früh. Es ist ein besonderer Tag, ein Tag ohne Regen ist angesagt. Und wirklich, beim Öffnen der Fensterläden lachen goldgelbe Bergspitzen und ein blauer Himmel entgegen. Die Wanderung führt uns heute via Alpe Salei und Monte Pilone &hellip; <a href="https://www.adrianwood.ch/?page_id=3477" class="more-link">Continue reading <span class="screen-reader-text">08-04 Pilone</span> <span class="meta-nav">&rarr;</span></a></p>
