{"id":3669,"date":"2015-01-04T15:33:27","date_gmt":"2015-01-04T14:33:27","guid":{"rendered":"http:\/\/adrianwood.ch\/?page_id=3669"},"modified":"2015-01-04T15:33:27","modified_gmt":"2015-01-04T14:33:27","slug":"2015-01-janzi","status":"publish","type":"page","link":"https:\/\/www.adrianwood.ch\/?page_id=3669","title":{"rendered":"2015-01 J\u00e4nzi"},"content":{"rendered":"<figure id=\"attachment_3670\" aria-describedby=\"caption-attachment-3670\" style=\"width: 730px\" class=\"wp-caption alignleft\"><a href=\"http:\/\/adrianwood.ch\/wp-content\/uploads\/2015\/01\/JAE_15_0055_r_r7.jpg\"><img loading=\"lazy\" decoding=\"async\" class=\"size-full wp-image-3670\" src=\"http:\/\/adrianwood.ch\/wp-content\/uploads\/2015\/01\/JAE_15_0055_r_r7.jpg\" alt=\"auf dem Gipfelgrat von J\u00e4nzi 1738m\" width=\"730\" height=\"487\" \/><\/a><figcaption id=\"caption-attachment-3670\" class=\"wp-caption-text\">auf dem Gipfelgrat von J\u00e4nzi 1738m<\/figcaption><\/figure>\n<h2>Schneeschuhtour J\u00e4nzi, 01.Januar 2015<\/h2>\n<p style=\"text-align: justify;\">Dies ist die vierte J\u00e4nzitour mit dem Sportclub! Nur findet sie zum ersten Mal im neuen Jahr und nicht im alten Jahr statt! Es k\u00f6nnte also sein, dass wir im Jahre 2015 zweimal den J\u00e4nzi machen werden.<br \/>\nWegen dem Datum ( Neujahr) wollen nicht so viele Leute mitkommen \u2013 aber wir m\u00fcssen den guten Tag ausnutzen!<br \/>\nSo wind wir sieben Unentwegte, die sich am Bahnhof treffen ( der Zug f\u00e4hrt erst um 8.30h)<br \/>\nVon Langis 1442m stapfen wir hin\u00fcber nach Schwendi Kaltbad 1440m. Dem Bach Schlieren entlang f\u00fchrt uns der Weg durch eine zauberhafte Winterlandschaft zum Punkt 1440m, von wo aus es hinaufgeht zuerst durch offenes Gel\u00e4nde und dann durch den Wald nach Egg, Waldh\u00fctte,1611m. Von dort aus steigen wir \u00fcber den H\u00fcenerg\u00fctsch hinauf auf den langgezogenen Grat des J\u00e4nzi, von wo aus wir ein grossartiges Panorama vor uns haben. Hier halten wir Mittagsrast unter dem Gipfelkreuz. Wir geniessen die pr\u00e4chtige Aussicht und brechen dann zur R\u00fcckehr auf, denn es weht ein kalter Wind. Durch eine wundersch\u00f6ne Winterlandschaft \u2013 die B\u00e4ume sind voller Schnee \u2013 wandern wir zur\u00fcck nach Schwendi und nach Langis, wo es noch zur Einkehr im Restaurant reicht.<br \/>\nDies war ein super Start in die neue Wintersaison!<br \/>\nLaut Swissmap: Distanz: 11.35km; Aufstieg: 511m; Abstieg: 511m; Marschzeit: 4 h<br \/>\nMarianne<br \/>\nTeilnehmer: Marianne Frei, Vreni Gubler, Brigitte Helbing, Toni Jost, Margrit Probst, Yasuyuki Uike, Adrian Wood ngg_shortcode_0_placeholder<\/p>\n","protected":false},"excerpt":{"rendered":"<p>Schneeschuhtour J\u00e4nzi, 01.Januar 2015 Dies ist die vierte J\u00e4nzitour mit dem Sportclub! Nur findet sie zum ersten Mal im neuen Jahr und nicht im alten Jahr statt! Es k\u00f6nnte also sein, dass wir im Jahre 2015 zweimal den J\u00e4nzi machen werden. Wegen dem Datum ( Neujahr) wollen nicht so viele Leute mitkommen \u2013 aber wir &hellip; <a href=\"https:\/\/www.adrianwood.ch\/?page_id=3669\" class=\"more-link\">Continue reading <span class=\"screen-reader-text\">2015-01 J\u00e4nzi<\/span> <span class=\"meta-nav\">&rarr;<\/span><\/a><\/p>\n","protected":false},"author":1,"featured_media":0,"parent":122,"menu_order":1143,"comment_status":"closed","ping_status":"closed","template":"","meta":{"ngg_post_thumbnail":0,"footnotes":""},"class_list":["post-3669","page","type-page","status-publish","hentry"],"_links":{"self":[{"href":"https:\/\/www.adrianwood.ch\/index.php?rest_route=\/wp\/v2\/pages\/3669","targetHints":{"allow":["GET"]}}],"collection":[{"href":"https:\/\/www.adrianwood.ch\/index.php?rest_route=\/wp\/v2\/pages"}],"about":[{"href":"https:\/\/www.adrianwood.ch\/index.php?rest_route=\/wp\/v2\/types\/page"}],"author":[{"embeddable":true,"href":"https:\/\/www.adrianwood.ch\/index.php?rest_route=\/wp\/v2\/users\/1"}],"replies":[{"embeddable":true,"href":"https:\/\/www.adrianwood.ch\/index.php?rest_route=%2Fwp%2Fv2%2Fcomments&post=3669"}],"version-history":[{"count":0,"href":"https:\/\/www.adrianwood.ch\/index.php?rest_route=\/wp\/v2\/pages\/3669\/revisions"}],"up":[{"embeddable":true,"href":"https:\/\/www.adrianwood.ch\/index.php?rest_route=\/wp\/v2\/pages\/122"}],"wp:attachment":[{"href":"https:\/\/www.adrianwood.ch\/index.php?rest_route=%2Fwp%2Fv2%2Fmedia&parent=3669"}],"curies":[{"name":"wp","href":"https:\/\/api.w.org\/{rel}","templated":true}]}}