{"id":3934,"date":"2015-04-02T16:21:10","date_gmt":"2015-04-02T15:21:10","guid":{"rendered":"http:\/\/adrianwood.ch\/?page_id=3934"},"modified":"2015-04-02T16:21:10","modified_gmt":"2015-04-02T15:21:10","slug":"05-02-colle-della-serra","status":"publish","type":"page","link":"https:\/\/www.adrianwood.ch\/?page_id=3934","title":{"rendered":"05-02 Colle della Serra"},"content":{"rendered":"<h2>2. Mai, \u201aSentiero degli Dei bassa\u2019, Agerola\/Bomerano (636 m) \u2013 Colle della Serra \u2013 Positano.<\/h2>\n<p style=\"text-align: justify;\"><img decoding=\"async\" class=\"ngg-singlepic ngg-right\" src=\"http:\/\/adrianwood.ch\/wp-content\/gallery\/amalfi07\/image001_r35.jpg\" alt=\"OLYMPUS DIGITAL CAMERA\" \/>P\u00fcnktlich um 08.30 fuhren wir mit einem Extrabus nach Agerola, dem Ausganspunkt f\u00fcr beide Wanderungen. Erst dort mussten wir uns zwischen der l\u00e4ngeren oder k\u00fcrzeren Tour entscheiden. Da am n\u00e4chsten Tag die 6-st\u00fcndige Wanderung anstand, entschieden sich 14 von uns f\u00fcr die k\u00fcrzere Variante, n\u00e4mlich den \u201esentiero degli dei bassa\u201c (unterer Weg der G\u00f6tter) \u2013 in unserem Fall eher der G\u00f6ttinnen, waren wir doch 10 Frauen mit 4 M\u00e4nnern. Philipp + Ulli waren von Adrian in die Knackpunkte dieser Etappe eingeweiht worden und so.folgen wir ihnen vertrauensvoll. Beinahe h\u00e4tten wir jedoch die Abzweigung in den unscheinbaren Weg nach der Br\u00fccke verpasst; es ist halt immer besser, wenn alle aufpassen! Nach einer relativ kurzen Steigung auf einem Betonstr\u00e4sschen bogen wir in einen Feldweg ein und erreichten nach 30\u2019 den Colle<\/p>\n<p style=\"text-align: justify;\"><img decoding=\"async\" class=\"ngg-singlepic ngg-left\" src=\"http:\/\/adrianwood.ch\/wp-content\/gallery\/amalfi07\/image003_r35.jpg\" alt=\"image003_r35\" \/><img decoding=\"async\" class=\"ngg-singlepic ngg-right alignnone\" src=\"http:\/\/adrianwood.ch\/wp-content\/gallery\/amalfi07\/image005_r35.jpg\" alt=\"image005_r35\" \/>della Serra, wo sich ein wunderbarer Ausblick aufs Meer bot und uns zu einer kurzen Rast einlud. Schliesslich hatten wir keine Eile und die Sonne w\u00e4rmte bereits sehr. Vom Colle della Serra folgt der Weg mit leichten Steigungen bzw. Abstiegen der K\u00fcstenlinie. Atemberaubende Ausblicke aufs Meer zur Linken, rechts schroffe Felsw\u00e4nde und bizarre Felst\u00fcrme abwechselnd mit terrassierten Feldern und Reben, die sich die steilen H\u00e4nge hinaufzogen.<\/p>\n<p style=\"text-align: justify;\"><img decoding=\"async\" class=\"ngg-singlepic ngg-right\" src=\"http:\/\/adrianwood.ch\/wp-content\/gallery\/amalfi07\/image007_r35.jpg\" alt=\"image007_r35\" \/>Auch die Vegetation war wundersch\u00f6n: nebst goldgelber Macchia und vielfarbigen Orchideen sorgten vor allem Kr\u00e4uter wie Salbei, Rosmarin, Melisse etc. f\u00fcr aromatische D\u00fcfte. Zweimal begegneten uns mit Baumst\u00e4mmen beladene Maultiere auf diesem schmalen Weg. Laut Auskunft der begleitenden Bauern trug jedes Tier eine Last von 250 kg. Die Tiere schwitzten noch mehr als wir &#8230; Einige Male kamen wir an kleinen, in den Fels gebauten, Bauernh\u00e4usern vorbei. Angesichts mond\u00e4ner Orte wie Positano \u00fcberraschte uns die Kargheit dieser abgelegenen Geh\u00f6fte. In gem\u00fctlichem Tempo und mit vielen Fotostops konnten wir die Sch\u00f6nheit dieser Gegend ausgiebig geniessen. Nach einem weiteren Trinkhalt erreichten wir das erste Etappenziel, das Dorf Nocelle. Philipp erkundigte sich nach einem Restaurant, da einige Teilnehmer bereits Kaffee- bzw. Bierdurst versp\u00fcrten. Bei der von Adrian als Wegmarkierung angegebenen sch\u00f6nen Frau aus Mosaik trennten wir uns f\u00fcr die Mittagspause.<\/p>\n<p style=\"text-align: justify;\">Es war scheinbar nicht so einfach, das Restaurant zu finden, jedenfalls erschien zur vereinbarten Zeit niemand am Treffpunkt. Vier Badenixen: Christine, Susanne, Burgi und ich wurden vom in der Tiefe schimmernden Meer magisch angezogen. So schnell wie m\u00f6glich wollten wir den Abstieg unter die F\u00fcsse nehmen, um uns ins k\u00fchle Nass zu st\u00fcrzen. Ordnungsgem\u00e4ss meldete uns Christine per Handy ab und wir machten uns diretissima auf nach Positano. Hoch \u00fcber einer bewaldeten tiefen Schlucht gelangte man auf die Strasse, der man dann einige hundert Meter folgte. Kurz vor Montepertuso w\u00e4re eine Variante m\u00f6glich gewesen, die wir aber ausliessen und dann direkt in den Treppenweg nach Positano einbogen. Burgi sorgte sich um Fredi, der mit dem Schiff von Amalfi nach Positano kam. Dank Handy orteten sie sich gegenseitig \u201eWo bist Du?\u201c \u2013 \u201eam Hafen\u201c \u2013 \u201ewo ist der Hafen?\u201c \u2013 \u201eam Meer\u201c (wo sonst?). Schliesslich erreichten wir den Souvenirl\u00e4den und Boutiquen folgend das Meer und den Hafen und Fredy stand auch bereits da. Nach Kauf des Schiffsbilletts f\u00fcr die R\u00fcckfahrt gab es kein Halten mehr: rein ins Wasser.<\/p>\n<p style=\"text-align: justify;\"><img decoding=\"async\" class=\"ngg-singlepic ngg-left\" src=\"http:\/\/adrianwood.ch\/wp-content\/gallery\/amalfi07\/image010_r35.jpg\" alt=\"image010_r35\" \/>Die anderen 10 Wanderer nahmen es gem\u00fctlicher. In der Taverna in Nocelle wurde ausgiebig gerastet, dann folgten sie dem oben beschriebenen Weg nach Montepertuso. Die Kinder der Scuola elementare (Grundschule) hatten gerade Pause und tollten auf dem Pausenhof, resp. Der Pausenterrasse herum. Brigitte fotografierte die Kinder und kam mit ihnen ins Gespr\u00e4ch. Gerne m\u00f6chten die Kinder die Fotos zugeschickt erhalten, was Brigitte ihnen versprach. Um sich zu revanchieren, sangen dann zuerst die M\u00e4dchen, sp\u00e4ter auch die Knaben in gemischtem Chor und mit Gitarrenbegleitung durch den Lehrer napoletanische Volkslieder und zum Abschluss sogar die Nationalhymne.<br \/>\n<img decoding=\"async\" class=\"ngg-singlepic ngg-right\" src=\"http:\/\/adrianwood.ch\/wp-content\/gallery\/amalfi07\/image012_r35.jpg\" alt=\"image012_r35\" \/>Eine Begegnung mit einer alten Frau f\u00fchrte zur Besichtigung einer ca. 100-j\u00e4hrigen Oelpresse, die jedoch nicht mehr funktionierte. Die Frau schenkte der Gruppe zum Abschied Johannisbrot und Zitronen aus ihrem Garten.<br \/>\nIn Positano ging dann jede\/r den eigenen Besch\u00e4ftigungen nach (Baden, L\u00e4dele, Bier\/Kaffee etc. trinken). Kurz vor 17.00 waren auch alle Teilnehmer der l\u00e4ngeren Wanderung angekommen und die meisten fuhren mit dem Schiff um 17.00 nach Amalfi zur\u00fcck.<\/p>\n<p style=\"text-align: justify;\">Vreni C.<\/p>\n","protected":false},"excerpt":{"rendered":"<p>2. Mai, \u201aSentiero degli Dei bassa\u2019, Agerola\/Bomerano (636 m) \u2013 Colle della Serra \u2013 Positano. P\u00fcnktlich um 08.30 fuhren wir mit einem Extrabus nach Agerola, dem Ausganspunkt f\u00fcr beide Wanderungen. Erst dort mussten wir uns zwischen der l\u00e4ngeren oder k\u00fcrzeren Tour entscheiden. Da am n\u00e4chsten Tag die 6-st\u00fcndige Wanderung anstand, entschieden sich 14 von uns &hellip; <a href=\"https:\/\/www.adrianwood.ch\/?page_id=3934\" class=\"more-link\">Continue reading <span class=\"screen-reader-text\">05-02 Colle della Serra<\/span> <span class=\"meta-nav\">&rarr;<\/span><\/a><\/p>\n","protected":false},"author":1,"featured_media":0,"parent":1193,"menu_order":2245,"comment_status":"closed","ping_status":"closed","template":"","meta":{"ngg_post_thumbnail":0,"footnotes":""},"class_list":["post-3934","page","type-page","status-publish","hentry"],"_links":{"self":[{"href":"https:\/\/www.adrianwood.ch\/index.php?rest_route=\/wp\/v2\/pages\/3934","targetHints":{"allow":["GET"]}}],"collection":[{"href":"https:\/\/www.adrianwood.ch\/index.php?rest_route=\/wp\/v2\/pages"}],"about":[{"href":"https:\/\/www.adrianwood.ch\/index.php?rest_route=\/wp\/v2\/types\/page"}],"author":[{"embeddable":true,"href":"https:\/\/www.adrianwood.ch\/index.php?rest_route=\/wp\/v2\/users\/1"}],"replies":[{"embeddable":true,"href":"https:\/\/www.adrianwood.ch\/index.php?rest_route=%2Fwp%2Fv2%2Fcomments&post=3934"}],"version-history":[{"count":0,"href":"https:\/\/www.adrianwood.ch\/index.php?rest_route=\/wp\/v2\/pages\/3934\/revisions"}],"up":[{"embeddable":true,"href":"https:\/\/www.adrianwood.ch\/index.php?rest_route=\/wp\/v2\/pages\/1193"}],"wp:attachment":[{"href":"https:\/\/www.adrianwood.ch\/index.php?rest_route=%2Fwp%2Fv2%2Fmedia&parent=3934"}],"curies":[{"name":"wp","href":"https:\/\/api.w.org\/{rel}","templated":true}]}}

<h2>2. Mai, ‚Sentiero degli Dei bassa’, Agerola/Bomerano (636 m) – Colle della Serra – Positano.</h2>
<p style="text-align: justify;"><img decoding="async" class="ngg-singlepic ngg-right" src="http://adrianwood.ch/wp-content/gallery/amalfi07/image001_r35.jpg" alt="OLYMPUS DIGITAL CAMERA" />Pünktlich um 08.30 fuhren wir mit einem Extrabus nach Agerola, dem Ausganspunkt für beide Wanderungen. Erst dort mussten wir uns zwischen der längeren oder kürzeren Tour entscheiden. Da am nächsten Tag die 6-stündige Wanderung anstand, entschieden sich 14 von uns für die kürzere Variante, nämlich den „sentiero degli dei bassa“ (unterer Weg der Götter) – in unserem Fall eher der Göttinnen, waren wir doch 10 Frauen mit 4 Männern. Philipp + Ulli waren von Adrian in die Knackpunkte dieser Etappe eingeweiht worden und so.folgen wir ihnen vertrauensvoll. Beinahe hätten wir jedoch die Abzweigung in den unscheinbaren Weg nach der Brücke verpasst; es ist halt immer besser, wenn alle aufpassen! Nach einer relativ kurzen Steigung auf einem Betonsträsschen bogen wir in einen Feldweg ein und erreichten nach 30’ den Colle</p>
<p style="text-align: justify;"><img decoding="async" class="ngg-singlepic ngg-left" src="http://adrianwood.ch/wp-content/gallery/amalfi07/image003_r35.jpg" alt="image003_r35" /><img decoding="async" class="ngg-singlepic ngg-right alignnone" src="http://adrianwood.ch/wp-content/gallery/amalfi07/image005_r35.jpg" alt="image005_r35" />della Serra, wo sich ein wunderbarer Ausblick aufs Meer bot und uns zu einer kurzen Rast einlud. Schliesslich hatten wir keine Eile und die Sonne wärmte bereits sehr. Vom Colle della Serra folgt der Weg mit leichten Steigungen bzw. Abstiegen der Küstenlinie. Atemberaubende Ausblicke aufs Meer zur Linken, rechts schroffe Felswände und bizarre Felstürme abwechselnd mit terrassierten Feldern und Reben, die sich die steilen Hänge hinaufzogen.</p>
<p style="text-align: justify;"><img decoding="async" class="ngg-singlepic ngg-right" src="http://adrianwood.ch/wp-content/gallery/amalfi07/image007_r35.jpg" alt="image007_r35" />Auch die Vegetation war wunderschön: nebst goldgelber Macchia und vielfarbigen Orchideen sorgten vor allem Kräuter wie Salbei, Rosmarin, Melisse etc. für aromatische Düfte. Zweimal begegneten uns mit Baumstämmen beladene Maultiere auf diesem schmalen Weg. Laut Auskunft der begleitenden Bauern trug jedes Tier eine Last von 250 kg. Die Tiere schwitzten noch mehr als wir &#8230; Einige Male kamen wir an kleinen, in den Fels gebauten, Bauernhäusern vorbei. Angesichts mondäner Orte wie Positano überraschte uns die Kargheit dieser abgelegenen Gehöfte. In gemütlichem Tempo und mit vielen Fotostops konnten wir die Schönheit dieser Gegend ausgiebig geniessen. Nach einem weiteren Trinkhalt erreichten wir das erste Etappenziel, das Dorf Nocelle. Philipp erkundigte sich nach einem Restaurant, da einige Teilnehmer bereits Kaffee- bzw. Bierdurst verspürten. Bei der von Adrian als Wegmarkierung angegebenen schönen Frau aus Mosaik trennten wir uns für die Mittagspause.</p>
<p style="text-align: justify;">Es war scheinbar nicht so einfach, das Restaurant zu finden, jedenfalls erschien zur vereinbarten Zeit niemand am Treffpunkt. Vier Badenixen: Christine, Susanne, Burgi und ich wurden vom in der Tiefe schimmernden Meer magisch angezogen. So schnell wie möglich wollten wir den Abstieg unter die Füsse nehmen, um uns ins kühle Nass zu stürzen. Ordnungsgemäss meldete uns Christine per Handy ab und wir machten uns diretissima auf nach Positano. Hoch über einer bewaldeten tiefen Schlucht gelangte man auf die Strasse, der man dann einige hundert Meter folgte. Kurz vor Montepertuso wäre eine Variante möglich gewesen, die wir aber ausliessen und dann direkt in den Treppenweg nach Positano einbogen. Burgi sorgte sich um Fredi, der mit dem Schiff von Amalfi nach Positano kam. Dank Handy orteten sie sich gegenseitig „Wo bist Du?“ – „am Hafen“ – „wo ist der Hafen?“ – „am Meer“ (wo sonst?). Schliesslich erreichten wir den Souvenirläden und Boutiquen folgend das Meer und den Hafen und Fredy stand auch bereits da. Nach Kauf des Schiffsbilletts für die Rückfahrt gab es kein Halten mehr: rein ins Wasser.</p>
<p style="text-align: justify;"><img decoding="async" class="ngg-singlepic ngg-left" src="http://adrianwood.ch/wp-content/gallery/amalfi07/image010_r35.jpg" alt="image010_r35" />Die anderen 10 Wanderer nahmen es gemütlicher. In der Taverna in Nocelle wurde ausgiebig gerastet, dann folgten sie dem oben beschriebenen Weg nach Montepertuso. Die Kinder der Scuola elementare (Grundschule) hatten gerade Pause und tollten auf dem Pausenhof, resp. Der Pausenterrasse herum. Brigitte fotografierte die Kinder und kam mit ihnen ins Gespräch. Gerne möchten die Kinder die Fotos zugeschickt erhalten, was Brigitte ihnen versprach. Um sich zu revanchieren, sangen dann zuerst die Mädchen, später auch die Knaben in gemischtem Chor und mit Gitarrenbegleitung durch den Lehrer napoletanische Volkslieder und zum Abschluss sogar die Nationalhymne.<br />
<img decoding="async" class="ngg-singlepic ngg-right" src="http://adrianwood.ch/wp-content/gallery/amalfi07/image012_r35.jpg" alt="image012_r35" />Eine Begegnung mit einer alten Frau führte zur Besichtigung einer ca. 100-jährigen Oelpresse, die jedoch nicht mehr funktionierte. Die Frau schenkte der Gruppe zum Abschied Johannisbrot und Zitronen aus ihrem Garten.<br />
In Positano ging dann jede/r den eigenen Beschäftigungen nach (Baden, Lädele, Bier/Kaffee etc. trinken). Kurz vor 17.00 waren auch alle Teilnehmer der längeren Wanderung angekommen und die meisten fuhren mit dem Schiff um 17.00 nach Amalfi zurück.</p>
<p style="text-align: justify;">Vreni C.</p>

<p>2. Mai, ‚Sentiero degli Dei bassa’, Agerola/Bomerano (636 m) – Colle della Serra – Positano. Pünktlich um 08.30 fuhren wir mit einem Extrabus nach Agerola, dem Ausganspunkt für beide Wanderungen. Erst dort mussten wir uns zwischen der längeren oder kürzeren Tour entscheiden. Da am nächsten Tag die 6-stündige Wanderung anstand, entschieden sich 14 von uns &hellip; <a href="https://www.adrianwood.ch/?page_id=3934" class="more-link">Continue reading <span class="screen-reader-text">05-02 Colle della Serra</span> <span class="meta-nav">&rarr;</span></a></p>
