{"id":4005,"date":"2015-04-08T09:41:10","date_gmt":"2015-04-08T08:41:10","guid":{"rendered":"http:\/\/adrianwood.ch\/?page_id=4005"},"modified":"2015-04-08T09:41:10","modified_gmt":"2015-04-08T08:41:10","slug":"epilog-die-inseln","status":"publish","type":"page","link":"https:\/\/www.adrianwood.ch\/?page_id=4005","title":{"rendered":"Epilog-die Inseln"},"content":{"rendered":"<h2>Epilog \u2013 die Inseln, Capri und Ischia<\/h2>\n<p style=\"text-align: justify;\">Nach drei Tagen Wandern rund um Amalfi war mein PKT (pers\u00f6nliches Kontingent an Treppensteigen) f\u00fcr den Rest meines Lebens aufgebraucht, nachdem eine Kollegin am Vortag satte 2\u2019200 Stufen gez\u00e4hlt hatte. Auch wenn man die rein psychologische Komponente dieser ungeheuren Zahl zur Seit l\u00e4sst, schrie ein massiver Muskelkater nach einer Programm\u00e4nderung.<br \/>\n<strong>Mittwoch, 3. Mai &#8211; Capri<\/strong><br \/>\nEine Pause vom Wandern, das war mein Ziel. Diesem haben sich Brigitte und Daniel sowie in letzter Minute auch Huguette und Jean-Francois angeschlossen. Fr\u00fch morgens ging\u2019s los per Schiff von Amalfi auf die Insel Capri (10km2), nach Marina Grande. Option 1: Jet (schnell und eingeschlossen im K\u00e4fig) wurde verworfen, Option 2: Schiff (langsam, aber an der frischen Luft) gew\u00e4hlt. Ein Fehlentscheid: das Schiff erwies sich erstens als wirklich langsam, zweitens als versp\u00e4tet und drittens als K\u00e4fig (ganz im Gegensatz zum Jet). In Zukunft ist man schlauer.<br \/>\nCapri besteht aus zwei H\u00e4lften, genauer gesagt zwei steilen Bergen (der h\u00f6here \u2013 Monte Solaro \u2013 misst immerhin 589 H\u00f6henmeter). Beide kann man vorerst vermeiden, wenn man sich f\u00fcr einen Bootstrip zu der Blauen Grotte entschliesst &#8211; selbst in Capri ist die Meeresoberfl\u00e4che eben. Gesagt, getan \u2013 ein bequemes Schiff trug Brigitte, Daniel und mich rasch an besagten Ort. Dort durften wir nochmals nachzahlen und wurden dann zu dritt in ein nussschalenm\u00e4ssiges Miniboot verfrachtet, wo wir flach am Boden unter der Sitzbank zusammengequetscht wurden. Scheinbar der einzige Weg die wirklich flache Einfahrt in die Grotte zu \u00fcberleben. Wir haben es dennoch nicht bereut \u2013 die azurblauen Lichteffekte waren absolut mystisch, festgehalten in der Realit\u00e4t wurden wir nur durch den himmeltraurigen Gesang der F\u00e4hrm\u00e4nner.<br \/>\n<img decoding=\"async\" class=\"ngg-singlepic ngg-left\" src=\"http:\/\/adrianwood.ch\/wp-content\/gallery\/amalfi16\/image001_r225.jpg\" alt=\"image001_r225\" \/><img decoding=\"async\" class=\"ngg-singlepic ngg-left\" src=\"http:\/\/adrianwood.ch\/wp-content\/gallery\/amalfi16\/image003_r225.jpg\" alt=\"image003_r225\" \/><img decoding=\"async\" class=\"ngg-singlepic ngg-left\" src=\"http:\/\/adrianwood.ch\/wp-content\/gallery\/amalfi16\/image005_r225.jpg\" alt=\"image005_r225\" \/>Anschliessend ging es dann doch den Berg hoch (per Funicolare), direkt zur Piazza Umberto I in der Stadt Capri, der \u00f6stlichen Metropole dieser Insel. Die westliche Metropole Anacapri liessen wir aus Zeitgr\u00fcnden links liegen.<br \/>\nDie hoch-touristische Stadt l\u00e4sst man bestens schnellstens hinter sich zur\u00fcck. Ich entschloss mich f\u00fcr die Rundwanderung (Rother Wanderf\u00fchrer 42), entlang der K\u00fcste und wurde mit einem pr\u00e4chtigen Rundblick sowie herrlichen D\u00fcften belohnt \u2013 die Insel war ein einziges Blumenmeer, die Farbpracht und der Duft der Bl\u00fcten war ein einziger Genuss. Ein H\u00f6hepunkt waren die vor der Ostk\u00fcste liegenden Faraglioni-Felsen, die steil aus dem azurfarbenen Meer herausragen. Nur einige hundert Treppen schienen mich von einem k\u00fchlen Bade zu trennen, daher ging\u2019s raschen Schrittes hinab zum lockenden Strand. Dort angelangt, musste ich leider feststellen, dass zuvor ein zweistelliger Eurobetrag zu entrichten w\u00e4re (Vorsicht: Aasgeier!) &#8211; so ging ich ungebadet, schwitzend und fluchend halt wieder bergan. Die weitere Wanderung konnte aber noch mit wundersch\u00f6nen Orten aufwarten, wie der Arco Naturale, die Tiberiusvilla und der angrenzende arch\u00e4ologische Garten mit spektakul\u00e4rem Tiefblick.<\/p>\n<p style=\"text-align: justify;\"><img decoding=\"async\" class=\"ngg-singlepic ngg-left\" src=\"http:\/\/adrianwood.ch\/wp-content\/gallery\/amalfi16\/image007_r225.jpg\" alt=\"image007_r225\" \/><img decoding=\"async\" class=\"ngg-singlepic ngg-left\" src=\"http:\/\/adrianwood.ch\/wp-content\/gallery\/amalfi16\/image009_r225.jpg\" alt=\"image009_r225\" \/><img decoding=\"async\" class=\"ngg-singlepic ngg-left\" src=\"http:\/\/adrianwood.ch\/wp-content\/gallery\/amalfi16\/image011_r225.jpg\" alt=\"image011_r225\" \/><img decoding=\"async\" class=\"ngg-singlepic ngg-left\" src=\"http:\/\/adrianwood.ch\/wp-content\/gallery\/amalfi16\/image013_r225.jpg\" alt=\"image013_r225\" \/><img decoding=\"async\" class=\"ngg-singlepic ngg-left\" src=\"http:\/\/adrianwood.ch\/wp-content\/gallery\/amalfi16\/image015_r225.jpg\" alt=\"image015_r225\" \/><img decoding=\"async\" class=\"ngg-singlepic ngg-left\" src=\"http:\/\/adrianwood.ch\/wp-content\/gallery\/amalfi16\/image017_r225.jpg\" alt=\"image017_r225\" \/>Die R\u00fcckreise verlief unspektakul\u00e4r, per Schiff nach Sorrento und per Taxi nach St.Agatha sue due Golfi, wo unser n\u00e4chstes Hotel lokalisiert war. Wenn man aus Zeitgr\u00fcnden das Taxi w\u00e4hlen muss, empfiehlt es sich, den Preis mindestens um einen Faktor 2 herunterzuhandeln, ansonsten funktioniert das Bussystem sehr gut und ist preislich unschlagbar.<br \/>\n<strong>Donnerstag, 4.Mai \u2013 Ischia Poseidontherme<\/strong><br \/>\nCapri ist zwar klein, nur Treppen hat es genug, musste ich am Vortag feststellen. Ischia bietet zwar ebenfalls gen\u00fcgend Raum f\u00fcr Wanderungen, mit 46.5 km2 und dem Berg Epomeo von 780 m H\u00f6he. Aber eine Reihe von heilbringenden Thermalquellen bieten eine weitgehend treppenlose Alternative. Nochmals Dank an Helga f\u00fcr die tolle Beratung !<br \/>\nVon Sorrento gibt es nur ein einziges Schiff nach Ischia Porto (9:30), ein Jet \u2013 ein Fehlentscheid ist hier nicht m\u00f6glich. Die Reise dauert eine Stunde, das einzige Schiff zur\u00fcck um 17:20 soll man nicht verpassen, das ist klar. Taxis habe ich diesmal ignoriert, zur Fortbewegung auf der Insel bieten sich zahlreiche Buslinien an, die einem an jeden Ort bringen \u2013 nach einer Stunde Fahrt in einem vollgestopften klapprigen Bus der Linie 2 kam ich in Forio \/ Citara an, wo sich die ber\u00fchmten Poseidong\u00e4rten befinden (wichtig: Forio betont man auf dem \u201ei\u201c, sonst wird man nicht verstanden von den Italienern, aber die befinden sich sowieso in krasser Minderheit auf der leider stark deutschdominierten Insel). Auch der happige Eintritt (28 Euro) konnte meiner Laune keinen Abbruch tun, als ich das Gel\u00e4nde sah, Direkt am Meer befindet sich ein wundersch\u00f6ner Sandstrand (mit Luxusliegen und Sonnenschirmen), dar\u00fcber erstreckt sich \u00fcber 10 Terassenebenen ein weitl\u00e4ufiges Thermalbadgel\u00e4nde mit circa 20 Becken von verschiedener Temperatur, dazwischen Gr\u00fcnfl\u00e4chen, Palmen, Olivenb\u00e4ume und bunt bl\u00fchende Blumen. Und ganz oben befindet sich direkt im Berg eine riesige Natursteingrotte als Dampfkammer. Ein Traum \u2013 endlich ein Ferientag nach meinem Geschmack !! Herumsuhlen in Becken, die namentlich benannt waren (vielleicht ein Indiz, warum der<br \/>\nPr\u00e4sident unseres Clubs permanent die Sonnw\u00e4rme sucht), ausgestreckt unter Olivenb\u00e4umen, pl\u00e4tschernd im flachen Meer \u2026Viel zu kurz schien dieser Tag, bis zur unverr\u00fcckbaren R\u00fcckfahrt nach Sorrento.<\/p>\n<p style=\"text-align: justify;\"><strong><img decoding=\"async\" class=\"ngg-singlepic ngg-left\" src=\"http:\/\/adrianwood.ch\/wp-content\/gallery\/amalfi16\/image019_r225.jpg\" alt=\"image019_r225\" \/><img decoding=\"async\" class=\"ngg-singlepic ngg-left\" src=\"http:\/\/adrianwood.ch\/wp-content\/gallery\/amalfi16\/image021_r225.jpg\" alt=\"image021_r225\" \/><img decoding=\"async\" class=\"ngg-singlepic ngg-left\" src=\"http:\/\/adrianwood.ch\/wp-content\/gallery\/amalfi16\/image023_r225.jpg\" alt=\"image023_r225\" \/><img decoding=\"async\" class=\"ngg-singlepic ngg-left\" src=\"http:\/\/adrianwood.ch\/wp-content\/gallery\/amalfi16\/image025_r225.jpg\" alt=\"image025_r225\" \/><img decoding=\"async\" class=\"ngg-singlepic ngg-left\" src=\"http:\/\/adrianwood.ch\/wp-content\/gallery\/amalfi16\/image027_r225.jpg\" alt=\"image027_r225\" \/><img decoding=\"async\" class=\"ngg-singlepic ngg-left\" src=\"http:\/\/adrianwood.ch\/wp-content\/gallery\/amalfi16\/image029_r225.jpg\" alt=\"image029_r225\" \/>Samstag, 6.Mai .- Ischia (S\u00fcden)<\/strong><br \/>\nUnd nochmals ging\u2019s nach Ischia, mit Brigitte und Daniel (nicht abzusch\u00fctteln), sowie Helen und Rene. Wir verbrachten einen wundersch\u00f6nen Tag im S\u00fcden der Insel.<br \/>\nWieder ging\u2019s per Schiff von Sorrento, wieder eine einst\u00fcndige Autobusfahrt, diesmal Linie 1 nach St.Angelo, einem lieblichen kleinen Fischerort, etwas weniger \u00fcberlaufen als der Norden der Insel, aber ebenfalls fest in H\u00e4nden deutscher Touristen und ebenso gesch\u00e4ftst\u00fcchtig (Kuchenpreise m\u00fcssen unbedingt heruntergehandelt werden). Nach kurzem Verweilen und Kuchenessen ging es per Taxiboot billig und unkompliziert zum Fumarole Strand, wo durch vulkanische Aktivit\u00e4t \u00fcber 100\u00b0C heisser Dampf aus einem riesigen Loch im Sand str\u00f6mt. Man kann sich auch im heissen Sand eingraben lassen, was wir aber nicht probiert haben, statt dessen sind wir den kilometerlangen Sandstrand hinunterspaziert und ausgiebig gebadet. Mittagessen gab es in einem netten Restaurant gleich neben dem Dampfloch (Vorsicht: das Restaurant strandabw\u00e4rts verlangt 5 Euro nur f\u00fcr das Gedeck!), danach ging es per Taxiboot zum Marontistrand, wo nach langem Baden die Buslinie 5 uns nach Ischia Porto zur\u00fcckfuhr. F\u00fcr mich war dies ein weitgehend ereignisloser, wunderbar beruhigender Abschlusstag, vor dem Abflug zur\u00fcck nach Basel fr\u00fch am n\u00e4chsten Tag.\u00a0\u00a0\u00a0\u00a0\u00a0 Christine<\/p>\n<p style=\"text-align: justify;\"><img decoding=\"async\" class=\"ngg-singlepic ngg-left\" src=\"http:\/\/adrianwood.ch\/wp-content\/gallery\/amalfi16\/image031_r225.jpg\" alt=\"image031_r225\" \/><img decoding=\"async\" class=\"ngg-singlepic ngg-left\" src=\"http:\/\/adrianwood.ch\/wp-content\/gallery\/amalfi16\/image033_r225.jpg\" alt=\"image033_r225\" \/><img decoding=\"async\" class=\"ngg-singlepic ngg-left\" src=\"http:\/\/adrianwood.ch\/wp-content\/gallery\/amalfi16\/image035_r225.jpg\" alt=\"image035_r225\" \/><\/p>\n","protected":false},"excerpt":{"rendered":"<p>Epilog \u2013 die Inseln, Capri und Ischia Nach drei Tagen Wandern rund um Amalfi war mein PKT (pers\u00f6nliches Kontingent an Treppensteigen) f\u00fcr den Rest meines Lebens aufgebraucht, nachdem eine Kollegin am Vortag satte 2\u2019200 Stufen gez\u00e4hlt hatte. Auch wenn man die rein psychologische Komponente dieser ungeheuren Zahl zur Seit l\u00e4sst, schrie ein massiver Muskelkater nach &hellip; <a href=\"https:\/\/www.adrianwood.ch\/?page_id=4005\" class=\"more-link\">Continue reading <span class=\"screen-reader-text\">Epilog-die Inseln<\/span> <span class=\"meta-nav\">&rarr;<\/span><\/a><\/p>\n","protected":false},"author":1,"featured_media":0,"parent":1193,"menu_order":2254,"comment_status":"closed","ping_status":"closed","template":"","meta":{"ngg_post_thumbnail":0,"footnotes":""},"class_list":["post-4005","page","type-page","status-publish","hentry"],"_links":{"self":[{"href":"https:\/\/www.adrianwood.ch\/index.php?rest_route=\/wp\/v2\/pages\/4005","targetHints":{"allow":["GET"]}}],"collection":[{"href":"https:\/\/www.adrianwood.ch\/index.php?rest_route=\/wp\/v2\/pages"}],"about":[{"href":"https:\/\/www.adrianwood.ch\/index.php?rest_route=\/wp\/v2\/types\/page"}],"author":[{"embeddable":true,"href":"https:\/\/www.adrianwood.ch\/index.php?rest_route=\/wp\/v2\/users\/1"}],"replies":[{"embeddable":true,"href":"https:\/\/www.adrianwood.ch\/index.php?rest_route=%2Fwp%2Fv2%2Fcomments&post=4005"}],"version-history":[{"count":0,"href":"https:\/\/www.adrianwood.ch\/index.php?rest_route=\/wp\/v2\/pages\/4005\/revisions"}],"up":[{"embeddable":true,"href":"https:\/\/www.adrianwood.ch\/index.php?rest_route=\/wp\/v2\/pages\/1193"}],"wp:attachment":[{"href":"https:\/\/www.adrianwood.ch\/index.php?rest_route=%2Fwp%2Fv2%2Fmedia&parent=4005"}],"curies":[{"name":"wp","href":"https:\/\/api.w.org\/{rel}","templated":true}]}}