{"id":4051,"date":"2015-08-01T15:53:01","date_gmt":"2015-08-01T14:53:01","guid":{"rendered":"http:\/\/adrianwood.ch\/?page_id=4051"},"modified":"2016-07-02T08:33:39","modified_gmt":"2016-07-02T08:33:39","slug":"05-03-italienerweg","status":"publish","type":"page","link":"https:\/\/www.adrianwood.ch\/?page_id=4051","title":{"rendered":"05-03 Italienerweg"},"content":{"rendered":"<h2>Sonntag 3. Mai, Kalymnos Italienerweg<\/h2>\n<p style=\"text-align: justify;\">Abfahrt um 9.30 nach Pothia, vorbei an der fr\u00fchchristlichen Basilika Christos tis Jerusalim. Nach Besichtigung der Kirche am Hafen streifen wir durch die lebendigen G\u00e4sschen und kommen bis zum arch\u00e4ologischen Museum, das schnell besichtigt ist. Kalymnos war fr\u00fcher das Zentrum der Schwammtaucher, wovon heute noch die vielen Gesch\u00e4fte zeugen, die Schw\u00e4mme verkaufen. Heute ist die Insel unter anderem f\u00fcr Kletterer beliebt.<br \/>\n<img decoding=\"async\" class=\"ngg-singlepic ngg-left\" src=\"http:\/\/www.adrianwood.ch\/wp-content\/gallery\/dodekanes1503\/image017_r36.jpg\" alt=\"image017_r36\" \/><img decoding=\"async\" class=\"ngg-singlepic ngg-left\" src=\"http:\/\/www.adrianwood.ch\/wp-content\/gallery\/dodekanes1503\/image019_r36.jpg\" alt=\"image019_r36\" \/><br \/>\n11.15 Uhr Start f\u00fcr den sog. Italienerweg. Immer h\u00f6her schraubt sich der an unwegsamen Stellen mit Steinplatten belegte Weg mit sch\u00f6nen Ausblicken auf die Bucht von Pothia. Zum Teil steiler zweist\u00fcndiger sonnenausgesetzter Anstieg mit einer kurzen Trinkpause. Die D\u00fcfte der Kr\u00e4uter wie Thymian und Salbei erleichtern die Atmung, die Flora ist wunderbar.<br \/>\n<img decoding=\"async\" class=\"ngg-singlepic ngg-left\" src=\"http:\/\/www.adrianwood.ch\/wp-content\/gallery\/dodekanes1503\/image021_r36.jpg\" alt=\"image021_r36\" \/><img decoding=\"async\" class=\"ngg-singlepic ngg-left\" src=\"http:\/\/www.adrianwood.ch\/wp-content\/gallery\/dodekanes1503\/image023_r36.jpg\" alt=\"image023_r36\" \/><br \/>\nAuf der Passh\u00f6he in 370 m H\u00f6he Mittagspause mit herrlichem Ausblick auf das fruchtbare gr\u00fcne Tal von Vathy bis zur fjordartigen Bucht. Um 14.00 Uhr starten wir und wir erreichen das Tal von Vathy um 15.15 Uhr, die letzten 500 m weglos. Besichtigung der kleinen Kirche Maria Himmelfahrt, der K\u00fcster Manolis, der lang in Kanada lebte, gibt uns Erkl\u00e4rungen in Englisch.<br \/>\n<img decoding=\"async\" class=\"ngg-singlepic ngg-left\" src=\"http:\/\/www.adrianwood.ch\/wp-content\/gallery\/dodekanes1503\/image025_r36.jpg\" alt=\"image025_r36\" \/><img decoding=\"async\" class=\"ngg-singlepic ngg-left\" src=\"http:\/\/www.adrianwood.ch\/wp-content\/gallery\/dodekanes1503\/image027_r36.jpg\" alt=\"image027_r36\" \/><img decoding=\"async\" class=\"ngg-singlepic ngg-left\" src=\"http:\/\/www.adrianwood.ch\/wp-content\/gallery\/dodekanes1503\/image029_r36.jpg\" alt=\"image029_r36\" \/><img decoding=\"async\" class=\"ngg-singlepic ngg-left\" src=\"http:\/\/www.adrianwood.ch\/wp-content\/gallery\/dodekanes1503\/image031_r36.jpg\" alt=\"image031_r36\" \/><br \/>\nUm 16.00 Uhr erreichen wir Rina, wo sich auch der Hafen befindet. Pittoresker Platz mit mehreren Tavernen. Im Galini trinken wir ein Panach\u00e9. Dann Spaziergang entlang der Hafenmole, die 2 Vrenis, Brunni und Christa gehen Schwimmen.<br \/>\n<img decoding=\"async\" class=\"ngg-singlepic ngg-left\" src=\"http:\/\/www.adrianwood.ch\/wp-content\/gallery\/dodekanes1503\/image033_r36.jpg\" alt=\"image033_r36\" \/><img decoding=\"async\" class=\"ngg-singlepic ngg-left\" src=\"http:\/\/www.adrianwood.ch\/wp-content\/gallery\/dodekanes1503\/image035_r36.jpg\" alt=\"image035_r36\" \/><br \/>\nDie Bucht ist wie ein Fjord, Kos ist in der Ferne sichtbar, es bl\u00e4st ein frischer Wind. Adrian und 7 Leute machen eine von Peter Stalder gesponserte einst\u00fcndige Schiffsfahrt durch den Fjord bis hinaus ins offene Meer und einige lassen sich einen Sprung ins Wasser nicht entgehen.<br \/>\n<img decoding=\"async\" class=\"ngg-singlepic ngg-left\" src=\"http:\/\/www.adrianwood.ch\/wp-content\/gallery\/dodekanes1503\/image037_r36.jpg\" alt=\"image037_r36\" \/><img decoding=\"async\" class=\"ngg-singlepic ngg-left\" src=\"http:\/\/www.adrianwood.ch\/wp-content\/gallery\/dodekanes1503\/image039_r36.jpg\" alt=\"image039_r36\" \/><br \/>\n18 Uhr gemeinsames Abendessen im Restaurant Poppy&#8217;s. Es gibt viele Vorspeisen, das Hauptgericht besteht aus Schweinefleisch und griechischen Teigwaren, die wie Reis aussehen, Danach wird unter der Anleitung der K\u00f6chin und der Reiseleiterin Christina zu griechischer Volksmusik sirtaki-artig getanzt.<br \/>\nUm 21 f\u00e4hrt der Bus direkt \u00fcber eine gebirgige Strecke zur\u00fcck an die Nordk\u00fcste, vorbei an den Haupttourismusorten Massouri und Myrties zu unserem Hotel in Panormos.<br \/>\nPhilippe und Maria<\/p>\n<figure id=\"attachment_4054\" aria-describedby=\"caption-attachment-4054\" style=\"width: 805px\" class=\"wp-caption alignleft\"><a href=\"http:\/\/adrianwood.ch\/wp-content\/uploads\/2015\/08\/image016.jpg\"><img loading=\"lazy\" decoding=\"async\" class=\"size-full wp-image-4054\" src=\"http:\/\/adrianwood.ch\/wp-content\/uploads\/2015\/08\/image016.jpg\" alt=\"Italienerweg\" width=\"805\" height=\"549\" \/><\/a><figcaption id=\"caption-attachment-4054\" class=\"wp-caption-text\">Italienerweg<\/figcaption><\/figure>\n<p style=\"text-align: justify;\">\n","protected":false},"excerpt":{"rendered":"<p>Sonntag 3. Mai, Kalymnos Italienerweg Abfahrt um 9.30 nach Pothia, vorbei an der fr\u00fchchristlichen Basilika Christos tis Jerusalim. Nach Besichtigung der Kirche am Hafen streifen wir durch die lebendigen G\u00e4sschen und kommen bis zum arch\u00e4ologischen Museum, das schnell besichtigt ist. Kalymnos war fr\u00fcher das Zentrum der Schwammtaucher, wovon heute noch die vielen Gesch\u00e4fte zeugen, die &hellip; <a href=\"https:\/\/www.adrianwood.ch\/?page_id=4051\" class=\"more-link\">Continue reading <span class=\"screen-reader-text\">05-03 Italienerweg<\/span> <span class=\"meta-nav\">&rarr;<\/span><\/a><\/p>\n","protected":false},"author":1,"featured_media":0,"parent":4013,"menu_order":2505,"comment_status":"closed","ping_status":"closed","template":"","meta":{"ngg_post_thumbnail":0,"footnotes":""},"class_list":["post-4051","page","type-page","status-publish","hentry"],"_links":{"self":[{"href":"https:\/\/www.adrianwood.ch\/index.php?rest_route=\/wp\/v2\/pages\/4051","targetHints":{"allow":["GET"]}}],"collection":[{"href":"https:\/\/www.adrianwood.ch\/index.php?rest_route=\/wp\/v2\/pages"}],"about":[{"href":"https:\/\/www.adrianwood.ch\/index.php?rest_route=\/wp\/v2\/types\/page"}],"author":[{"embeddable":true,"href":"https:\/\/www.adrianwood.ch\/index.php?rest_route=\/wp\/v2\/users\/1"}],"replies":[{"embeddable":true,"href":"https:\/\/www.adrianwood.ch\/index.php?rest_route=%2Fwp%2Fv2%2Fcomments&post=4051"}],"version-history":[{"count":7,"href":"https:\/\/www.adrianwood.ch\/index.php?rest_route=\/wp\/v2\/pages\/4051\/revisions"}],"predecessor-version":[{"id":7921,"href":"https:\/\/www.adrianwood.ch\/index.php?rest_route=\/wp\/v2\/pages\/4051\/revisions\/7921"}],"up":[{"embeddable":true,"href":"https:\/\/www.adrianwood.ch\/index.php?rest_route=\/wp\/v2\/pages\/4013"}],"wp:attachment":[{"href":"https:\/\/www.adrianwood.ch\/index.php?rest_route=%2Fwp%2Fv2%2Fmedia&parent=4051"}],"curies":[{"name":"wp","href":"https:\/\/api.w.org\/{rel}","templated":true}]}}