{"id":4118,"date":"2015-08-06T06:47:33","date_gmt":"2015-08-06T05:47:33","guid":{"rendered":"http:\/\/adrianwood.ch\/?page_id=4118"},"modified":"2016-07-02T12:34:59","modified_gmt":"2016-07-02T12:34:59","slug":"05-12-antimachia","status":"publish","type":"page","link":"https:\/\/www.adrianwood.ch\/?page_id=4118","title":{"rendered":"05-12 Antimachia"},"content":{"rendered":"<h2>\u00a0Dienstag, 12. Mai 2015, Festung Antimachia<\/h2>\n<p>\u201eEin Schiff wird kommen . . . \u201e<\/p>\n<p style=\"text-align: justify;\">Bereits in der Nacht haben kleine Regenschauer f\u00fcr etwas Feuchtigkeit gesorgt, aber richtig gegossen hat es erst, als wir am Hafen von Mandraki\/Nisyros einerseits auf den Gep\u00e4cktransporter und andererseits auf das F\u00e4hrboot warteten, das uns zur Insel Kos &#8211; wo Hippokrates lehrte &#8211; \u00fcbersetzen sollte. Wir gingen tropfnass an Bord und dr\u00e4ngten uns unter Deck zusammen. Die See trug auf tintenblauen Wogen kleine Schaumkr\u00f6nchen. Der Regen rann aus dem gleichm\u00e4ssig grauen Himmel. Die weisse Gischt der Bugwellen sch\u00e4umte den Schiffsplanken entlang und Mandraki samt dem Vulkangebirge versanken in der Ferne.<\/p>\n<p style=\"text-align: justify;\"><img decoding=\"async\" class=\"ngg-singlepic ngg-left\" src=\"http:\/\/adrianwood.ch\/wp-content\/gallery\/dodekanes1517\/image001_r35.jpg\" alt=\"image001_r35\" \/>Die ms \u201eConstantina\u201c hielt Kurs auf Kardamena, wiegte sich in der D\u00fcnung und legte nach einer Stunde<br \/>\nam Fuss des Dikeos-Gebirges an. Es regnete kaum noch. Wir rollten unser Gep\u00e4ck durch die leicht \u00fcberflutete Hauptgasse zum bereitstehenden Bus, der uns um 12.30 h vor dem Hotel Calimera Mare aussteigen liess. Freundlich wurden wir hereingebeten und mit einem Wellcome-Drink (Orangensaft) und Kuchen verw\u00f6hnt.<\/p>\n<p style=\"text-align: justify;\">Bereits um 14 Uhr war die Abfahrt mit dem Bus zur Johanniterfestung Antimachia vorgesehen. Unter-dessen lachte schon wieder die Sonne vom Himmel.<\/p>\n<p>Und pl\u00f6tzlich l\u00fc\u00fcchtet die ganzi Insel<br \/>\nals g\u00e4b\u2019s kei R\u00e4ge, als w\u00e4r\u2019s nie kalt<br \/>\nals h\u00e4tt der Liebgott mit eme Pinsel<br \/>\ne verg\u00e4ssene Traum uff s Wasser gmalt . . .<\/p>\n<p>(frei nach Peter Reber)<\/p>\n<p style=\"text-align: justify;\">Der Bus brachte uns bis vor die beeindruckende, mit Zinnen bewehrte Festungsmauer. Ein Mann in der Tracht griechischer Hirten empf\u00e4ngt die Besucher. Seine flachen Schuhe sind mit einem Pompon geschm\u00fcckt, seine mageren Beine staken in weissen Str\u00fcmpfen, die unter dem weissen T\u00fct\u00fc verschwanden.<\/p>\n<p style=\"text-align: justify;\">Ein rotes besticktes Wams war \u00fcber das weisse Hemd gezogen und das Stoffbarret war mit der \u00fcblichen Quaste geziert. Dazu hantierte er mit einem langen, gebogenen Hirtenstab, mit dem er sowohl den Herdentiere als auch den Touristen imponiert. Letztere sind aufgefordert, f\u00fcr das Portraitieren einen Obolus abzuliefern. Wir schrit ten durch das m\u00e4chtige Tor und Christina gab uns Anhaltspunkte zu diesem Bauwerk:<\/p>\n<p style=\"text-align: justify;\"><img decoding=\"async\" class=\"ngg-singlepic ngg-left\" src=\"http:\/\/adrianwood.ch\/wp-content\/gallery\/dodekanes1517\/image005_r35.jpg\" alt=\"image005_r35\" \/><img decoding=\"async\" class=\"ngg-singlepic ngg-left\" src=\"http:\/\/adrianwood.ch\/wp-content\/gallery\/dodekanes1517\/image003_r35.jpg\" alt=\"image003_r35\" \/>Bereits in byzantinischer Zeit existierte eine Burg an dieser Lage auf dem Plateau 170 m \u00fc.M. Der erste schriftliche Hinweis erw\u00e4hnt den Gro\u00dfmeister des Johanniterordens, Helion de Villeneuve, als Erbauer zwischen 1337 und 1346. Nach Besch\u00e4digungen durch ein Erdbeben 1493 wurde unter Pierre d\u2019Aubusson, Kardinal und Ritter des Johanniterordens, in Erw\u00e4gungen gezogen an anderer Stelle eine neue Festung zu errichten, dem standen aber wirtschaftliche Gr\u00fcnde entgegen. Oberhalb des Innentores ist sein Wappen mit der Jahreszahl 1494 in der Mauer eingelassen. Fabrizio del Carretto, ein weiterer Grossmeister des Johanniterordens, lie\u00df im fr\u00fchen 16. Jahrhundert am Haupteingang an der Nordwestseite eine hufeisenf\u00f6rmige Bastion anbauen. Nach der Belagerung von Rhodos (1522) und der Niederlage der Johanniter gelangte die Insel Kos unter osmanische Herrschaft.<\/p>\n<p style=\"text-align: justify;\">Zu Beginn des 19. Jahrhunderts gaben die Einwohner die Siedlung in der Festung auf und lie\u00dfen sich im nahe gelegenen Antimachia nieder. Den Erdbeben am 8. Februar 1926 am 23. April 1933 hielten die Festungsmauern sowie zwei Kirchen im Inneren stand, alle \u00fcbrigen Geb\u00e4ude wurden zerst\u00f6rt.<\/p>\n<p style=\"text-align: justify;\"><img decoding=\"async\" class=\"ngg-singlepic ngg-left\" src=\"http:\/\/www.adrianwood.ch\/wp-content\/gallery\/dodekanes1512-1\/image007_r36.jpg\" alt=\"image007_r36\" \/><img decoding=\"async\" class=\"ngg-singlepic ngg-left\" src=\"http:\/\/www.adrianwood.ch\/wp-content\/gallery\/dodekanes1512-1\/image009_r36.jpg\" alt=\"image009_r36\" \/>Auf eigene Faust erkundeten wir die riesige Anlage und genossen die Aussicht in allen Himmels\u00adrichtungen Auf den einstigen Tr\u00fcmmern hat sich die Natur ihren Platz zur\u00fcckerobert. Eine bunte Blumenwiese hat zugedeckt, was fr\u00fcher an stolzem Mauerwerk vorhanden war.<\/p>\n<p style=\"text-align: justify;\"><img decoding=\"async\" class=\"ngg-singlepic ngg-left\" src=\"http:\/\/www.adrianwood.ch\/wp-content\/gallery\/dodekanes1512-1\/image011_r36.jpg\" alt=\"image011_r36\" \/><img decoding=\"async\" class=\"ngg-singlepic ngg-left\" src=\"http:\/\/www.adrianwood.ch\/wp-content\/gallery\/dodekanes1512-1\/image013_r36.jpg\" alt=\"image013_r36\" \/>F\u00fcr den R\u00fcckweg f\u00fchrte uns Christina auf einer Schotterstrasse in die Vulkanlandschaft hinunter. Der Weg war ges\u00e4umt mit \u00fcppig bl\u00fchenden Margriten-B\u00fcschen, duftendem Ginster, rosa bl\u00fchendem Oleander, nebst dem f\u00fcr diese Gegend typischen Distel-, Stachel- und Dornenzeug. In der Talsohle war auch landwirtschaftliche Nutzung festzustellen, seien es quickende Ferkel oder gackernde Hennen.<\/p>\n<p style=\"text-align: justify;\">Bei einem Halt am Brunnentrog gingen die Wege und die Meinungen auseinander. Ein paar versprengte Irrl\u00e4ufer wurden sp\u00e4ter von Christina zur\u00fcckgeholt.<\/p>\n<p style=\"text-align: justify;\">Als wir die kleine Kirche auf der Anh\u00f6he erreicht hatten wurde feldherrlich entschieden die Route quer durch ein d\u00fcrres Feld, einen Olivenhain und durch einen t\u00fcckischen Wassergraben zu nehmen, um zu den H\u00e4usern von Kardamena zu gelangen. Hier im Ort fanden sich alsbald gen\u00fcgend Tavernen, so dass f\u00fcr ausreichende Verpflegung nach eigenem Gusto gesorgt war.\u00a0\u00a0\u00a0\u00a0\u00a0\u00a0\u00a0\u00a0\u00a0\u00a0\u00a0\u00a0\u00a0\u00a0\u00a0\u00a0\u00a0\u00a0\u00a0\u00a0\u00a0\u00a0\u00a0\u00a0\u00a0\u00a0\u00a0\u00a0\u00a0\u00a0\u00a0\u00a0\u00a0\u00a0\u00a0\u00a0 Vreni Z.<\/p>\n<p><strong>Bilder am Schiff von Brigitte D.<\/strong><\/p>\n<p><img decoding=\"async\" class=\"ngg-singlepic ngg-left\" src=\"http:\/\/adrianwood.ch\/wp-content\/gallery\/dodekanes1517\/image015_r22.jpg\" alt=\"image015_r22\" \/><img decoding=\"async\" class=\"ngg-singlepic ngg-left\" src=\"http:\/\/adrianwood.ch\/wp-content\/gallery\/dodekanes1517\/image017_r22.jpg\" alt=\"image017_r22\" \/><img decoding=\"async\" class=\"ngg-singlepic ngg-left\" src=\"http:\/\/adrianwood.ch\/wp-content\/gallery\/dodekanes1517\/image019_r22.jpg\" alt=\"image019_r22\" \/><img decoding=\"async\" class=\"ngg-singlepic ngg-left\" src=\"http:\/\/adrianwood.ch\/wp-content\/gallery\/dodekanes1517\/image021_r22.jpg\" alt=\"image021_r22\" \/><img decoding=\"async\" class=\"ngg-singlepic ngg-left\" src=\"http:\/\/adrianwood.ch\/wp-content\/gallery\/dodekanes1517\/image023_r22.jpg\" alt=\"image023_r22\" \/><img decoding=\"async\" class=\"ngg-singlepic ngg-left\" src=\"http:\/\/adrianwood.ch\/wp-content\/gallery\/dodekanes1517\/image025_r22.jpg\" alt=\"image025_r22\" \/><img decoding=\"async\" class=\"ngg-singlepic ngg-left\" src=\"http:\/\/adrianwood.ch\/wp-content\/gallery\/dodekanes1517\/image027_r22.jpg\" alt=\"image027_r22\" \/><img decoding=\"async\" class=\"ngg-singlepic ngg-left\" src=\"http:\/\/adrianwood.ch\/wp-content\/gallery\/dodekanes1517\/image029_r22.jpg\" alt=\"image029_r22\" \/><img decoding=\"async\" class=\"ngg-singlepic ngg-left\" src=\"http:\/\/adrianwood.ch\/wp-content\/gallery\/dodekanes1517\/image031_r22.jpg\" alt=\"image031_r22\" \/><img decoding=\"async\" class=\"ngg-singlepic ngg-left\" src=\"http:\/\/adrianwood.ch\/wp-content\/gallery\/dodekanes1517\/image033_r22.jpg\" alt=\"image033_r22\" \/><img decoding=\"async\" class=\"ngg-singlepic ngg-left\" src=\"http:\/\/adrianwood.ch\/wp-content\/gallery\/dodekanes1517\/image035_r22.jpg\" alt=\"image035_r22\" \/><img decoding=\"async\" class=\"ngg-singlepic ngg-left\" src=\"http:\/\/adrianwood.ch\/wp-content\/gallery\/dodekanes1517\/image037_r22.jpg\" alt=\"image037_r22\" \/><img decoding=\"async\" class=\"ngg-singlepic ngg-left\" src=\"http:\/\/adrianwood.ch\/wp-content\/gallery\/dodekanes1517\/image039_r22.jpg\" alt=\"image039_r22\" \/><img decoding=\"async\" class=\"ngg-singlepic ngg-left\" src=\"http:\/\/adrianwood.ch\/wp-content\/gallery\/dodekanes1517\/image041_r22.jpg\" alt=\"image041_r22\" \/><img decoding=\"async\" class=\"ngg-singlepic ngg-left\" src=\"http:\/\/adrianwood.ch\/wp-content\/gallery\/dodekanes1517\/image043_r22.jpg\" alt=\"image043_r22\" \/><img decoding=\"async\" class=\"ngg-singlepic ngg-left\" src=\"http:\/\/adrianwood.ch\/wp-content\/gallery\/dodekanes1517\/image045_r22.jpg\" alt=\"image045_r22\" \/><img decoding=\"async\" class=\"ngg-singlepic ngg-left\" src=\"http:\/\/adrianwood.ch\/wp-content\/gallery\/dodekanes1517\/image047_r22.jpg\" alt=\"image047_r22\" \/><img decoding=\"async\" class=\"ngg-singlepic ngg-left\" src=\"http:\/\/adrianwood.ch\/wp-content\/gallery\/dodekanes1517\/image049_r22.jpg\" alt=\"image049_r22\" \/><\/p>\n<p style=\"text-align: center;\"><strong>Festung Antimachia \u2013 Kardamena \u2013 Hotel Kalimera Mar<\/strong><\/p>\n<p><img decoding=\"async\" class=\"ngg-singlepic ngg-left\" src=\"http:\/\/adrianwood.ch\/wp-content\/gallery\/dodekanes1517\/image052.jpg\" alt=\"image052\" \/><\/p>\n<p>&nbsp;<\/p>\n<p>&nbsp;<\/p>\n<p>&nbsp;<\/p>\n<p>&nbsp;<\/p>\n<p>&nbsp;<\/p>\n","protected":false},"excerpt":{"rendered":"<p>\u00a0Dienstag, 12. Mai 2015, Festung Antimachia \u201eEin Schiff wird kommen . . . \u201e Bereits in der Nacht haben kleine Regenschauer f\u00fcr etwas Feuchtigkeit gesorgt, aber richtig gegossen hat es erst, als wir am Hafen von Mandraki\/Nisyros einerseits auf den Gep\u00e4cktransporter und andererseits auf das F\u00e4hrboot warteten, das uns zur Insel Kos &#8211; wo Hippokrates &hellip; <a href=\"https:\/\/www.adrianwood.ch\/?page_id=4118\" class=\"more-link\">Continue reading <span class=\"screen-reader-text\">05-12 Antimachia<\/span> <span class=\"meta-nav\">&rarr;<\/span><\/a><\/p>\n","protected":false},"author":1,"featured_media":0,"parent":4013,"menu_order":2517,"comment_status":"closed","ping_status":"closed","template":"","meta":{"ngg_post_thumbnail":0,"footnotes":""},"class_list":["post-4118","page","type-page","status-publish","hentry"],"_links":{"self":[{"href":"https:\/\/www.adrianwood.ch\/index.php?rest_route=\/wp\/v2\/pages\/4118","targetHints":{"allow":["GET"]}}],"collection":[{"href":"https:\/\/www.adrianwood.ch\/index.php?rest_route=\/wp\/v2\/pages"}],"about":[{"href":"https:\/\/www.adrianwood.ch\/index.php?rest_route=\/wp\/v2\/types\/page"}],"author":[{"embeddable":true,"href":"https:\/\/www.adrianwood.ch\/index.php?rest_route=\/wp\/v2\/users\/1"}],"replies":[{"embeddable":true,"href":"https:\/\/www.adrianwood.ch\/index.php?rest_route=%2Fwp%2Fv2%2Fcomments&post=4118"}],"version-history":[{"count":2,"href":"https:\/\/www.adrianwood.ch\/index.php?rest_route=\/wp\/v2\/pages\/4118\/revisions"}],"predecessor-version":[{"id":8389,"href":"https:\/\/www.adrianwood.ch\/index.php?rest_route=\/wp\/v2\/pages\/4118\/revisions\/8389"}],"up":[{"embeddable":true,"href":"https:\/\/www.adrianwood.ch\/index.php?rest_route=\/wp\/v2\/pages\/4013"}],"wp:attachment":[{"href":"https:\/\/www.adrianwood.ch\/index.php?rest_route=%2Fwp%2Fv2%2Fmedia&parent=4118"}],"curies":[{"name":"wp","href":"https:\/\/api.w.org\/{rel}","templated":true}]}}

<h2> Dienstag, 12. Mai 2015, Festung Antimachia</h2>
<p>„Ein Schiff wird kommen . . . „</p>
<p style="text-align: justify;">Bereits in der Nacht haben kleine Regenschauer für etwas Feuchtigkeit gesorgt, aber richtig gegossen hat es erst, als wir am Hafen von Mandraki/Nisyros einerseits auf den Gepäcktransporter und andererseits auf das Fährboot warteten, das uns zur Insel Kos &#8211; wo Hippokrates lehrte &#8211; übersetzen sollte. Wir gingen tropfnass an Bord und drängten uns unter Deck zusammen. Die See trug auf tintenblauen Wogen kleine Schaumkrönchen. Der Regen rann aus dem gleichmässig grauen Himmel. Die weisse Gischt der Bugwellen schäumte den Schiffsplanken entlang und Mandraki samt dem Vulkangebirge versanken in der Ferne.</p>
<p style="text-align: justify;"><img decoding="async" class="ngg-singlepic ngg-left" src="http://adrianwood.ch/wp-content/gallery/dodekanes1517/image001_r35.jpg" alt="image001_r35" />Die ms „Constantina“ hielt Kurs auf Kardamena, wiegte sich in der Dünung und legte nach einer Stunde<br />
am Fuss des Dikeos-Gebirges an. Es regnete kaum noch. Wir rollten unser Gepäck durch die leicht überflutete Hauptgasse zum bereitstehenden Bus, der uns um 12.30 h vor dem Hotel Calimera Mare aussteigen liess. Freundlich wurden wir hereingebeten und mit einem Wellcome-Drink (Orangensaft) und Kuchen verwöhnt.</p>
<p style="text-align: justify;">Bereits um 14 Uhr war die Abfahrt mit dem Bus zur Johanniterfestung Antimachia vorgesehen. Unter-dessen lachte schon wieder die Sonne vom Himmel.</p>
<p>Und plötzlich lüüchtet die ganzi Insel<br />
als gäb’s kei Räge, als wär’s nie kalt<br />
als hätt der Liebgott mit eme Pinsel<br />
e vergässene Traum uff s Wasser gmalt . . .</p>
<p>(frei nach Peter Reber)</p>
<p style="text-align: justify;">Der Bus brachte uns bis vor die beeindruckende, mit Zinnen bewehrte Festungsmauer. Ein Mann in der Tracht griechischer Hirten empfängt die Besucher. Seine flachen Schuhe sind mit einem Pompon geschmückt, seine mageren Beine staken in weissen Strümpfen, die unter dem weissen Tütü verschwanden.</p>
<p style="text-align: justify;">Ein rotes besticktes Wams war über das weisse Hemd gezogen und das Stoffbarret war mit der üblichen Quaste geziert. Dazu hantierte er mit einem langen, gebogenen Hirtenstab, mit dem er sowohl den Herdentiere als auch den Touristen imponiert. Letztere sind aufgefordert, für das Portraitieren einen Obolus abzuliefern. Wir schrit ten durch das mächtige Tor und Christina gab uns Anhaltspunkte zu diesem Bauwerk:</p>
<p style="text-align: justify;"><img decoding="async" class="ngg-singlepic ngg-left" src="http://adrianwood.ch/wp-content/gallery/dodekanes1517/image005_r35.jpg" alt="image005_r35" /><img decoding="async" class="ngg-singlepic ngg-left" src="http://adrianwood.ch/wp-content/gallery/dodekanes1517/image003_r35.jpg" alt="image003_r35" />Bereits in byzantinischer Zeit existierte eine Burg an dieser Lage auf dem Plateau 170 m ü.M. Der erste schriftliche Hinweis erwähnt den Großmeister des Johanniterordens, Helion de Villeneuve, als Erbauer zwischen 1337 und 1346. Nach Beschädigungen durch ein Erdbeben 1493 wurde unter Pierre d’Aubusson, Kardinal und Ritter des Johanniterordens, in Erwägungen gezogen an anderer Stelle eine neue Festung zu errichten, dem standen aber wirtschaftliche Gründe entgegen. Oberhalb des Innentores ist sein Wappen mit der Jahreszahl 1494 in der Mauer eingelassen. Fabrizio del Carretto, ein weiterer Grossmeister des Johanniterordens, ließ im frühen 16. Jahrhundert am Haupteingang an der Nordwestseite eine hufeisenförmige Bastion anbauen. Nach der Belagerung von Rhodos (1522) und der Niederlage der Johanniter gelangte die Insel Kos unter osmanische Herrschaft.</p>
<p style="text-align: justify;">Zu Beginn des 19. Jahrhunderts gaben die Einwohner die Siedlung in der Festung auf und ließen sich im nahe gelegenen Antimachia nieder. Den Erdbeben am 8. Februar 1926 am 23. April 1933 hielten die Festungsmauern sowie zwei Kirchen im Inneren stand, alle übrigen Gebäude wurden zerstört.</p>
<p style="text-align: justify;"><img decoding="async" class="ngg-singlepic ngg-left" src="http://www.adrianwood.ch/wp-content/gallery/dodekanes1512-1/image007_r36.jpg" alt="image007_r36" /><img decoding="async" class="ngg-singlepic ngg-left" src="http://www.adrianwood.ch/wp-content/gallery/dodekanes1512-1/image009_r36.jpg" alt="image009_r36" />Auf eigene Faust erkundeten wir die riesige Anlage und genossen die Aussicht in allen Himmels­richtungen Auf den einstigen Trümmern hat sich die Natur ihren Platz zurückerobert. Eine bunte Blumenwiese hat zugedeckt, was früher an stolzem Mauerwerk vorhanden war.</p>
<p style="text-align: justify;"><img decoding="async" class="ngg-singlepic ngg-left" src="http://www.adrianwood.ch/wp-content/gallery/dodekanes1512-1/image011_r36.jpg" alt="image011_r36" /><img decoding="async" class="ngg-singlepic ngg-left" src="http://www.adrianwood.ch/wp-content/gallery/dodekanes1512-1/image013_r36.jpg" alt="image013_r36" />Für den Rückweg führte uns Christina auf einer Schotterstrasse in die Vulkanlandschaft hinunter. Der Weg war gesäumt mit üppig blühenden Margriten-Büschen, duftendem Ginster, rosa blühendem Oleander, nebst dem für diese Gegend typischen Distel-, Stachel- und Dornenzeug. In der Talsohle war auch landwirtschaftliche Nutzung festzustellen, seien es quickende Ferkel oder gackernde Hennen.</p>
<p style="text-align: justify;">Bei einem Halt am Brunnentrog gingen die Wege und die Meinungen auseinander. Ein paar versprengte Irrläufer wurden später von Christina zurückgeholt.</p>
<p style="text-align: justify;">Als wir die kleine Kirche auf der Anhöhe erreicht hatten wurde feldherrlich entschieden die Route quer durch ein dürres Feld, einen Olivenhain und durch einen tückischen Wassergraben zu nehmen, um zu den Häusern von Kardamena zu gelangen. Hier im Ort fanden sich alsbald genügend Tavernen, so dass für ausreichende Verpflegung nach eigenem Gusto gesorgt war.                                     Vreni Z.</p>
<p><strong>Bilder am Schiff von Brigitte D.</strong></p>
<p><img decoding="async" class="ngg-singlepic ngg-left" src="http://adrianwood.ch/wp-content/gallery/dodekanes1517/image015_r22.jpg" alt="image015_r22" /><img decoding="async" class="ngg-singlepic ngg-left" src="http://adrianwood.ch/wp-content/gallery/dodekanes1517/image017_r22.jpg" alt="image017_r22" /><img decoding="async" class="ngg-singlepic ngg-left" src="http://adrianwood.ch/wp-content/gallery/dodekanes1517/image019_r22.jpg" alt="image019_r22" /><img decoding="async" class="ngg-singlepic ngg-left" src="http://adrianwood.ch/wp-content/gallery/dodekanes1517/image021_r22.jpg" alt="image021_r22" /><img decoding="async" class="ngg-singlepic ngg-left" src="http://adrianwood.ch/wp-content/gallery/dodekanes1517/image023_r22.jpg" alt="image023_r22" /><img decoding="async" class="ngg-singlepic ngg-left" src="http://adrianwood.ch/wp-content/gallery/dodekanes1517/image025_r22.jpg" alt="image025_r22" /><img decoding="async" class="ngg-singlepic ngg-left" src="http://adrianwood.ch/wp-content/gallery/dodekanes1517/image027_r22.jpg" alt="image027_r22" /><img decoding="async" class="ngg-singlepic ngg-left" src="http://adrianwood.ch/wp-content/gallery/dodekanes1517/image029_r22.jpg" alt="image029_r22" /><img decoding="async" class="ngg-singlepic ngg-left" src="http://adrianwood.ch/wp-content/gallery/dodekanes1517/image031_r22.jpg" alt="image031_r22" /><img decoding="async" class="ngg-singlepic ngg-left" src="http://adrianwood.ch/wp-content/gallery/dodekanes1517/image033_r22.jpg" alt="image033_r22" /><img decoding="async" class="ngg-singlepic ngg-left" src="http://adrianwood.ch/wp-content/gallery/dodekanes1517/image035_r22.jpg" alt="image035_r22" /><img decoding="async" class="ngg-singlepic ngg-left" src="http://adrianwood.ch/wp-content/gallery/dodekanes1517/image037_r22.jpg" alt="image037_r22" /><img decoding="async" class="ngg-singlepic ngg-left" src="http://adrianwood.ch/wp-content/gallery/dodekanes1517/image039_r22.jpg" alt="image039_r22" /><img decoding="async" class="ngg-singlepic ngg-left" src="http://adrianwood.ch/wp-content/gallery/dodekanes1517/image041_r22.jpg" alt="image041_r22" /><img decoding="async" class="ngg-singlepic ngg-left" src="http://adrianwood.ch/wp-content/gallery/dodekanes1517/image043_r22.jpg" alt="image043_r22" /><img decoding="async" class="ngg-singlepic ngg-left" src="http://adrianwood.ch/wp-content/gallery/dodekanes1517/image045_r22.jpg" alt="image045_r22" /><img decoding="async" class="ngg-singlepic ngg-left" src="http://adrianwood.ch/wp-content/gallery/dodekanes1517/image047_r22.jpg" alt="image047_r22" /><img decoding="async" class="ngg-singlepic ngg-left" src="http://adrianwood.ch/wp-content/gallery/dodekanes1517/image049_r22.jpg" alt="image049_r22" /></p>
<p style="text-align: center;"><strong>Festung Antimachia – Kardamena – Hotel Kalimera Mar</strong></p>
<p><img decoding="async" class="ngg-singlepic ngg-left" src="http://adrianwood.ch/wp-content/gallery/dodekanes1517/image052.jpg" alt="image052" /></p>
<p>&nbsp;</p>
<p>&nbsp;</p>
<p>&nbsp;</p>
<p>&nbsp;</p>
<p>&nbsp;</p>

<p> Dienstag, 12. Mai 2015, Festung Antimachia „Ein Schiff wird kommen . . . „ Bereits in der Nacht haben kleine Regenschauer für etwas Feuchtigkeit gesorgt, aber richtig gegossen hat es erst, als wir am Hafen von Mandraki/Nisyros einerseits auf den Gepäcktransporter und andererseits auf das Fährboot warteten, das uns zur Insel Kos &#8211; wo Hippokrates &hellip; <a href="https://www.adrianwood.ch/?page_id=4118" class="more-link">Continue reading <span class="screen-reader-text">05-12 Antimachia</span> <span class="meta-nav">&rarr;</span></a></p>
