{"id":4199,"date":"2015-10-07T17:16:25","date_gmt":"2015-10-07T17:16:25","guid":{"rendered":"http:\/\/adrianwood.ch\/?page_id=4199"},"modified":"2016-06-08T10:08:54","modified_gmt":"2016-06-08T10:08:54","slug":"09-24-istria-vrsar","status":"publish","type":"page","link":"https:\/\/www.adrianwood.ch\/?page_id=4199","title":{"rendered":"09-24 Istria, Vrsar"},"content":{"rendered":"<dl id=\"attachment_4200\" class=\"wp-caption alignleft\" style=\"width: 740px;\">\n<dt class=\"wp-caption-dt\"><a href=\"http:\/\/adrianwood.ch\/wp-content\/uploads\/2015\/10\/KRA_0991_r_r7.jpg\"><img loading=\"lazy\" decoding=\"async\" class=\"size-full wp-image-4200\" src=\"http:\/\/adrianwood.ch\/wp-content\/uploads\/2015\/10\/KRA_0991_r_r7.jpg\" alt=\"Vrsar at sunset\" width=\"730\" height=\"487\" \/><\/a><\/dt>\n<dd class=\"wp-caption-dd\">Vrsar at sunset<\/dd>\n<\/dl>\n<h2>Istrien, Vrsar<\/h2>\n<p><strong>Donnerstag 24.Sept. Motovun \u2013 Vrsar<\/strong><br \/>\nHeute machen wir uns auf den Weg ans Meer. Wir starten direkt vom Hotel und wandern zuerst auf einem Teilst\u00fcck des Parenzana-Weges, ein fr\u00fchere Eisenbahnterasse. Auf der abwechslungsreichen Fahrt von Vizinada nach Vrsar besuchen wir ein Weingut und lassen uns den istrischen Wein und Grappa schmecken. Unsere n\u00e4chste Hotel Vista begeistert mit einer sch\u00f6nen Panoramaterrasse, wo bei sch\u00f6nem Wetter auch das Fr\u00fchst\u00fcck serviert wird. Es liegt ca. 5 Gehminuten von der Altstadt und dem Strand entfernt. Am Abend bummeln wir durch die malerische, aber nicht von Touristen \u00fcberlaufene, Altstadt von Vrsar und geniessen ein gemeinsames Abendessen in einem lokalen Restaurant.<br \/>\nWanderzeit: ca. 3 &#8211; 3\u00bd Stunden \uf070\uf02065 m \uf071\uf020165 m<br \/>\n<strong>Freitag 25.Sept. Limskifjord \u2013 Rovinij<\/strong><br \/>\nWir wandern gem\u00fctlich dem glasklaren, blaugr\u00fcn-schimmernden Limskifjord entlang und durchqueren das Naturwaldreservat Konti-ja. Nachdem wir etwas \u00fcber die dortige Austernzucht erfahren haben, geht es mit dem Boot bis nach Rovinij. Die bekannte K\u00fcstenstadt bezaubert durch ihre pittoreske Altstadt mit den vielen, kleinen Gassen. Ein istrisches Juwel! Es bleibt Zeit f\u00fcr eigene Entdeckungen. Wanderzeit: ca. 3 Stunden \uf070\uf020200 m \uf071\uf020200 m<br \/>\n<strong>Samstag 26.Sept. K\u00fcstenwanderung bei Porec<\/strong><br \/>\nZum Abschluss dieser Entdeckungswoche f\u00e4hrt uns der Bus n\u00f6rdlich von Porec bis Sv.Marina bei Vabriga. Unsere letzte Wanderung f\u00fchrt uns auf mehrheitlich Naturpfaden der K\u00fcste entlang. Von Bucht zu Bucht haben wir immer wieder herrliche Ausblicke aufs Meer. In Porec machen wir einen Rundgang durch die pulsierende Hafenstadt. Am Nachmittag haben wir in Vrsar gen\u00fcgend Zeit Abschied zu nehmen &#8211; sei es am Meer, in der Altstadt oder im Hotelgarten.<br \/>\nWanderzeit: ca. 3 Stunden \uf070\uf02080 m \uf071\uf02080 m<br \/>\n<strong>Sonntag 27.Sept. Vrsar \u2013 Venezia Mestre \u2013 Milano \u2013 Z\u00fcrich<\/strong><br \/>\nBustransfer nach Venedig und R\u00fcckreise per Bahn via Mailand nach Z\u00fcrich. ngg_shortcode_0_placeholder<\/p>\n","protected":false},"excerpt":{"rendered":"<p>Vrsar at sunset Istrien, Vrsar Donnerstag 24.Sept. Motovun \u2013 Vrsar Heute machen wir uns auf den Weg ans Meer. Wir starten direkt vom Hotel und wandern zuerst auf einem Teilst\u00fcck des Parenzana-Weges, ein fr\u00fchere Eisenbahnterasse. Auf der abwechslungsreichen Fahrt von Vizinada nach Vrsar besuchen wir ein Weingut und lassen uns den istrischen Wein und Grappa &hellip; <a href=\"https:\/\/www.adrianwood.ch\/?page_id=4199\" class=\"more-link\">Continue reading <span class=\"screen-reader-text\">09-24 Istria, Vrsar<\/span> <span class=\"meta-nav\">&rarr;<\/span><\/a><\/p>\n","protected":false},"author":1,"featured_media":0,"parent":4174,"menu_order":4746,"comment_status":"closed","ping_status":"closed","template":"","meta":{"ngg_post_thumbnail":0,"footnotes":""},"class_list":["post-4199","page","type-page","status-publish","hentry"],"_links":{"self":[{"href":"https:\/\/www.adrianwood.ch\/index.php?rest_route=\/wp\/v2\/pages\/4199","targetHints":{"allow":["GET"]}}],"collection":[{"href":"https:\/\/www.adrianwood.ch\/index.php?rest_route=\/wp\/v2\/pages"}],"about":[{"href":"https:\/\/www.adrianwood.ch\/index.php?rest_route=\/wp\/v2\/types\/page"}],"author":[{"embeddable":true,"href":"https:\/\/www.adrianwood.ch\/index.php?rest_route=\/wp\/v2\/users\/1"}],"replies":[{"embeddable":true,"href":"https:\/\/www.adrianwood.ch\/index.php?rest_route=%2Fwp%2Fv2%2Fcomments&post=4199"}],"version-history":[{"count":1,"href":"https:\/\/www.adrianwood.ch\/index.php?rest_route=\/wp\/v2\/pages\/4199\/revisions"}],"predecessor-version":[{"id":7417,"href":"https:\/\/www.adrianwood.ch\/index.php?rest_route=\/wp\/v2\/pages\/4199\/revisions\/7417"}],"up":[{"embeddable":true,"href":"https:\/\/www.adrianwood.ch\/index.php?rest_route=\/wp\/v2\/pages\/4174"}],"wp:attachment":[{"href":"https:\/\/www.adrianwood.ch\/index.php?rest_route=%2Fwp%2Fv2%2Fmedia&parent=4199"}],"curies":[{"name":"wp","href":"https:\/\/api.w.org\/{rel}","templated":true}]}}