{"id":4683,"date":"2015-12-13T11:31:33","date_gmt":"2015-12-13T10:31:33","guid":{"rendered":"http:\/\/www.adrianwood.ch\/?page_id=4683"},"modified":"2016-06-06T08:44:15","modified_gmt":"2016-06-06T08:44:15","slug":"2015-07-tour-du-mont-blanc","status":"publish","type":"page","link":"https:\/\/www.adrianwood.ch\/?page_id=4683","title":{"rendered":"2015-07 Tour du Mont Blanc"},"content":{"rendered":"<figure id=\"attachment_4684\" aria-describedby=\"caption-attachment-4684\" style=\"width: 730px\" class=\"wp-caption alignnone\"><a href=\"http:\/\/www.adrianwood.ch\/wp-content\/uploads\/2015\/12\/TMB_0144_r_r7.jpg\"><img loading=\"lazy\" decoding=\"async\" class=\"size-full wp-image-4684\" src=\"http:\/\/www.adrianwood.ch\/wp-content\/uploads\/2015\/12\/TMB_0144_r_r7.jpg\" alt=\"auf dem Weg zum Lac Blanc\" width=\"730\" height=\"487\" \/><\/a><figcaption id=\"caption-attachment-4684\" class=\"wp-caption-text\">auf dem Weg zum Lac Blanc<\/figcaption><\/figure>\n<h2>10.-13.Juli 2015, Tour du Mont Blanc \u2013 3 Etappen, Col de Balme \u2013 Fl\u00e9g\u00e8re \u2013 Brevent \u2013 Les Houches<\/h2>\n<p style=\"text-align: justify;\">Der Tour du Mont-Blanc ist einer der beliebtesten Fernwanderwege der Alpen. Er verl\u00e4uft um die Mont-Blanc-Gruppe und f\u00fchrt durch drei L\u00e4nder. Wir starten auf den Pass La Balme schon mit fantastischen Aussichten auf den imposanten Mont Blanc und L\u2019Aiguille Verte. Am zweitenTag ist der Balkon Aiguilles Rouges sicher einer der sch\u00f6nsten Aussichts-punkte der Bergwelt. Wenn de Zeit reicht machen wir noch den wunderbarer Aufstieg zum Lac Blanc. Auch am dritten Tag wandern mit traumhaften Aussichten auf die umliegenden Berge, immer den Mont Blanc im Blickfeld.<\/p>\n<p style=\"text-align: justify;\"><strong>1. Tag<\/strong>, 3h20, 270 m aufw\u00e4rts, 750 m abw\u00e4rts<br \/>\nMontroc 1382m \u2013 Chalet Alpin du Tour (15min) \u2013 Seilbahn bis Col de Balme 2191m \u2013 Col des Posettes 1997m (45min) &#8211; Aiguillette des Posettes 2201m (50min) \u2013 Chalet Alpin du Tour 1453m (1hr30)<\/p>\n<p style=\"text-align: justify;\"><strong>2. Tag<\/strong>, 4h15 oder 5h05, 810m oder 1110m aufw\u00e4rts, 385m oder 685m abw\u00e4rts<br \/>\nChalet Alpin du Tour &#8211; Tr\u00e9 le Champ 1417m (15min) &#8211; Col des Montets 1461 (20min) &#8211; Grand Balcon (1h30) \u2013 Tete aux Vent 2140m &#8211; Ch. des Ch\u00e9serys 2060m (1h10), oder Lac Blanc 2352m (2h) \u2013 Refuge La Fl\u00e9g\u00e8re 1877m (1h)<\/p>\n<p style=\"text-align: justify;\"><strong>3. Tag<\/strong>, 4h45, 820 m aufw\u00e4rts, 535 m abw\u00e4rts<br \/>\nLa Fl\u00e9g\u00e8re &#8211; Charlanan 1812m (1h) &#8211; Planpraz 2060m (1h) &#8211; Col de Br\u00e9vent 2368m (1h) &#8211; Le Br\u00e9vent 2525m (45min) &#8211; Cab.Bellachat 2152m (1h)<\/p>\n<p style=\"text-align: justify;\"><strong>4. Tag<\/strong>, 2h45, 0 m aufw\u00e4rts, 1172 m abw\u00e4rts<br \/>\nCab.Bellachat 2152m &#8211; Merlet 1563m (1h25) &#8211; Les Houches 980m (1h20)<\/p>\n<h3 style=\"text-align: justify;\"><a href=\"http:\/\/www.adrianwood.ch\/?page_id=7369\">Inhalt \/ Contents<\/a><\/h3>\nngg_shortcode_0_placeholder\n","protected":false},"excerpt":{"rendered":"<p>10.-13.Juli 2015, Tour du Mont Blanc \u2013 3 Etappen, Col de Balme \u2013 Fl\u00e9g\u00e8re \u2013 Brevent \u2013 Les Houches Der Tour du Mont-Blanc ist einer der beliebtesten Fernwanderwege der Alpen. Er verl\u00e4uft um die Mont-Blanc-Gruppe und f\u00fchrt durch drei L\u00e4nder. Wir starten auf den Pass La Balme schon mit fantastischen Aussichten auf den imposanten Mont &hellip; <a href=\"https:\/\/www.adrianwood.ch\/?page_id=4683\" class=\"more-link\">Continue reading <span class=\"screen-reader-text\">2015-07 Tour du Mont Blanc<\/span> <span class=\"meta-nav\">&rarr;<\/span><\/a><\/p>\n","protected":false},"author":1,"featured_media":0,"parent":3354,"menu_order":480,"comment_status":"closed","ping_status":"closed","template":"","meta":{"ngg_post_thumbnail":0,"footnotes":""},"class_list":["post-4683","page","type-page","status-publish","hentry"],"_links":{"self":[{"href":"https:\/\/www.adrianwood.ch\/index.php?rest_route=\/wp\/v2\/pages\/4683","targetHints":{"allow":["GET"]}}],"collection":[{"href":"https:\/\/www.adrianwood.ch\/index.php?rest_route=\/wp\/v2\/pages"}],"about":[{"href":"https:\/\/www.adrianwood.ch\/index.php?rest_route=\/wp\/v2\/types\/page"}],"author":[{"embeddable":true,"href":"https:\/\/www.adrianwood.ch\/index.php?rest_route=\/wp\/v2\/users\/1"}],"replies":[{"embeddable":true,"href":"https:\/\/www.adrianwood.ch\/index.php?rest_route=%2Fwp%2Fv2%2Fcomments&post=4683"}],"version-history":[{"count":3,"href":"https:\/\/www.adrianwood.ch\/index.php?rest_route=\/wp\/v2\/pages\/4683\/revisions"}],"predecessor-version":[{"id":7373,"href":"https:\/\/www.adrianwood.ch\/index.php?rest_route=\/wp\/v2\/pages\/4683\/revisions\/7373"}],"up":[{"embeddable":true,"href":"https:\/\/www.adrianwood.ch\/index.php?rest_route=\/wp\/v2\/pages\/3354"}],"wp:attachment":[{"href":"https:\/\/www.adrianwood.ch\/index.php?rest_route=%2Fwp%2Fv2%2Fmedia&parent=4683"}],"curies":[{"name":"wp","href":"https:\/\/api.w.org\/{rel}","templated":true}]}}

<figure id="attachment_4684" aria-describedby="caption-attachment-4684" style="width: 730px" class="wp-caption alignnone"><a href="http://www.adrianwood.ch/wp-content/uploads/2015/12/TMB_0144_r_r7.jpg"><img loading="lazy" decoding="async" class="size-full wp-image-4684" src="http://www.adrianwood.ch/wp-content/uploads/2015/12/TMB_0144_r_r7.jpg" alt="auf dem Weg zum Lac Blanc" width="730" height="487" /></a><figcaption id="caption-attachment-4684" class="wp-caption-text">auf dem Weg zum Lac Blanc</figcaption></figure>
<h2>10.-13.Juli 2015, Tour du Mont Blanc – 3 Etappen, Col de Balme – Flégère – Brevent – Les Houches</h2>
<p style="text-align: justify;">Der Tour du Mont-Blanc ist einer der beliebtesten Fernwanderwege der Alpen. Er verläuft um die Mont-Blanc-Gruppe und führt durch drei Länder. Wir starten auf den Pass La Balme schon mit fantastischen Aussichten auf den imposanten Mont Blanc und L’Aiguille Verte. Am zweitenTag ist der Balkon Aiguilles Rouges sicher einer der schönsten Aussichts-punkte der Bergwelt. Wenn de Zeit reicht machen wir noch den wunderbarer Aufstieg zum Lac Blanc. Auch am dritten Tag wandern mit traumhaften Aussichten auf die umliegenden Berge, immer den Mont Blanc im Blickfeld.</p>
<p style="text-align: justify;"><strong>1. Tag</strong>, 3h20, 270 m aufwärts, 750 m abwärts<br />
Montroc 1382m – Chalet Alpin du Tour (15min) – Seilbahn bis Col de Balme 2191m – Col des Posettes 1997m (45min) &#8211; Aiguillette des Posettes 2201m (50min) – Chalet Alpin du Tour 1453m (1hr30)</p>
<p style="text-align: justify;"><strong>2. Tag</strong>, 4h15 oder 5h05, 810m oder 1110m aufwärts, 385m oder 685m abwärts<br />
Chalet Alpin du Tour &#8211; Tré le Champ 1417m (15min) &#8211; Col des Montets 1461 (20min) &#8211; Grand Balcon (1h30) – Tete aux Vent 2140m &#8211; Ch. des Chéserys 2060m (1h10), oder Lac Blanc 2352m (2h) – Refuge La Flégère 1877m (1h)</p>
<p style="text-align: justify;"><strong>3. Tag</strong>, 4h45, 820 m aufwärts, 535 m abwärts<br />
La Flégère &#8211; Charlanan 1812m (1h) &#8211; Planpraz 2060m (1h) &#8211; Col de Brévent 2368m (1h) &#8211; Le Brévent 2525m (45min) &#8211; Cab.Bellachat 2152m (1h)</p>
<p style="text-align: justify;"><strong>4. Tag</strong>, 2h45, 0 m aufwärts, 1172 m abwärts<br />
Cab.Bellachat 2152m &#8211; Merlet 1563m (1h25) &#8211; Les Houches 980m (1h20)</p>
<h3 style="text-align: justify;"><a href="http://www.adrianwood.ch/?page_id=7369">Inhalt / Contents</a></h3>
ngg_shortcode_0_placeholder

<p>10.-13.Juli 2015, Tour du Mont Blanc – 3 Etappen, Col de Balme – Flégère – Brevent – Les Houches Der Tour du Mont-Blanc ist einer der beliebtesten Fernwanderwege der Alpen. Er verläuft um die Mont-Blanc-Gruppe und führt durch drei Länder. Wir starten auf den Pass La Balme schon mit fantastischen Aussichten auf den imposanten Mont &hellip; <a href="https://www.adrianwood.ch/?page_id=4683" class="more-link">Continue reading <span class="screen-reader-text">2015-07 Tour du Mont Blanc</span> <span class="meta-nav">&rarr;</span></a></p>
