{"id":4711,"date":"2015-12-13T12:58:51","date_gmt":"2015-12-13T11:58:51","guid":{"rendered":"http:\/\/www.adrianwood.ch\/?page_id=4711"},"modified":"2015-12-13T12:58:51","modified_gmt":"2015-12-13T11:58:51","slug":"07-11-lac-blanc","status":"publish","type":"page","link":"https:\/\/www.adrianwood.ch\/?page_id=4711","title":{"rendered":"07-11 Lac Blanc"},"content":{"rendered":"<h2>Samstag, 11.Juli, La Tour \u2013 Lac Blanc &#8211; Refuge La Fl\u00e9g\u00e8re<\/h2>\n<p>Samstagsmorgen, um 7:30 sind wir nach einem guten Fr\u00fchst\u00fcck von unserer gem\u00fctlichen \u00dcbernachtungsh\u00fctte, Chalet Alpin du Tour, auf einem sehr sch\u00f6nen Naturpfad zum Tr\u00e9 le Champ unterhalb den Col des Montets gelaufen.<br \/>\nHinter dem Geb\u00e4ude des Naturschutzzentrums beginnt der perfekt angelegte und markierte Aufstieg zum Grand Balcon. Am sonnigen Steilhang f\u00fchrt der Zickzackweg steil bergauf. Nach anderthalb Stunden haben wir den ersten schweisstreibenden Teil hinter uns. Unser Weg verl\u00e4uft nun mehr oder weniger entlang der H\u00f6henkurve, vorbei an sich sonnenden Steinb\u00f6cken, was wirklich einmalig war, da sie sich von uns nicht st\u00f6ren liessen.<\/p>\n<p><img decoding=\"async\" class=\"ngg-singlepic ngg-left\" src=\"http:\/\/www.adrianwood.ch\/wp-content\/gallery\/montblanc1502\/image009_r35.jpg\" alt=\"image009_r35\" \/><img decoding=\"async\" class=\"ngg-singlepic ngg-right\" src=\"http:\/\/www.adrianwood.ch\/wp-content\/gallery\/montblanc1502\/image011_r35.jpg\" alt=\"image011_r35\" \/>Bald erreichten wir den Leitern Aufstieg zum &#8220;la Tete aux Vents\u201c. Nun beginnt eine anstrengende Kletterei von einer Leiter \u00fcber einen Zwischenabsatz zur andern Leiter. F\u00fcr manche Teilnehmer ist das ein neue Erfahrung! Zwischen den Leiteraufsteigen gibt es Passagen am Steilhang, die mit einem Drahtseil versehen sind.<\/p>\n<p><img decoding=\"async\" class=\"ngg-singlepic ngg-left\" src=\"http:\/\/www.adrianwood.ch\/wp-content\/gallery\/montblanc1502\/image013_r35.jpg\" alt=\"image013_r35\" \/><img decoding=\"async\" class=\"ngg-singlepic ngg-right\" src=\"http:\/\/www.adrianwood.ch\/wp-content\/gallery\/montblanc1502\/image015_r35.jpg\" alt=\"image015_r35\" \/>Relativ sanft steigt der letzten Teil der Weg bis zum h\u00f6chsten Punkt bei die Abzweigungen Richtung &#8220;Lac Blanc \/ Lac Ch\u00e9serys&#8221;. Hochmoore, Alpenblumen und eine einmalige Panoramasicht lassen die Anstrengung rasch vergessen.<br \/>\n<img decoding=\"async\" class=\"ngg-singlepic ngg-left\" src=\"http:\/\/www.adrianwood.ch\/wp-content\/gallery\/montblanc1502\/image017_r35.jpg\" alt=\"image017_r35\" \/><img decoding=\"async\" class=\"ngg-singlepic ngg-right\" src=\"http:\/\/www.adrianwood.ch\/wp-content\/gallery\/montblanc1502\/image019_r35.jpg\" alt=\"image019_r35\" \/>Auf dem Weg zum Lac Blanc teilte sich unsere Gruppe, die gr\u00f6sserer Teil ging mit Adrian am unteren Lac Ch\u00e9serys baden, ein Teil machte eine Pause am zweiten See und ein kleiner Rest ging direkt zum Lac Blanc, ein herrlich t\u00fcrkisblauer Bergsee voller Mineralien. Hier verweilten wir bis die Gruppe wieder zu einem Ganzen wurde und wir den Abstieg gemeinsam zur Refuge La Fl\u00e9g\u00e8re machten.<\/p>\n<p><img decoding=\"async\" class=\"ngg-singlepic ngg-left\" src=\"http:\/\/www.adrianwood.ch\/wp-content\/gallery\/montblanc1502\/image021_r35.jpg\" alt=\"image021_r35\" \/>Bei der Verzweigung Ch. des Ch\u00e9serys folgen wir weiter der Route Richtung &#8220;Fl\u00e9g\u00e8re&#8221;, dann wieder auf sch\u00f6nstem H\u00f6henweg mit grandioser Sicht auf das Mont-Blanc-Massiv. Von weitem sehen wir die Seilbahnstation, unser Tagesziel. Den letzten Aufstieg auf der Skipiste h\u00e4tten wir uns ersparen k\u00f6nnen, indem wir auf dem Weg um den Hang herum direkt zum Refuge La Fl\u00e9g\u00e8re gewandern w\u00e4ren, das sich direkt unterhalb der Seilbahnstation befindet.<br \/>\nDir lieber Adrian, herzlichen Dank f\u00fcr den wundersch\u00f6nen Tag und die hervorragende Idee, in diesem Gebiet eine Rundwandung durchzuf\u00fchren.<br \/>\nLisa<\/p>\n<p>&nbsp;<\/p>\n","protected":false},"excerpt":{"rendered":"<p>Samstag, 11.Juli, La Tour \u2013 Lac Blanc &#8211; Refuge La Fl\u00e9g\u00e8re Samstagsmorgen, um 7:30 sind wir nach einem guten Fr\u00fchst\u00fcck von unserer gem\u00fctlichen \u00dcbernachtungsh\u00fctte, Chalet Alpin du Tour, auf einem sehr sch\u00f6nen Naturpfad zum Tr\u00e9 le Champ unterhalb den Col des Montets gelaufen. Hinter dem Geb\u00e4ude des Naturschutzzentrums beginnt der perfekt angelegte und markierte Aufstieg &hellip; <a href=\"https:\/\/www.adrianwood.ch\/?page_id=4711\" class=\"more-link\">Continue reading <span class=\"screen-reader-text\">07-11 Lac Blanc<\/span> <span class=\"meta-nav\">&rarr;<\/span><\/a><\/p>\n","protected":false},"author":1,"featured_media":0,"parent":4683,"menu_order":1912,"comment_status":"closed","ping_status":"closed","template":"","meta":{"ngg_post_thumbnail":0,"footnotes":""},"class_list":["post-4711","page","type-page","status-publish","hentry"],"_links":{"self":[{"href":"https:\/\/www.adrianwood.ch\/index.php?rest_route=\/wp\/v2\/pages\/4711","targetHints":{"allow":["GET"]}}],"collection":[{"href":"https:\/\/www.adrianwood.ch\/index.php?rest_route=\/wp\/v2\/pages"}],"about":[{"href":"https:\/\/www.adrianwood.ch\/index.php?rest_route=\/wp\/v2\/types\/page"}],"author":[{"embeddable":true,"href":"https:\/\/www.adrianwood.ch\/index.php?rest_route=\/wp\/v2\/users\/1"}],"replies":[{"embeddable":true,"href":"https:\/\/www.adrianwood.ch\/index.php?rest_route=%2Fwp%2Fv2%2Fcomments&post=4711"}],"version-history":[{"count":0,"href":"https:\/\/www.adrianwood.ch\/index.php?rest_route=\/wp\/v2\/pages\/4711\/revisions"}],"up":[{"embeddable":true,"href":"https:\/\/www.adrianwood.ch\/index.php?rest_route=\/wp\/v2\/pages\/4683"}],"wp:attachment":[{"href":"https:\/\/www.adrianwood.ch\/index.php?rest_route=%2Fwp%2Fv2%2Fmedia&parent=4711"}],"curies":[{"name":"wp","href":"https:\/\/api.w.org\/{rel}","templated":true}]}}

<h2>Samstag, 11.Juli, La Tour – Lac Blanc &#8211; Refuge La Flégère</h2>
<p>Samstagsmorgen, um 7:30 sind wir nach einem guten Frühstück von unserer gemütlichen Übernachtungshütte, Chalet Alpin du Tour, auf einem sehr schönen Naturpfad zum Tré le Champ unterhalb den Col des Montets gelaufen.<br />
Hinter dem Gebäude des Naturschutzzentrums beginnt der perfekt angelegte und markierte Aufstieg zum Grand Balcon. Am sonnigen Steilhang führt der Zickzackweg steil bergauf. Nach anderthalb Stunden haben wir den ersten schweisstreibenden Teil hinter uns. Unser Weg verläuft nun mehr oder weniger entlang der Höhenkurve, vorbei an sich sonnenden Steinböcken, was wirklich einmalig war, da sie sich von uns nicht stören liessen.</p>
<p><img decoding="async" class="ngg-singlepic ngg-left" src="http://www.adrianwood.ch/wp-content/gallery/montblanc1502/image009_r35.jpg" alt="image009_r35" /><img decoding="async" class="ngg-singlepic ngg-right" src="http://www.adrianwood.ch/wp-content/gallery/montblanc1502/image011_r35.jpg" alt="image011_r35" />Bald erreichten wir den Leitern Aufstieg zum &#8220;la Tete aux Vents“. Nun beginnt eine anstrengende Kletterei von einer Leiter über einen Zwischenabsatz zur andern Leiter. Für manche Teilnehmer ist das ein neue Erfahrung! Zwischen den Leiteraufsteigen gibt es Passagen am Steilhang, die mit einem Drahtseil versehen sind.</p>
<p><img decoding="async" class="ngg-singlepic ngg-left" src="http://www.adrianwood.ch/wp-content/gallery/montblanc1502/image013_r35.jpg" alt="image013_r35" /><img decoding="async" class="ngg-singlepic ngg-right" src="http://www.adrianwood.ch/wp-content/gallery/montblanc1502/image015_r35.jpg" alt="image015_r35" />Relativ sanft steigt der letzten Teil der Weg bis zum höchsten Punkt bei die Abzweigungen Richtung &#8220;Lac Blanc / Lac Chéserys&#8221;. Hochmoore, Alpenblumen und eine einmalige Panoramasicht lassen die Anstrengung rasch vergessen.<br />
<img decoding="async" class="ngg-singlepic ngg-left" src="http://www.adrianwood.ch/wp-content/gallery/montblanc1502/image017_r35.jpg" alt="image017_r35" /><img decoding="async" class="ngg-singlepic ngg-right" src="http://www.adrianwood.ch/wp-content/gallery/montblanc1502/image019_r35.jpg" alt="image019_r35" />Auf dem Weg zum Lac Blanc teilte sich unsere Gruppe, die grösserer Teil ging mit Adrian am unteren Lac Chéserys baden, ein Teil machte eine Pause am zweiten See und ein kleiner Rest ging direkt zum Lac Blanc, ein herrlich türkisblauer Bergsee voller Mineralien. Hier verweilten wir bis die Gruppe wieder zu einem Ganzen wurde und wir den Abstieg gemeinsam zur Refuge La Flégère machten.</p>
<p><img decoding="async" class="ngg-singlepic ngg-left" src="http://www.adrianwood.ch/wp-content/gallery/montblanc1502/image021_r35.jpg" alt="image021_r35" />Bei der Verzweigung Ch. des Chéserys folgen wir weiter der Route Richtung &#8220;Flégère&#8221;, dann wieder auf schönstem Höhenweg mit grandioser Sicht auf das Mont-Blanc-Massiv. Von weitem sehen wir die Seilbahnstation, unser Tagesziel. Den letzten Aufstieg auf der Skipiste hätten wir uns ersparen können, indem wir auf dem Weg um den Hang herum direkt zum Refuge La Flégère gewandern wären, das sich direkt unterhalb der Seilbahnstation befindet.<br />
Dir lieber Adrian, herzlichen Dank für den wunderschönen Tag und die hervorragende Idee, in diesem Gebiet eine Rundwandung durchzuführen.<br />
Lisa</p>
<p>&nbsp;</p>

<p>Samstag, 11.Juli, La Tour – Lac Blanc &#8211; Refuge La Flégère Samstagsmorgen, um 7:30 sind wir nach einem guten Frühstück von unserer gemütlichen Übernachtungshütte, Chalet Alpin du Tour, auf einem sehr schönen Naturpfad zum Tré le Champ unterhalb den Col des Montets gelaufen. Hinter dem Gebäude des Naturschutzzentrums beginnt der perfekt angelegte und markierte Aufstieg &hellip; <a href="https://www.adrianwood.ch/?page_id=4711" class="more-link">Continue reading <span class="screen-reader-text">07-11 Lac Blanc</span> <span class="meta-nav">&rarr;</span></a></p>
