{"id":4720,"date":"2015-12-13T14:17:25","date_gmt":"2015-12-13T13:17:25","guid":{"rendered":"http:\/\/www.adrianwood.ch\/?page_id=4720"},"modified":"2015-12-13T14:17:25","modified_gmt":"2015-12-13T13:17:25","slug":"07-12-le-brevent","status":"publish","type":"page","link":"https:\/\/www.adrianwood.ch\/?page_id=4720","title":{"rendered":"07-12 Le Brevent"},"content":{"rendered":"<h2>Sonntag,12.07.2015, La Fle\u0301ge\u0300re \u2013 Planpraz\u2013 Le Bre\u0301vent\u2013 Cab.Bellachat<\/h2>\n<p>Nach einem fr\u00fchen Fr\u00fchst\u00fcck starten wir 7.45 h. Cathy tritt von la Fl\u00e9g\u00e8re aus die R\u00fcckreise an, was wir alle bedauern. Die Sonne ist bereits um diese Zeit sehr warm. Unter einem klaren blauen Himmel geht es in leichtem Auf und Ab durch einen lockeren Lerchen- und Fichtenwald. Das Pfeifen der Murmeltiere und die Gipfel-silhouette eines heulenden Wolfes begleiten uns. Im Morgenlicht zeigt sich der Mont Blanc Gletscher zum Greifen nah und sehr plastisch. So d\u00fcrfen auch die obligatorischen Gruppenfotos nicht fehlen. Es geht weiter vorbei an Feldern von Arnika und Weidenr\u00f6schen.<\/p>\n<p><img decoding=\"async\" class=\"ngg-singlepic ngg-left\" src=\"http:\/\/www.adrianwood.ch\/wp-content\/gallery\/montblanc1502\/image023_r35.jpg\" alt=\"image023_r35\" \/><img decoding=\"async\" class=\"ngg-singlepic ngg-right\" src=\"http:\/\/www.adrianwood.ch\/wp-content\/gallery\/montblanc1502\/image025_r35.jpg\" alt=\"image025_r35\" \/>Da die Seilbahn von Plan Praz sehr nahe liegt, sind viele L\u00e4ufer auf dieser Route unterwegs. Kurz davor gibt es inmitten von Purpurenzian und Johannis-kraut einen Zn\u00fcnihalt mit optimalem Panorama auf die Aiguilles und Mont Blanc. In Planpraz steigen Margrit und Lisa auf die Seilbahn nach le Br\u00e9vent um. Wir nehmen durch noch teilweise bl\u00fchende Alpenrosen den Aufstieg zum Col de Br\u00e9vent in Angriff. Auf einem Felsvorsprung kommt es zur Begegnung mit Nymphen und Kentauren des Mont Blanc, die einem Fotoshooting nicht abgeneigt sind.<\/p>\n<p><img decoding=\"async\" class=\"ngg-singlepic ngg-left\" src=\"http:\/\/www.adrianwood.ch\/wp-content\/gallery\/montblanc1502\/image027_r35.jpg\" alt=\"image027_r35\" \/><img decoding=\"async\" class=\"ngg-singlepic ngg-right\" src=\"http:\/\/www.adrianwood.ch\/wp-content\/gallery\/montblanc1502\/image029_r35.jpg\" alt=\"image029_r35\" \/><img decoding=\"async\" class=\"ngg-singlepic ngg-left\" src=\"http:\/\/www.adrianwood.ch\/wp-content\/gallery\/montblanc1502\/image031_r35.jpg\" alt=\"image031_r35\" \/>Mit der H\u00f6he gelangen wir zunehmend in hochalpines Gel\u00e4nde. Vom Col de Br\u00e9vent bis zum letzten Aufstieg des le Br\u00e9vent begleitet uns die in dieser H\u00f6he typische Alpenflora, wie Steinbrech oder Sonnenr\u00f6schen. Weiter \u00fcber Felsen und Ger\u00f6ll-halden \u00f6ffnet sich uns zum ersten Mal eine eindrucksvolle Aussicht in die Weite der n\u00e4chsten West- und Nord-T\u00e4ler. Der letzte Aufstieg zum le Br\u00e9vent beginnt mit einem Klettersteig, bis wir schliesslich \u00fcber die Fahrspuren von Ski-Traversen den Gipfel erreichen. Die nun wieder vollz\u00e4hlige Gruppe empf\u00e4ngt ein fantastischer Rundumblick auf das gesamte Gipfelpanorama und \u201edie etwas andere\u201c hochfrequentierte Bahnhofshalle. Im Genuss des Panoramas halten wir Mittagspause, internationaler Rummel und Eiscr\u00e8me inklusive. Kameras laufen heiss.<\/p>\n<p><img decoding=\"async\" class=\"ngg-singlepic ngg-left\" src=\"http:\/\/www.adrianwood.ch\/wp-content\/gallery\/montblanc1502\/image033_r35.jpg\" alt=\"image033_r35\" \/><img decoding=\"async\" class=\"ngg-singlepic ngg-right\" src=\"http:\/\/www.adrianwood.ch\/wp-content\/gallery\/montblanc1502\/image035_r35.jpg\" alt=\"image035_r35\" \/>Gegen 14 h nimmt die Gruppe den Abstieg Richtung Lac du Br\u00e9vent unter die Sohlen, um sich dann wieder durch drei zu teilen. Vier gehen weiter Richtung Cabane Bellachat, f\u00fcnf bleiben zum Fussbad am Froscht\u00fcmpel und vier springen f\u00fcr ein erfrischendes Bad in den Lac du Br\u00e9vent.<br \/>\n<img decoding=\"async\" class=\"ngg-singlepic ngg-left\" src=\"http:\/\/www.adrianwood.ch\/wp-content\/gallery\/montblanc1502\/image037_r35.jpg\" alt=\"image037_r35\" \/>Gestaffeltes Eintreffen in der H\u00fctte, die uns mit nur einem Lavabo und einem Plumpsklo auf die Probe stellt. Das Massenlager mit H\u00fcftkiller-Matrazen und Akrobatik-Leiter-Konstruktionen wird in den oberen Etagen von allen mit Bravour bew\u00e4ltigt und Merlot bringt schliesslich den verdienten Schlummer.<br \/>\nMit einem herzlichen Dank f\u00fcr einen einmalig besonderen Geburtstag!<br \/>\nBarbara<\/p>\n","protected":false},"excerpt":{"rendered":"<p>Sonntag,12.07.2015, La Fle\u0301ge\u0300re \u2013 Planpraz\u2013 Le Bre\u0301vent\u2013 Cab.Bellachat Nach einem fr\u00fchen Fr\u00fchst\u00fcck starten wir 7.45 h. Cathy tritt von la Fl\u00e9g\u00e8re aus die R\u00fcckreise an, was wir alle bedauern. Die Sonne ist bereits um diese Zeit sehr warm. Unter einem klaren blauen Himmel geht es in leichtem Auf und Ab durch einen lockeren Lerchen- und &hellip; <a href=\"https:\/\/www.adrianwood.ch\/?page_id=4720\" class=\"more-link\">Continue reading <span class=\"screen-reader-text\">07-12 Le Brevent<\/span> <span class=\"meta-nav\">&rarr;<\/span><\/a><\/p>\n","protected":false},"author":1,"featured_media":0,"parent":4683,"menu_order":1913,"comment_status":"closed","ping_status":"closed","template":"","meta":{"ngg_post_thumbnail":0,"footnotes":""},"class_list":["post-4720","page","type-page","status-publish","hentry"],"_links":{"self":[{"href":"https:\/\/www.adrianwood.ch\/index.php?rest_route=\/wp\/v2\/pages\/4720","targetHints":{"allow":["GET"]}}],"collection":[{"href":"https:\/\/www.adrianwood.ch\/index.php?rest_route=\/wp\/v2\/pages"}],"about":[{"href":"https:\/\/www.adrianwood.ch\/index.php?rest_route=\/wp\/v2\/types\/page"}],"author":[{"embeddable":true,"href":"https:\/\/www.adrianwood.ch\/index.php?rest_route=\/wp\/v2\/users\/1"}],"replies":[{"embeddable":true,"href":"https:\/\/www.adrianwood.ch\/index.php?rest_route=%2Fwp%2Fv2%2Fcomments&post=4720"}],"version-history":[{"count":0,"href":"https:\/\/www.adrianwood.ch\/index.php?rest_route=\/wp\/v2\/pages\/4720\/revisions"}],"up":[{"embeddable":true,"href":"https:\/\/www.adrianwood.ch\/index.php?rest_route=\/wp\/v2\/pages\/4683"}],"wp:attachment":[{"href":"https:\/\/www.adrianwood.ch\/index.php?rest_route=%2Fwp%2Fv2%2Fmedia&parent=4720"}],"curies":[{"name":"wp","href":"https:\/\/api.w.org\/{rel}","templated":true}]}}

<h2>Sonntag,12.07.2015, La Flégère – Planpraz– Le Brévent– Cab.Bellachat</h2>
<p>Nach einem frühen Frühstück starten wir 7.45 h. Cathy tritt von la Flégère aus die Rückreise an, was wir alle bedauern. Die Sonne ist bereits um diese Zeit sehr warm. Unter einem klaren blauen Himmel geht es in leichtem Auf und Ab durch einen lockeren Lerchen- und Fichtenwald. Das Pfeifen der Murmeltiere und die Gipfel-silhouette eines heulenden Wolfes begleiten uns. Im Morgenlicht zeigt sich der Mont Blanc Gletscher zum Greifen nah und sehr plastisch. So dürfen auch die obligatorischen Gruppenfotos nicht fehlen. Es geht weiter vorbei an Feldern von Arnika und Weidenröschen.</p>
<p><img decoding="async" class="ngg-singlepic ngg-left" src="http://www.adrianwood.ch/wp-content/gallery/montblanc1502/image023_r35.jpg" alt="image023_r35" /><img decoding="async" class="ngg-singlepic ngg-right" src="http://www.adrianwood.ch/wp-content/gallery/montblanc1502/image025_r35.jpg" alt="image025_r35" />Da die Seilbahn von Plan Praz sehr nahe liegt, sind viele Läufer auf dieser Route unterwegs. Kurz davor gibt es inmitten von Purpurenzian und Johannis-kraut einen Znünihalt mit optimalem Panorama auf die Aiguilles und Mont Blanc. In Planpraz steigen Margrit und Lisa auf die Seilbahn nach le Brévent um. Wir nehmen durch noch teilweise blühende Alpenrosen den Aufstieg zum Col de Brévent in Angriff. Auf einem Felsvorsprung kommt es zur Begegnung mit Nymphen und Kentauren des Mont Blanc, die einem Fotoshooting nicht abgeneigt sind.</p>
<p><img decoding="async" class="ngg-singlepic ngg-left" src="http://www.adrianwood.ch/wp-content/gallery/montblanc1502/image027_r35.jpg" alt="image027_r35" /><img decoding="async" class="ngg-singlepic ngg-right" src="http://www.adrianwood.ch/wp-content/gallery/montblanc1502/image029_r35.jpg" alt="image029_r35" /><img decoding="async" class="ngg-singlepic ngg-left" src="http://www.adrianwood.ch/wp-content/gallery/montblanc1502/image031_r35.jpg" alt="image031_r35" />Mit der Höhe gelangen wir zunehmend in hochalpines Gelände. Vom Col de Brévent bis zum letzten Aufstieg des le Brévent begleitet uns die in dieser Höhe typische Alpenflora, wie Steinbrech oder Sonnenröschen. Weiter über Felsen und Geröll-halden öffnet sich uns zum ersten Mal eine eindrucksvolle Aussicht in die Weite der nächsten West- und Nord-Täler. Der letzte Aufstieg zum le Brévent beginnt mit einem Klettersteig, bis wir schliesslich über die Fahrspuren von Ski-Traversen den Gipfel erreichen. Die nun wieder vollzählige Gruppe empfängt ein fantastischer Rundumblick auf das gesamte Gipfelpanorama und „die etwas andere“ hochfrequentierte Bahnhofshalle. Im Genuss des Panoramas halten wir Mittagspause, internationaler Rummel und Eiscrème inklusive. Kameras laufen heiss.</p>
<p><img decoding="async" class="ngg-singlepic ngg-left" src="http://www.adrianwood.ch/wp-content/gallery/montblanc1502/image033_r35.jpg" alt="image033_r35" /><img decoding="async" class="ngg-singlepic ngg-right" src="http://www.adrianwood.ch/wp-content/gallery/montblanc1502/image035_r35.jpg" alt="image035_r35" />Gegen 14 h nimmt die Gruppe den Abstieg Richtung Lac du Brévent unter die Sohlen, um sich dann wieder durch drei zu teilen. Vier gehen weiter Richtung Cabane Bellachat, fünf bleiben zum Fussbad am Froschtümpel und vier springen für ein erfrischendes Bad in den Lac du Brévent.<br />
<img decoding="async" class="ngg-singlepic ngg-left" src="http://www.adrianwood.ch/wp-content/gallery/montblanc1502/image037_r35.jpg" alt="image037_r35" />Gestaffeltes Eintreffen in der Hütte, die uns mit nur einem Lavabo und einem Plumpsklo auf die Probe stellt. Das Massenlager mit Hüftkiller-Matrazen und Akrobatik-Leiter-Konstruktionen wird in den oberen Etagen von allen mit Bravour bewältigt und Merlot bringt schliesslich den verdienten Schlummer.<br />
Mit einem herzlichen Dank für einen einmalig besonderen Geburtstag!<br />
Barbara</p>

<p>Sonntag,12.07.2015, La Flégère – Planpraz– Le Brévent– Cab.Bellachat Nach einem frühen Frühstück starten wir 7.45 h. Cathy tritt von la Flégère aus die Rückreise an, was wir alle bedauern. Die Sonne ist bereits um diese Zeit sehr warm. Unter einem klaren blauen Himmel geht es in leichtem Auf und Ab durch einen lockeren Lerchen- und &hellip; <a href="https://www.adrianwood.ch/?page_id=4720" class="more-link">Continue reading <span class="screen-reader-text">07-12 Le Brevent</span> <span class="meta-nav">&rarr;</span></a></p>
