{"id":473,"date":"2011-01-20T16:25:49","date_gmt":"2011-01-20T15:25:49","guid":{"rendered":"http:\/\/adrianwood.ch\/"},"modified":"2011-01-20T16:25:49","modified_gmt":"2011-01-20T15:25:49","slug":"07-31-col-de-balme","status":"publish","type":"page","link":"https:\/\/www.adrianwood.ch\/?page_id=473","title":{"rendered":"07-31 Col de Balme"},"content":{"rendered":"<p><strong>31. Juli 2010, Supplement\u00a0 Alp Catogne &#8211; Col de Balme &#8211; Le Chatelard &#8211; Lac d&#8217;Emosson<\/strong><\/p>\n<table border=\"0\" cellspacing=\"0\" cellpadding=\"0\">\n<tbody>\n<tr>\n<td colspan=\"2\" width=\"821\" valign=\"top\"><em>&#8216;Das Sch\u00f6nste beim Wandern sind die Pausen&#8217;<\/em>, sagen erfahrene Wanderer und in diesem Sinne genossen wir an einem gem\u00fctlichen Platz oberhalb Alp Catogne die Mittagspause. Beim Versand eines sms-Geburtstagsgrusses zeigte das Display meines Handy bereits das franz\u00f6sische Telefonnetz an und tat somit\u00a0 kund, dass wir uns einer Landesgrenze der Schweiz n\u00e4herten.<\/td>\n<\/tr>\n<tr>\n<td width=\"411\" valign=\"top\"><strong>\u00a0<img decoding=\"async\" class=\"ngg-singlepic ngg-none\" src=\"http:\/\/adrianwood.ch\/wp-content\/gallery\/rhoneknie06\/image001_r4.jpg\" alt=\"image001_r4\" \/><\/strong><\/td>\n<td width=\"411\" valign=\"top\"><strong>\u00a0<img decoding=\"async\" class=\"ngg-singlepic ngg-none\" src=\"http:\/\/adrianwood.ch\/wp-content\/gallery\/rhoneknie06\/image003_r4.jpg\" alt=\"image003_r4\" \/><\/strong><\/td>\n<\/tr>\n<tr>\n<td colspan=\"2\" width=\"821\" valign=\"top\">Adrian hatte w\u00e4hrend der Pause festgestellt, dass die Wanderzeiten gem\u00e4ss Wanderf\u00fchrer, Wander-Wegweiser und unseren erbrachten Marschzeiten auf diversen Strecken sehr unterschiedlich waren. So verk\u00fcndete er w\u00e4hrend der Pause, man habe Zeit, um eine Zusatzschlaufe zu gehen und nach kurzer Lagebesprechung teilte sich die Gruppe. Einige Teilnehmer bevorzugten den direkten Abstieg nach Le Ch\u00e2telard und die Weiterfahrt\u00a0 zum Lac d&#8217;Emosson, dem Ziel der Tagesetappe. Der Rest w\u00e4hlte den Umweg \u00fcber den Sattel L\u2019Arolette des T\u00eate de Balme.<strong>\u00a0<\/strong><\/td>\n<\/tr>\n<tr>\n<td colspan=\"2\" width=\"821\" valign=\"top\"><strong>\u00a0<img decoding=\"async\" class=\"ngg-singlepic ngg-none\" src=\"http:\/\/adrianwood.ch\/wp-content\/gallery\/rhoneknie06\/image005_r5.jpg\" alt=\"image005_r5\" \/><\/strong><\/td>\n<\/tr>\n<tr>\n<td colspan=\"2\" width=\"821\" valign=\"top\">Der Aufstieg war kurz und einfach, doch das Ankommen auf dem Sattel, 2330m, mit dem Blick auf den Mont Blanc, 4&#8217;807m, heftig, \u00fcberw\u00e4ltigend, umwerfend. Dieser Genuss traf uns \u00fcberraschend.\u00a0 Keiner der Wanderer konnte sich beim Anblick von Mont Blanc und seinen Nachbarn, Mont Maudit, 4&#8217;465m, Aiguille du Midi, 3&#8217;842 m, Mont Blanc Tacul, 4&#8217;248m, Aiguille Verte, 4&#8217;122m und dem Les Drus, der mit seinen 3&#8217;754m der schwierigste Kletterberg der Alpen sein soll, ein mehrfaches\u00a0 und langgezogenes &#8220;Wau!!!&#8221; verkneifen, stand staunend vor so viel Sch\u00f6nheit der Bergwelt.<\/td>\n<\/tr>\n<tr>\n<td width=\"411\" valign=\"top\"><strong>\u00a0<img decoding=\"async\" class=\"ngg-singlepic ngg-none\" src=\"http:\/\/adrianwood.ch\/wp-content\/gallery\/rhoneknie06\/image007_r4.jpg\" alt=\"image007_r4\" \/><\/strong><\/td>\n<td width=\"411\" valign=\"top\"><strong>\u00a0<img decoding=\"async\" class=\"ngg-singlepic ngg-none\" src=\"http:\/\/adrianwood.ch\/wp-content\/gallery\/rhoneknie06\/image009_r4.jpg\" alt=\"image009_r4\" \/><\/strong><\/td>\n<\/tr>\n<tr>\n<td width=\"411\" valign=\"top\"><strong>\u00a0<img decoding=\"async\" class=\"ngg-singlepic ngg-none\" src=\"http:\/\/adrianwood.ch\/wp-content\/gallery\/rhoneknie06\/image011_r4.jpg\" alt=\"image011_r4\" \/><\/strong><\/td>\n<td width=\"411\" valign=\"top\">Wie viele Fotos haben wir dort in kurzer Zeit\u00a0 an diesem sonnigen Tag geschossen?\u00a0 Ich tippe auf total 200 Aufnahmen von den Bergen, Gruppenfotos mit den Bergen als Hintergrund, Fotos von einzelnen Personen vor dem malerischen Mont Blanc, dem weissen Berg. Waren wir einem berauschenden Gl\u00fccksgef\u00fchl erlegen und der Realit\u00e4t leicht entr\u00fcckt? Sei&#8217;s drum, Adrian schlug vor, dass wir die Wanderung um noch ein Supplement erweitern,\u00a0 zum Col de Balme hinabsteigen um danach dem eigentlichen Weg der Tagestour zu folgen. So verliessen wir wandernd unsere sch\u00f6ne kleine Insel,<strong>\u00a0<\/strong>die Schweiz, wir beschritten franz\u00f6sischen Boden. Das franz\u00f6sische Telefonnetz hatte uns bereits vorher &#8216;Willkommen&#8217; geheissen. Das Verweilen nahe der H\u00fctte auf dem Col de Balme war kurz, denn pl\u00f6tzlich meldete Adrian entschieden: &#8220;Wir m\u00fcssen los, unser Zug ab Le Ch\u00e2telard geht um 16.10 h &#8220;.<\/td>\n<\/tr>\n<tr>\n<td colspan=\"2\" width=\"821\" valign=\"top\">\u00a0<\/td>\n<\/tr>\n<tr>\n<td width=\"411\" valign=\"top\">Der Abstieg war anspruchsvoll. Er vollzog sich eilenden Schrittes und schweigend, um den Zeitplan einzuhalten. War das Ziel erreicht, blieben noch wenige Minuten, um die Zugbillets zu l\u00f6sen, was zu einer wahren &#8216;Schlacht zwischen Mensch und Technik&#8217;\u00a0 am Billet-Automat ausartete. Aber, wir haben es geschafft, wenngleich das Ergebnis nicht ganz zufriedenstellend war, da jemand -Name unbekannt- vers\u00e4umte, dem Automaten mitzuteilen, dass 5 Reisende Besitzer von Halbtaxabos sind&#8230;.\u00a0\u00a0 Fr\u00f6hlich wurden wir am Bahnhof von Annette und Christian erwartet\u00a0 und gar bald ging es munter weiter, doch dann per Bahn.\u00a0\u00a0\u00a0\u00a0\u00a0\u00a0\u00a0\u00a0\u00a0\u00a0\u00a0\u00a0\u00a0\u00a0\u00a0\u00a0\u00a0\u00a0\u00a0 Anne<\/td>\n<td width=\"411\" valign=\"top\"><strong>\u00a0<img decoding=\"async\" class=\"ngg-singlepic ngg-none\" src=\"http:\/\/adrianwood.ch\/wp-content\/gallery\/rhoneknie06\/image013_r4.jpg\" alt=\"image013_r4\" \/><\/strong><\/td>\n<\/tr>\n<tr>\n<td width=\"411\" valign=\"top\"><strong>\u00a0<img decoding=\"async\" class=\"ngg-singlepic ngg-none\" src=\"http:\/\/adrianwood.ch\/wp-content\/gallery\/rhoneknie06\/image015_r4.jpg\" alt=\"image015_r4\" \/><\/strong><\/td>\n<td width=\"411\" valign=\"top\"><strong>\u00a0<img decoding=\"async\" class=\"ngg-singlepic ngg-none\" src=\"http:\/\/adrianwood.ch\/wp-content\/gallery\/rhoneknie06\/image017_r4.jpg\" alt=\"image017_r4\" \/><\/strong><\/td>\n<\/tr>\n<tr>\n<td colspan=\"2\" width=\"821\" valign=\"top\">Aiguille Verte mit Les Drus und Mont Blanc Tacul mit Mont Blanc (verdeckt) vom Lac d\u2019Emosson<\/td>\n<\/tr>\n<\/tbody>\n<\/table>\n","protected":false},"excerpt":{"rendered":"<p>31. Juli 2010, Supplement\u00a0 Alp Catogne &#8211; Col de Balme &#8211; Le Chatelard &#8211; Lac d&#8217;Emosson &#8216;Das Sch\u00f6nste beim Wandern sind die Pausen&#8217;, sagen erfahrene Wanderer und in diesem Sinne genossen wir an einem gem\u00fctlichen Platz oberhalb Alp Catogne die Mittagspause. Beim Versand eines sms-Geburtstagsgrusses zeigte das Display meines Handy bereits das franz\u00f6sische Telefonnetz an &hellip; <a href=\"https:\/\/www.adrianwood.ch\/?page_id=473\" class=\"more-link\">Continue reading <span class=\"screen-reader-text\">07-31 Col de Balme<\/span> <span class=\"meta-nav\">&rarr;<\/span><\/a><\/p>\n","protected":false},"author":1,"featured_media":0,"parent":409,"menu_order":1354,"comment_status":"closed","ping_status":"closed","template":"","meta":{"ngg_post_thumbnail":0,"footnotes":""},"class_list":["post-473","page","type-page","status-publish","hentry"],"_links":{"self":[{"href":"https:\/\/www.adrianwood.ch\/index.php?rest_route=\/wp\/v2\/pages\/473","targetHints":{"allow":["GET"]}}],"collection":[{"href":"https:\/\/www.adrianwood.ch\/index.php?rest_route=\/wp\/v2\/pages"}],"about":[{"href":"https:\/\/www.adrianwood.ch\/index.php?rest_route=\/wp\/v2\/types\/page"}],"author":[{"embeddable":true,"href":"https:\/\/www.adrianwood.ch\/index.php?rest_route=\/wp\/v2\/users\/1"}],"replies":[{"embeddable":true,"href":"https:\/\/www.adrianwood.ch\/index.php?rest_route=%2Fwp%2Fv2%2Fcomments&post=473"}],"version-history":[{"count":0,"href":"https:\/\/www.adrianwood.ch\/index.php?rest_route=\/wp\/v2\/pages\/473\/revisions"}],"up":[{"embeddable":true,"href":"https:\/\/www.adrianwood.ch\/index.php?rest_route=\/wp\/v2\/pages\/409"}],"wp:attachment":[{"href":"https:\/\/www.adrianwood.ch\/index.php?rest_route=%2Fwp%2Fv2%2Fmedia&parent=473"}],"curies":[{"name":"wp","href":"https:\/\/api.w.org\/{rel}","templated":true}]}}

<p><strong>31. Juli 2010, Supplement  Alp Catogne &#8211; Col de Balme &#8211; Le Chatelard &#8211; Lac d&#8217;Emosson</strong></p>
<table border="0" cellspacing="0" cellpadding="0">
<tbody>
<tr>
<td colspan="2" width="821" valign="top"><em>&#8216;Das Schönste beim Wandern sind die Pausen&#8217;</em>, sagen erfahrene Wanderer und in diesem Sinne genossen wir an einem gemütlichen Platz oberhalb Alp Catogne die Mittagspause. Beim Versand eines sms-Geburtstagsgrusses zeigte das Display meines Handy bereits das französische Telefonnetz an und tat somit  kund, dass wir uns einer Landesgrenze der Schweiz näherten.</td>
</tr>
<tr>
<td width="411" valign="top"><strong> <img decoding="async" class="ngg-singlepic ngg-none" src="http://adrianwood.ch/wp-content/gallery/rhoneknie06/image001_r4.jpg" alt="image001_r4" /></strong></td>
<td width="411" valign="top"><strong> <img decoding="async" class="ngg-singlepic ngg-none" src="http://adrianwood.ch/wp-content/gallery/rhoneknie06/image003_r4.jpg" alt="image003_r4" /></strong></td>
</tr>
<tr>
<td colspan="2" width="821" valign="top">Adrian hatte während der Pause festgestellt, dass die Wanderzeiten gemäss Wanderführer, Wander-Wegweiser und unseren erbrachten Marschzeiten auf diversen Strecken sehr unterschiedlich waren. So verkündete er während der Pause, man habe Zeit, um eine Zusatzschlaufe zu gehen und nach kurzer Lagebesprechung teilte sich die Gruppe. Einige Teilnehmer bevorzugten den direkten Abstieg nach Le Châtelard und die Weiterfahrt  zum Lac d&#8217;Emosson, dem Ziel der Tagesetappe. Der Rest wählte den Umweg über den Sattel L’Arolette des Tête de Balme.<strong> </strong></td>
</tr>
<tr>
<td colspan="2" width="821" valign="top"><strong> <img decoding="async" class="ngg-singlepic ngg-none" src="http://adrianwood.ch/wp-content/gallery/rhoneknie06/image005_r5.jpg" alt="image005_r5" /></strong></td>
</tr>
<tr>
<td colspan="2" width="821" valign="top">Der Aufstieg war kurz und einfach, doch das Ankommen auf dem Sattel, 2330m, mit dem Blick auf den Mont Blanc, 4&#8217;807m, heftig, überwältigend, umwerfend. Dieser Genuss traf uns überraschend.  Keiner der Wanderer konnte sich beim Anblick von Mont Blanc und seinen Nachbarn, Mont Maudit, 4&#8217;465m, Aiguille du Midi, 3&#8217;842 m, Mont Blanc Tacul, 4&#8217;248m, Aiguille Verte, 4&#8217;122m und dem Les Drus, der mit seinen 3&#8217;754m der schwierigste Kletterberg der Alpen sein soll, ein mehrfaches  und langgezogenes &#8220;Wau!!!&#8221; verkneifen, stand staunend vor so viel Schönheit der Bergwelt.</td>
</tr>
<tr>
<td width="411" valign="top"><strong> <img decoding="async" class="ngg-singlepic ngg-none" src="http://adrianwood.ch/wp-content/gallery/rhoneknie06/image007_r4.jpg" alt="image007_r4" /></strong></td>
<td width="411" valign="top"><strong> <img decoding="async" class="ngg-singlepic ngg-none" src="http://adrianwood.ch/wp-content/gallery/rhoneknie06/image009_r4.jpg" alt="image009_r4" /></strong></td>
</tr>
<tr>
<td width="411" valign="top"><strong> <img decoding="async" class="ngg-singlepic ngg-none" src="http://adrianwood.ch/wp-content/gallery/rhoneknie06/image011_r4.jpg" alt="image011_r4" /></strong></td>
<td width="411" valign="top">Wie viele Fotos haben wir dort in kurzer Zeit  an diesem sonnigen Tag geschossen?  Ich tippe auf total 200 Aufnahmen von den Bergen, Gruppenfotos mit den Bergen als Hintergrund, Fotos von einzelnen Personen vor dem malerischen Mont Blanc, dem weissen Berg. Waren wir einem berauschenden Glücksgefühl erlegen und der Realität leicht entrückt? Sei&#8217;s drum, Adrian schlug vor, dass wir die Wanderung um noch ein Supplement erweitern,  zum Col de Balme hinabsteigen um danach dem eigentlichen Weg der Tagestour zu folgen. So verliessen wir wandernd unsere schöne kleine Insel,<strong> </strong>die Schweiz, wir beschritten französischen Boden. Das französische Telefonnetz hatte uns bereits vorher &#8216;Willkommen&#8217; geheissen. Das Verweilen nahe der Hütte auf dem Col de Balme war kurz, denn plötzlich meldete Adrian entschieden: &#8220;Wir müssen los, unser Zug ab Le Châtelard geht um 16.10 h &#8220;.</td>
</tr>
<tr>
<td colspan="2" width="821" valign="top"> </td>
</tr>
<tr>
<td width="411" valign="top">Der Abstieg war anspruchsvoll. Er vollzog sich eilenden Schrittes und schweigend, um den Zeitplan einzuhalten. War das Ziel erreicht, blieben noch wenige Minuten, um die Zugbillets zu lösen, was zu einer wahren &#8216;Schlacht zwischen Mensch und Technik&#8217;  am Billet-Automat ausartete. Aber, wir haben es geschafft, wenngleich das Ergebnis nicht ganz zufriedenstellend war, da jemand -Name unbekannt- versäumte, dem Automaten mitzuteilen, dass 5 Reisende Besitzer von Halbtaxabos sind&#8230;.   Fröhlich wurden wir am Bahnhof von Annette und Christian erwartet  und gar bald ging es munter weiter, doch dann per Bahn.                    Anne</td>
<td width="411" valign="top"><strong> <img decoding="async" class="ngg-singlepic ngg-none" src="http://adrianwood.ch/wp-content/gallery/rhoneknie06/image013_r4.jpg" alt="image013_r4" /></strong></td>
</tr>
<tr>
<td width="411" valign="top"><strong> <img decoding="async" class="ngg-singlepic ngg-none" src="http://adrianwood.ch/wp-content/gallery/rhoneknie06/image015_r4.jpg" alt="image015_r4" /></strong></td>
<td width="411" valign="top"><strong> <img decoding="async" class="ngg-singlepic ngg-none" src="http://adrianwood.ch/wp-content/gallery/rhoneknie06/image017_r4.jpg" alt="image017_r4" /></strong></td>
</tr>
<tr>
<td colspan="2" width="821" valign="top">Aiguille Verte mit Les Drus und Mont Blanc Tacul mit Mont Blanc (verdeckt) vom Lac d’Emosson</td>
</tr>
</tbody>
</table>

<p>31. Juli 2010, Supplement  Alp Catogne &#8211; Col de Balme &#8211; Le Chatelard &#8211; Lac d&#8217;Emosson &#8216;Das Schönste beim Wandern sind die Pausen&#8217;, sagen erfahrene Wanderer und in diesem Sinne genossen wir an einem gemütlichen Platz oberhalb Alp Catogne die Mittagspause. Beim Versand eines sms-Geburtstagsgrusses zeigte das Display meines Handy bereits das französische Telefonnetz an &hellip; <a href="https://www.adrianwood.ch/?page_id=473" class="more-link">Continue reading <span class="screen-reader-text">07-31 Col de Balme</span> <span class="meta-nav">&rarr;</span></a></p>
