{"id":4795,"date":"2016-01-17T15:34:21","date_gmt":"2016-01-17T14:34:21","guid":{"rendered":"http:\/\/www.adrianwood.ch\/?page_id=4795"},"modified":"2016-11-04T17:20:55","modified_gmt":"2016-11-04T17:20:55","slug":"04-12-artenara","status":"publish","type":"page","link":"https:\/\/www.adrianwood.ch\/?page_id=4795","title":{"rendered":"04 12 Artenara"},"content":{"rendered":"<figure id=\"attachment_4796\" aria-describedby=\"caption-attachment-4796\" style=\"width: 730px\" class=\"wp-caption alignnone\"><a href=\"http:\/\/www.adrianwood.ch\/wp-content\/uploads\/2016\/01\/GC1_0284_r7.jpg\" rel=\"attachment wp-att-4796\"><img loading=\"lazy\" decoding=\"async\" class=\"size-full wp-image-4796\" src=\"http:\/\/www.adrianwood.ch\/wp-content\/uploads\/2016\/01\/GC1_0284_r7.jpg\" alt=\"Absteig nach Artenara\" width=\"730\" height=\"487\"><\/a><figcaption id=\"caption-attachment-4796\" class=\"wp-caption-text\">Absteig nach Artenara<\/figcaption><\/figure>\n<h2>3. Tag So 12.04. Panoramareicher Kammweg zum h\u00f6chst gelegenen Dorf Artenara Auf 200 m \/Ab 390 m &#8211; Gehzeit 3,5 Std. &#8211; leicht- mittel<\/h2>\n<p style=\"text-align: justify;\">Vom alten Wegkreuz Tejeda wandern wir entlang der Wetterscheide mit grandiosen Aussichten auf das zentrale Hochgebirge der markanten Felsen Roque Nublo und Roque Bentaiga zum h\u00f6chstgelegenen H\u00f6hlendorf Artenara. Wir passieren die im Felsen eingelassen H\u00f6hlen \u201cCuevas de Caballeros\u201d, die eine nat\u00fcrliche Aussichtsterrasse und Wohnst\u00e4tte der Altkanarier darstellte. Unsere Wanderung endet im abgelegenen Bergdorf Artenara und seinem H\u00f6hlenrestaurant mit einer einmaligen Aussicht auf die faszinierende Gebirgslandschaft Gran Canarias. ngg_shortcode_0_placeholder<\/p>\n<p style=\"text-align: justify;\"><a href=\"http:\/\/www.adrianwood.ch\/wp-content\/uploads\/2016\/01\/Gran_Canaria_ed2.jpg\"><img loading=\"lazy\" decoding=\"async\" class=\"alignleft size-full wp-image-10466\" src=\"http:\/\/www.adrianwood.ch\/wp-content\/uploads\/2016\/01\/Gran_Canaria_ed2.jpg\" alt=\"Artenara\" width=\"730\" height=\"510\" srcset=\"https:\/\/www.adrianwood.ch\/wp-content\/uploads\/2016\/01\/Gran_Canaria_ed2.jpg 730w, https:\/\/www.adrianwood.ch\/wp-content\/uploads\/2016\/01\/Gran_Canaria_ed2-300x210.jpg 300w\" sizes=\"auto, (max-width: 730px) 100vw, 730px\" \/><\/a><\/p>\n","protected":false},"excerpt":{"rendered":"<p>3. Tag So 12.04. Panoramareicher Kammweg zum h\u00f6chst gelegenen Dorf Artenara Auf 200 m \/Ab 390 m &#8211; Gehzeit 3,5 Std. &#8211; leicht- mittel Vom alten Wegkreuz Tejeda wandern wir entlang der Wetterscheide mit grandiosen Aussichten auf das zentrale Hochgebirge der markanten Felsen Roque Nublo und Roque Bentaiga zum h\u00f6chstgelegenen H\u00f6hlendorf Artenara. Wir passieren die &hellip; <a href=\"https:\/\/www.adrianwood.ch\/?page_id=4795\" class=\"more-link\">Continue reading <span class=\"screen-reader-text\">04 12 Artenara<\/span> <span class=\"meta-nav\">&rarr;<\/span><\/a><\/p>\n","protected":false},"author":1,"featured_media":0,"parent":4786,"menu_order":4942,"comment_status":"closed","ping_status":"closed","template":"","meta":{"ngg_post_thumbnail":0,"footnotes":""},"class_list":["post-4795","page","type-page","status-publish","hentry"],"_links":{"self":[{"href":"https:\/\/www.adrianwood.ch\/index.php?rest_route=\/wp\/v2\/pages\/4795","targetHints":{"allow":["GET"]}}],"collection":[{"href":"https:\/\/www.adrianwood.ch\/index.php?rest_route=\/wp\/v2\/pages"}],"about":[{"href":"https:\/\/www.adrianwood.ch\/index.php?rest_route=\/wp\/v2\/types\/page"}],"author":[{"embeddable":true,"href":"https:\/\/www.adrianwood.ch\/index.php?rest_route=\/wp\/v2\/users\/1"}],"replies":[{"embeddable":true,"href":"https:\/\/www.adrianwood.ch\/index.php?rest_route=%2Fwp%2Fv2%2Fcomments&post=4795"}],"version-history":[{"count":2,"href":"https:\/\/www.adrianwood.ch\/index.php?rest_route=\/wp\/v2\/pages\/4795\/revisions"}],"predecessor-version":[{"id":10468,"href":"https:\/\/www.adrianwood.ch\/index.php?rest_route=\/wp\/v2\/pages\/4795\/revisions\/10468"}],"up":[{"embeddable":true,"href":"https:\/\/www.adrianwood.ch\/index.php?rest_route=\/wp\/v2\/pages\/4786"}],"wp:attachment":[{"href":"https:\/\/www.adrianwood.ch\/index.php?rest_route=%2Fwp%2Fv2%2Fmedia&parent=4795"}],"curies":[{"name":"wp","href":"https:\/\/api.w.org\/{rel}","templated":true}]}}

<figure id="attachment_4796" aria-describedby="caption-attachment-4796" style="width: 730px" class="wp-caption alignnone"><a href="http://www.adrianwood.ch/wp-content/uploads/2016/01/GC1_0284_r7.jpg" rel="attachment wp-att-4796"><img loading="lazy" decoding="async" class="size-full wp-image-4796" src="http://www.adrianwood.ch/wp-content/uploads/2016/01/GC1_0284_r7.jpg" alt="Absteig nach Artenara" width="730" height="487"></a><figcaption id="caption-attachment-4796" class="wp-caption-text">Absteig nach Artenara</figcaption></figure>
<h2>3. Tag So 12.04. Panoramareicher Kammweg zum höchst gelegenen Dorf Artenara Auf 200 m /Ab 390 m &#8211; Gehzeit 3,5 Std. &#8211; leicht- mittel</h2>
<p style="text-align: justify;">Vom alten Wegkreuz Tejeda wandern wir entlang der Wetterscheide mit grandiosen Aussichten auf das zentrale Hochgebirge der markanten Felsen Roque Nublo und Roque Bentaiga zum höchstgelegenen Höhlendorf Artenara. Wir passieren die im Felsen eingelassen Höhlen “Cuevas de Caballeros”, die eine natürliche Aussichtsterrasse und Wohnstätte der Altkanarier darstellte. Unsere Wanderung endet im abgelegenen Bergdorf Artenara und seinem Höhlenrestaurant mit einer einmaligen Aussicht auf die faszinierende Gebirgslandschaft Gran Canarias. ngg_shortcode_0_placeholder</p>
<p style="text-align: justify;"><a href="http://www.adrianwood.ch/wp-content/uploads/2016/01/Gran_Canaria_ed2.jpg"><img loading="lazy" decoding="async" class="alignleft size-full wp-image-10466" src="http://www.adrianwood.ch/wp-content/uploads/2016/01/Gran_Canaria_ed2.jpg" alt="Artenara" width="730" height="510" srcset="https://www.adrianwood.ch/wp-content/uploads/2016/01/Gran_Canaria_ed2.jpg 730w, https://www.adrianwood.ch/wp-content/uploads/2016/01/Gran_Canaria_ed2-300x210.jpg 300w" sizes="auto, (max-width: 730px) 100vw, 730px" /></a></p>

<p>3. Tag So 12.04. Panoramareicher Kammweg zum höchst gelegenen Dorf Artenara Auf 200 m /Ab 390 m &#8211; Gehzeit 3,5 Std. &#8211; leicht- mittel Vom alten Wegkreuz Tejeda wandern wir entlang der Wetterscheide mit grandiosen Aussichten auf das zentrale Hochgebirge der markanten Felsen Roque Nublo und Roque Bentaiga zum höchstgelegenen Höhlendorf Artenara. Wir passieren die &hellip; <a href="https://www.adrianwood.ch/?page_id=4795" class="more-link">Continue reading <span class="screen-reader-text">04 12 Artenara</span> <span class="meta-nav">&rarr;</span></a></p>
