{"id":4799,"date":"2016-01-17T15:56:05","date_gmt":"2016-01-17T14:56:05","guid":{"rendered":"http:\/\/www.adrianwood.ch\/?page_id=4799"},"modified":"2016-11-04T17:23:41","modified_gmt":"2016-11-04T17:23:41","slug":"04-13-valsequillo","status":"publish","type":"page","link":"https:\/\/www.adrianwood.ch\/?page_id=4799","title":{"rendered":"04 13 Valsequillo"},"content":{"rendered":"<figure id=\"attachment_4800\" aria-describedby=\"caption-attachment-4800\" style=\"width: 730px\" class=\"wp-caption alignnone\"><a href=\"http:\/\/www.adrianwood.ch\/wp-content\/uploads\/2016\/01\/GC1_0399_r7.jpg\" rel=\"attachment wp-att-4800\"><img loading=\"lazy\" decoding=\"async\" class=\"size-full wp-image-4800\" src=\"http:\/\/www.adrianwood.ch\/wp-content\/uploads\/2016\/01\/GC1_0399_r7.jpg\" alt=\"Sicht von Natternkopfwald nach Osten\" width=\"730\" height=\"487\"><\/a><figcaption id=\"caption-attachment-4800\" class=\"wp-caption-text\">Sicht von Natternkopfwald nach Osten<\/figcaption><\/figure>\n<h2>4. Tag Mo 13. 04. Aussichtsreicher Abstieg durch den Natternkopfwald b. Valsequillo Auf 100 m \/Ab 480 m Gehzeit 3 Std. &#8211; leicht &#8211; mittel<\/h2>\n<p style=\"text-align: justify;\">Der eindrucksvolle Krater Los Marteles liegt auf einer H\u00f6he von 1300 m. Nachdem wir ihn durchquert haben, f\u00fchrt uns ein geschwungener Felsenpfad durch den prachtvollen, blau bl\u00fchenden Natternkopfwald ins Tal von Valsequillo und seinen traditionellen K\u00e4sereien. An den sch\u00f6nsten Aussichtspl\u00e4tzen verweilen wir und genie\u00dfen die phantastische Aussicht auf die sanft h\u00fcgelige Landschaft des Roque Grande. Unsere Wanderung endet in Tentenguida in einer lokalen K\u00e4serei, in der wir den einheimischen K\u00e4se probieren k\u00f6nnen. ngg_shortcode_0_placeholder<\/p>\n<p style=\"text-align: justify;\"><a href=\"http:\/\/www.adrianwood.ch\/wp-content\/uploads\/2016\/01\/Gran_Canaria_ed3.jpg\"><img loading=\"lazy\" decoding=\"async\" class=\"alignleft size-full wp-image-10470\" src=\"http:\/\/www.adrianwood.ch\/wp-content\/uploads\/2016\/01\/Gran_Canaria_ed3.jpg\" alt=\"Valsequillo\" width=\"732\" height=\"466\" srcset=\"https:\/\/www.adrianwood.ch\/wp-content\/uploads\/2016\/01\/Gran_Canaria_ed3.jpg 732w, https:\/\/www.adrianwood.ch\/wp-content\/uploads\/2016\/01\/Gran_Canaria_ed3-300x191.jpg 300w\" sizes=\"auto, (max-width: 732px) 100vw, 732px\" \/><\/a><\/p>\n","protected":false},"excerpt":{"rendered":"<p>4. Tag Mo 13. 04. Aussichtsreicher Abstieg durch den Natternkopfwald b. Valsequillo Auf 100 m \/Ab 480 m Gehzeit 3 Std. &#8211; leicht &#8211; mittel Der eindrucksvolle Krater Los Marteles liegt auf einer H\u00f6he von 1300 m. Nachdem wir ihn durchquert haben, f\u00fchrt uns ein geschwungener Felsenpfad durch den prachtvollen, blau bl\u00fchenden Natternkopfwald ins Tal &hellip; <a href=\"https:\/\/www.adrianwood.ch\/?page_id=4799\" class=\"more-link\">Continue reading <span class=\"screen-reader-text\">04 13 Valsequillo<\/span> <span class=\"meta-nav\">&rarr;<\/span><\/a><\/p>\n","protected":false},"author":1,"featured_media":0,"parent":4786,"menu_order":4943,"comment_status":"closed","ping_status":"closed","template":"","meta":{"ngg_post_thumbnail":0,"footnotes":""},"class_list":["post-4799","page","type-page","status-publish","hentry"],"_links":{"self":[{"href":"https:\/\/www.adrianwood.ch\/index.php?rest_route=\/wp\/v2\/pages\/4799","targetHints":{"allow":["GET"]}}],"collection":[{"href":"https:\/\/www.adrianwood.ch\/index.php?rest_route=\/wp\/v2\/pages"}],"about":[{"href":"https:\/\/www.adrianwood.ch\/index.php?rest_route=\/wp\/v2\/types\/page"}],"author":[{"embeddable":true,"href":"https:\/\/www.adrianwood.ch\/index.php?rest_route=\/wp\/v2\/users\/1"}],"replies":[{"embeddable":true,"href":"https:\/\/www.adrianwood.ch\/index.php?rest_route=%2Fwp%2Fv2%2Fcomments&post=4799"}],"version-history":[{"count":2,"href":"https:\/\/www.adrianwood.ch\/index.php?rest_route=\/wp\/v2\/pages\/4799\/revisions"}],"predecessor-version":[{"id":10469,"href":"https:\/\/www.adrianwood.ch\/index.php?rest_route=\/wp\/v2\/pages\/4799\/revisions\/10469"}],"up":[{"embeddable":true,"href":"https:\/\/www.adrianwood.ch\/index.php?rest_route=\/wp\/v2\/pages\/4786"}],"wp:attachment":[{"href":"https:\/\/www.adrianwood.ch\/index.php?rest_route=%2Fwp%2Fv2%2Fmedia&parent=4799"}],"curies":[{"name":"wp","href":"https:\/\/api.w.org\/{rel}","templated":true}]}}

<figure id="attachment_4800" aria-describedby="caption-attachment-4800" style="width: 730px" class="wp-caption alignnone"><a href="http://www.adrianwood.ch/wp-content/uploads/2016/01/GC1_0399_r7.jpg" rel="attachment wp-att-4800"><img loading="lazy" decoding="async" class="size-full wp-image-4800" src="http://www.adrianwood.ch/wp-content/uploads/2016/01/GC1_0399_r7.jpg" alt="Sicht von Natternkopfwald nach Osten" width="730" height="487"></a><figcaption id="caption-attachment-4800" class="wp-caption-text">Sicht von Natternkopfwald nach Osten</figcaption></figure>
<h2>4. Tag Mo 13. 04. Aussichtsreicher Abstieg durch den Natternkopfwald b. Valsequillo Auf 100 m /Ab 480 m Gehzeit 3 Std. &#8211; leicht &#8211; mittel</h2>
<p style="text-align: justify;">Der eindrucksvolle Krater Los Marteles liegt auf einer Höhe von 1300 m. Nachdem wir ihn durchquert haben, führt uns ein geschwungener Felsenpfad durch den prachtvollen, blau blühenden Natternkopfwald ins Tal von Valsequillo und seinen traditionellen Käsereien. An den schönsten Aussichtsplätzen verweilen wir und genießen die phantastische Aussicht auf die sanft hügelige Landschaft des Roque Grande. Unsere Wanderung endet in Tentenguida in einer lokalen Käserei, in der wir den einheimischen Käse probieren können. ngg_shortcode_0_placeholder</p>
<p style="text-align: justify;"><a href="http://www.adrianwood.ch/wp-content/uploads/2016/01/Gran_Canaria_ed3.jpg"><img loading="lazy" decoding="async" class="alignleft size-full wp-image-10470" src="http://www.adrianwood.ch/wp-content/uploads/2016/01/Gran_Canaria_ed3.jpg" alt="Valsequillo" width="732" height="466" srcset="https://www.adrianwood.ch/wp-content/uploads/2016/01/Gran_Canaria_ed3.jpg 732w, https://www.adrianwood.ch/wp-content/uploads/2016/01/Gran_Canaria_ed3-300x191.jpg 300w" sizes="auto, (max-width: 732px) 100vw, 732px" /></a></p>

<p>4. Tag Mo 13. 04. Aussichtsreicher Abstieg durch den Natternkopfwald b. Valsequillo Auf 100 m /Ab 480 m Gehzeit 3 Std. &#8211; leicht &#8211; mittel Der eindrucksvolle Krater Los Marteles liegt auf einer Höhe von 1300 m. Nachdem wir ihn durchquert haben, führt uns ein geschwungener Felsenpfad durch den prachtvollen, blau blühenden Natternkopfwald ins Tal &hellip; <a href="https://www.adrianwood.ch/?page_id=4799" class="more-link">Continue reading <span class="screen-reader-text">04 13 Valsequillo</span> <span class="meta-nav">&rarr;</span></a></p>
