{"id":4807,"date":"2016-01-17T16:05:05","date_gmt":"2016-01-17T15:05:05","guid":{"rendered":"http:\/\/www.adrianwood.ch\/?page_id=4807"},"modified":"2016-11-04T17:27:02","modified_gmt":"2016-11-04T17:27:02","slug":"04-15-roque-nublo","status":"publish","type":"page","link":"https:\/\/www.adrianwood.ch\/?page_id=4807","title":{"rendered":"04 15 Roque Nublo"},"content":{"rendered":"<figure id=\"attachment_4808\" aria-describedby=\"caption-attachment-4808\" style=\"width: 730px\" class=\"wp-caption alignnone\"><a href=\"http:\/\/www.adrianwood.ch\/wp-content\/uploads\/2016\/01\/GC1_0550_r7.jpg\" rel=\"attachment wp-att-4808\"><img loading=\"lazy\" decoding=\"async\" class=\"size-full wp-image-4808\" src=\"http:\/\/www.adrianwood.ch\/wp-content\/uploads\/2016\/01\/GC1_0550_r7.jpg\" alt=\"am Roque Nublo, dahinter der Teide\" width=\"730\" height=\"487\"><\/a><figcaption id=\"caption-attachment-4808\" class=\"wp-caption-text\">am Roque Nublo, dahinter der Teide<\/figcaption><\/figure>\n<h2>6. Tag Mi 15.04. Zum Wahrzeichen der Insel, Roque Nublo Auf 280 m \/ Ab 300 m &#8211; Gehzeit ca. 3 Std. leicht &#8211; mittel<\/h2>\n<p style=\"text-align: justify;\">Unsere letzte Wanderung f\u00fchrt uns zum \u201cRoque Nublo\u201d, den Wolkenfels im Inselzentrum. Ein schmaler Steinpfad bringt uns zum Felssockel und seinen altkanarischen Kultpl\u00e4tzen hinauf. Als urspr\u00fcnglicher Vulkanschlot ist er durch Erosion gepr\u00e4gt und ragt gut 65 m steil vor uns auf. Wir genie\u00dfen die grandiosen Ausblicke auf die bizarre Berglandschaft Gran Canarias und durchwandern das Tal von Asserador nach Ayacata. Dort erwartet uns eine urige Einkehr bei einem freundlichen Canario mit K\u00e4se und Wein. ngg_shortcode_0_placeholder<\/p>\n<p style=\"text-align: justify;\"><a href=\"http:\/\/www.adrianwood.ch\/wp-content\/uploads\/2016\/01\/Gran_Canaria_ed5.jpg\"><img loading=\"lazy\" decoding=\"async\" class=\"alignleft size-full wp-image-10475\" src=\"http:\/\/www.adrianwood.ch\/wp-content\/uploads\/2016\/01\/Gran_Canaria_ed5.jpg\" alt=\"gran_canaria_ed5\" width=\"730\" height=\"538\" srcset=\"https:\/\/www.adrianwood.ch\/wp-content\/uploads\/2016\/01\/Gran_Canaria_ed5.jpg 730w, https:\/\/www.adrianwood.ch\/wp-content\/uploads\/2016\/01\/Gran_Canaria_ed5-300x221.jpg 300w\" sizes=\"auto, (max-width: 730px) 100vw, 730px\" \/><\/a><\/p>\n","protected":false},"excerpt":{"rendered":"<p>6. Tag Mi 15.04. Zum Wahrzeichen der Insel, Roque Nublo Auf 280 m \/ Ab 300 m &#8211; Gehzeit ca. 3 Std. leicht &#8211; mittel Unsere letzte Wanderung f\u00fchrt uns zum \u201cRoque Nublo\u201d, den Wolkenfels im Inselzentrum. Ein schmaler Steinpfad bringt uns zum Felssockel und seinen altkanarischen Kultpl\u00e4tzen hinauf. Als urspr\u00fcnglicher Vulkanschlot ist er durch &hellip; <a href=\"https:\/\/www.adrianwood.ch\/?page_id=4807\" class=\"more-link\">Continue reading <span class=\"screen-reader-text\">04 15 Roque Nublo<\/span> <span class=\"meta-nav\">&rarr;<\/span><\/a><\/p>\n","protected":false},"author":1,"featured_media":0,"parent":4786,"menu_order":4945,"comment_status":"closed","ping_status":"closed","template":"","meta":{"ngg_post_thumbnail":0,"footnotes":""},"class_list":["post-4807","page","type-page","status-publish","hentry"],"_links":{"self":[{"href":"https:\/\/www.adrianwood.ch\/index.php?rest_route=\/wp\/v2\/pages\/4807","targetHints":{"allow":["GET"]}}],"collection":[{"href":"https:\/\/www.adrianwood.ch\/index.php?rest_route=\/wp\/v2\/pages"}],"about":[{"href":"https:\/\/www.adrianwood.ch\/index.php?rest_route=\/wp\/v2\/types\/page"}],"author":[{"embeddable":true,"href":"https:\/\/www.adrianwood.ch\/index.php?rest_route=\/wp\/v2\/users\/1"}],"replies":[{"embeddable":true,"href":"https:\/\/www.adrianwood.ch\/index.php?rest_route=%2Fwp%2Fv2%2Fcomments&post=4807"}],"version-history":[{"count":2,"href":"https:\/\/www.adrianwood.ch\/index.php?rest_route=\/wp\/v2\/pages\/4807\/revisions"}],"predecessor-version":[{"id":10477,"href":"https:\/\/www.adrianwood.ch\/index.php?rest_route=\/wp\/v2\/pages\/4807\/revisions\/10477"}],"up":[{"embeddable":true,"href":"https:\/\/www.adrianwood.ch\/index.php?rest_route=\/wp\/v2\/pages\/4786"}],"wp:attachment":[{"href":"https:\/\/www.adrianwood.ch\/index.php?rest_route=%2Fwp%2Fv2%2Fmedia&parent=4807"}],"curies":[{"name":"wp","href":"https:\/\/api.w.org\/{rel}","templated":true}]}}

<figure id="attachment_4808" aria-describedby="caption-attachment-4808" style="width: 730px" class="wp-caption alignnone"><a href="http://www.adrianwood.ch/wp-content/uploads/2016/01/GC1_0550_r7.jpg" rel="attachment wp-att-4808"><img loading="lazy" decoding="async" class="size-full wp-image-4808" src="http://www.adrianwood.ch/wp-content/uploads/2016/01/GC1_0550_r7.jpg" alt="am Roque Nublo, dahinter der Teide" width="730" height="487"></a><figcaption id="caption-attachment-4808" class="wp-caption-text">am Roque Nublo, dahinter der Teide</figcaption></figure>
<h2>6. Tag Mi 15.04. Zum Wahrzeichen der Insel, Roque Nublo Auf 280 m / Ab 300 m &#8211; Gehzeit ca. 3 Std. leicht &#8211; mittel</h2>
<p style="text-align: justify;">Unsere letzte Wanderung führt uns zum “Roque Nublo”, den Wolkenfels im Inselzentrum. Ein schmaler Steinpfad bringt uns zum Felssockel und seinen altkanarischen Kultplätzen hinauf. Als ursprünglicher Vulkanschlot ist er durch Erosion geprägt und ragt gut 65 m steil vor uns auf. Wir genießen die grandiosen Ausblicke auf die bizarre Berglandschaft Gran Canarias und durchwandern das Tal von Asserador nach Ayacata. Dort erwartet uns eine urige Einkehr bei einem freundlichen Canario mit Käse und Wein. ngg_shortcode_0_placeholder</p>
<p style="text-align: justify;"><a href="http://www.adrianwood.ch/wp-content/uploads/2016/01/Gran_Canaria_ed5.jpg"><img loading="lazy" decoding="async" class="alignleft size-full wp-image-10475" src="http://www.adrianwood.ch/wp-content/uploads/2016/01/Gran_Canaria_ed5.jpg" alt="gran_canaria_ed5" width="730" height="538" srcset="https://www.adrianwood.ch/wp-content/uploads/2016/01/Gran_Canaria_ed5.jpg 730w, https://www.adrianwood.ch/wp-content/uploads/2016/01/Gran_Canaria_ed5-300x221.jpg 300w" sizes="auto, (max-width: 730px) 100vw, 730px" /></a></p>

<p>6. Tag Mi 15.04. Zum Wahrzeichen der Insel, Roque Nublo Auf 280 m / Ab 300 m &#8211; Gehzeit ca. 3 Std. leicht &#8211; mittel Unsere letzte Wanderung führt uns zum “Roque Nublo”, den Wolkenfels im Inselzentrum. Ein schmaler Steinpfad bringt uns zum Felssockel und seinen altkanarischen Kultplätzen hinauf. Als ursprünglicher Vulkanschlot ist er durch &hellip; <a href="https://www.adrianwood.ch/?page_id=4807" class="more-link">Continue reading <span class="screen-reader-text">04 15 Roque Nublo</span> <span class="meta-nav">&rarr;</span></a></p>
