{"id":4906,"date":"2016-01-28T16:02:14","date_gmt":"2016-01-28T16:02:14","guid":{"rendered":"http:\/\/www.adrianwood.ch\/?page_id=4906"},"modified":"2016-11-04T17:30:26","modified_gmt":"2016-11-04T17:30:26","slug":"04-17-roque-nublo-2","status":"publish","type":"page","link":"https:\/\/www.adrianwood.ch\/?page_id=4906","title":{"rendered":"04 17 Roque Nublo 2"},"content":{"rendered":"<figure id=\"attachment_4901\" aria-describedby=\"caption-attachment-4901\" style=\"width: 730px\" class=\"wp-caption alignnone\"><a href=\"http:\/\/www.adrianwood.ch\/wp-content\/uploads\/2016\/01\/GC1_0707_r7.jpg\" rel=\"attachment wp-att-4901\"><img loading=\"lazy\" decoding=\"async\" class=\"size-full wp-image-4901\" src=\"http:\/\/www.adrianwood.ch\/wp-content\/uploads\/2016\/01\/GC1_0707_r7.jpg\" alt=\"The Roque Nublo is 70 meters high\" width=\"730\" height=\"487\" srcset=\"https:\/\/www.adrianwood.ch\/wp-content\/uploads\/2016\/01\/GC1_0707_r7.jpg 730w, https:\/\/www.adrianwood.ch\/wp-content\/uploads\/2016\/01\/GC1_0707_r7-300x200.jpg 300w\" sizes=\"auto, (max-width: 730px) 100vw, 730px\" \/><\/a><figcaption id=\"caption-attachment-4901\" class=\"wp-caption-text\">The Roque Nublo is 70 meters high<\/figcaption><\/figure>\n<h2>8. Tag Fr 17.04. Roque Nublo zum Zweiten Auf 350 m \/ Ab 350 m &#8211; Gehzeit: 2 Std. &#8211; leicht<\/h2>\n<p>Zun\u00e4chst f\u00fchrt der Weg auf dem Bergr\u00fccken geradewegs Richtung Roque Nubplo. Dieser windet sich dann durch lichten Kiefernwald aufw\u00e4rts bis zum Rand des Hochplateaus. Noch ein kleiner Anstieg \u00fcber eine Felskante und dann haben wir einen fantastischen Rundumblick \u00fcber weite Teile Gran Canarias und bei guter Sicht sieht man auch Teneriffa mit dem alles \u00fcberragenden Teide. F\u00fcr den R\u00fcckweg nehmen wir dann den Weg in Richtung La Culata. Dieser verl\u00e4uft sanft abw\u00e4rts durch lichten Kiefernbestand. Hin und wieder gibt der lichte Kiefernwald den Blick auf die westlich gelegenen H\u00f6henz\u00fcge und die tiefen Taleinschnitte frei. Auf der n\u00f6rdlichen Seite finden wir eher Buschwerk so das wir herrliche Aussichtspunkte auf Tejeda finden. Nach La Culata steigen wir nicht hinab, sonder halten uns rechts, so das wir auf den Weg zum Ausgangspunkt zur\u00fcck-kommen.ngg_shortcode_0_placeholder<\/p>\n<p><a href=\"http:\/\/www.adrianwood.ch\/wp-content\/uploads\/2016\/01\/Gran_Canaria_ed7.jpg\"><img loading=\"lazy\" decoding=\"async\" class=\"alignleft size-full wp-image-10481\" src=\"http:\/\/www.adrianwood.ch\/wp-content\/uploads\/2016\/01\/Gran_Canaria_ed7.jpg\" alt=\"Roque Nublo 2\" width=\"730\" height=\"788\" srcset=\"https:\/\/www.adrianwood.ch\/wp-content\/uploads\/2016\/01\/Gran_Canaria_ed7.jpg 730w, https:\/\/www.adrianwood.ch\/wp-content\/uploads\/2016\/01\/Gran_Canaria_ed7-278x300.jpg 278w\" sizes=\"auto, (max-width: 730px) 100vw, 730px\" \/><\/a><\/p>\n","protected":false},"excerpt":{"rendered":"<p>8. Tag Fr 17.04. Roque Nublo zum Zweiten Auf 350 m \/ Ab 350 m &#8211; Gehzeit: 2 Std. &#8211; leicht Zun\u00e4chst f\u00fchrt der Weg auf dem Bergr\u00fccken geradewegs Richtung Roque Nubplo. Dieser windet sich dann durch lichten Kiefernwald aufw\u00e4rts bis zum Rand des Hochplateaus. Noch ein kleiner Anstieg \u00fcber eine Felskante und dann haben &hellip; <a href=\"https:\/\/www.adrianwood.ch\/?page_id=4906\" class=\"more-link\">Continue reading <span class=\"screen-reader-text\">04 17 Roque Nublo 2<\/span> <span class=\"meta-nav\">&rarr;<\/span><\/a><\/p>\n","protected":false},"author":1,"featured_media":0,"parent":4786,"menu_order":4947,"comment_status":"closed","ping_status":"closed","template":"","meta":{"ngg_post_thumbnail":0,"footnotes":""},"class_list":["post-4906","page","type-page","status-publish","hentry"],"_links":{"self":[{"href":"https:\/\/www.adrianwood.ch\/index.php?rest_route=\/wp\/v2\/pages\/4906","targetHints":{"allow":["GET"]}}],"collection":[{"href":"https:\/\/www.adrianwood.ch\/index.php?rest_route=\/wp\/v2\/pages"}],"about":[{"href":"https:\/\/www.adrianwood.ch\/index.php?rest_route=\/wp\/v2\/types\/page"}],"author":[{"embeddable":true,"href":"https:\/\/www.adrianwood.ch\/index.php?rest_route=\/wp\/v2\/users\/1"}],"replies":[{"embeddable":true,"href":"https:\/\/www.adrianwood.ch\/index.php?rest_route=%2Fwp%2Fv2%2Fcomments&post=4906"}],"version-history":[{"count":4,"href":"https:\/\/www.adrianwood.ch\/index.php?rest_route=\/wp\/v2\/pages\/4906\/revisions"}],"predecessor-version":[{"id":10483,"href":"https:\/\/www.adrianwood.ch\/index.php?rest_route=\/wp\/v2\/pages\/4906\/revisions\/10483"}],"up":[{"embeddable":true,"href":"https:\/\/www.adrianwood.ch\/index.php?rest_route=\/wp\/v2\/pages\/4786"}],"wp:attachment":[{"href":"https:\/\/www.adrianwood.ch\/index.php?rest_route=%2Fwp%2Fv2%2Fmedia&parent=4906"}],"curies":[{"name":"wp","href":"https:\/\/api.w.org\/{rel}","templated":true}]}}

<figure id="attachment_4901" aria-describedby="caption-attachment-4901" style="width: 730px" class="wp-caption alignnone"><a href="http://www.adrianwood.ch/wp-content/uploads/2016/01/GC1_0707_r7.jpg" rel="attachment wp-att-4901"><img loading="lazy" decoding="async" class="size-full wp-image-4901" src="http://www.adrianwood.ch/wp-content/uploads/2016/01/GC1_0707_r7.jpg" alt="The Roque Nublo is 70 meters high" width="730" height="487" srcset="https://www.adrianwood.ch/wp-content/uploads/2016/01/GC1_0707_r7.jpg 730w, https://www.adrianwood.ch/wp-content/uploads/2016/01/GC1_0707_r7-300x200.jpg 300w" sizes="auto, (max-width: 730px) 100vw, 730px" /></a><figcaption id="caption-attachment-4901" class="wp-caption-text">The Roque Nublo is 70 meters high</figcaption></figure>
<h2>8. Tag Fr 17.04. Roque Nublo zum Zweiten Auf 350 m / Ab 350 m &#8211; Gehzeit: 2 Std. &#8211; leicht</h2>
<p>Zunächst führt der Weg auf dem Bergrücken geradewegs Richtung Roque Nubplo. Dieser windet sich dann durch lichten Kiefernwald aufwärts bis zum Rand des Hochplateaus. Noch ein kleiner Anstieg über eine Felskante und dann haben wir einen fantastischen Rundumblick über weite Teile Gran Canarias und bei guter Sicht sieht man auch Teneriffa mit dem alles überragenden Teide. Für den Rückweg nehmen wir dann den Weg in Richtung La Culata. Dieser verläuft sanft abwärts durch lichten Kiefernbestand. Hin und wieder gibt der lichte Kiefernwald den Blick auf die westlich gelegenen Höhenzüge und die tiefen Taleinschnitte frei. Auf der nördlichen Seite finden wir eher Buschwerk so das wir herrliche Aussichtspunkte auf Tejeda finden. Nach La Culata steigen wir nicht hinab, sonder halten uns rechts, so das wir auf den Weg zum Ausgangspunkt zurück-kommen.ngg_shortcode_0_placeholder</p>
<p><a href="http://www.adrianwood.ch/wp-content/uploads/2016/01/Gran_Canaria_ed7.jpg"><img loading="lazy" decoding="async" class="alignleft size-full wp-image-10481" src="http://www.adrianwood.ch/wp-content/uploads/2016/01/Gran_Canaria_ed7.jpg" alt="Roque Nublo 2" width="730" height="788" srcset="https://www.adrianwood.ch/wp-content/uploads/2016/01/Gran_Canaria_ed7.jpg 730w, https://www.adrianwood.ch/wp-content/uploads/2016/01/Gran_Canaria_ed7-278x300.jpg 278w" sizes="auto, (max-width: 730px) 100vw, 730px" /></a></p>

<p>8. Tag Fr 17.04. Roque Nublo zum Zweiten Auf 350 m / Ab 350 m &#8211; Gehzeit: 2 Std. &#8211; leicht Zunächst führt der Weg auf dem Bergrücken geradewegs Richtung Roque Nubplo. Dieser windet sich dann durch lichten Kiefernwald aufwärts bis zum Rand des Hochplateaus. Noch ein kleiner Anstieg über eine Felskante und dann haben &hellip; <a href="https://www.adrianwood.ch/?page_id=4906" class="more-link">Continue reading <span class="screen-reader-text">04 17 Roque Nublo 2</span> <span class="meta-nav">&rarr;</span></a></p>
