{"id":495,"date":"2011-01-21T17:49:46","date_gmt":"2011-01-21T16:49:46","guid":{"rendered":"http:\/\/adrianwood.ch\/"},"modified":"2011-01-21T17:49:46","modified_gmt":"2011-01-21T16:49:46","slug":"2009-08-aletsch-gebiet","status":"publish","type":"page","link":"https:\/\/www.adrianwood.ch\/?page_id=495","title":{"rendered":"2009-08 Aletsch Gebiet"},"content":{"rendered":"<figure id=\"attachment_496\" aria-describedby=\"caption-attachment-496\" style=\"width: 720px\" class=\"wp-caption alignleft\"><a href=\"http:\/\/adrianwood.ch\/wp-content\/uploads\/2011\/01\/DSC_0134_1_r5.jpg\"><img loading=\"lazy\" decoding=\"async\" class=\"size-full wp-image-496\" title=\"DSC_0134_1_r5\" src=\"http:\/\/adrianwood.ch\/wp-content\/uploads\/2011\/01\/DSC_0134_1_r5.jpg\" alt=\"Aletschgletscher\" width=\"720\" height=\"480\" \/><\/a><figcaption id=\"caption-attachment-496\" class=\"wp-caption-text\">Aletschgletscher<\/figcaption><\/figure>\n<p><strong>29.\/30. August 2009,\u00a0Belalp &#8211; Aletschwald &#8211; Riederalp &#8211; M\u00e4rjelensee &#8211; Fiescheralp &#8211; K\u00fchboden\u00a0<\/strong><\/p>\n<p>Leitung: Alois Kaufmann &amp; Vreni Gubler<\/p>\n<p>Samstag: Der Wanderweg Belalp-Riederalp f\u00fchrt uns vom Hotel Belalp die \u201eSteigle\u201c hinab ins \u201eAletschji\u201c von dort in den \u201eLeng Acker und weiter zur H\u00e4ngebr\u00fccke, dann geht\u2019s bergauf \u00fcber den \u201eGr\u00fcnsee\u201c, durch den Aletschwald zur Riederfurka.<\/p>\n<p>Sonntag: Auf dem Panorama-H\u00f6henweg \u00fcber dem Aletsch\u00adgletscher umrunden wir das Eggishorn. Durch den beleuchteten T\u00e4llitunnel geht\u2019s zur Fiescheralp und mit der Seilbahn nach Fiesch.<\/p>\n<p>Der Wochenendtermin war wetterm\u00e4ssig perfekt geplant. Der dichte Nebel vom Samstagmorgen verzog sich rasch und er\u00f6ffnete ein Alpenpanorama der ersten G\u00fcteklasse. 19 Teilnehmer (teils Naturfreunde, teils Ciba-Sportclub) balancierten \u00fcber die 120 m lange H\u00e4ngebr\u00fccke. Am Sonntag waren es dann noch 14 Teilnehmer die den Gletscherpanoramaweg unter die F\u00fcsse nahmen. Immer wieder musste ein Fotostopp eingeschaltet werden, um den unglaublich sch\u00f6nen Anblick festzuhalten.<\/p>\nngg_shortcode_0_placeholder\n","protected":false},"excerpt":{"rendered":"<p>29.\/30. August 2009,\u00a0Belalp &#8211; Aletschwald &#8211; Riederalp &#8211; M\u00e4rjelensee &#8211; Fiescheralp &#8211; K\u00fchboden\u00a0 Leitung: Alois Kaufmann &amp; Vreni Gubler Samstag: Der Wanderweg Belalp-Riederalp f\u00fchrt uns vom Hotel Belalp die \u201eSteigle\u201c hinab ins \u201eAletschji\u201c von dort in den \u201eLeng Acker und weiter zur H\u00e4ngebr\u00fccke, dann geht\u2019s bergauf \u00fcber den \u201eGr\u00fcnsee\u201c, durch den Aletschwald zur Riederfurka. Sonntag: &hellip; <a href=\"https:\/\/www.adrianwood.ch\/?page_id=495\" class=\"more-link\">Continue reading <span class=\"screen-reader-text\">2009-08 Aletsch Gebiet<\/span> <span class=\"meta-nav\">&rarr;<\/span><\/a><\/p>\n","protected":false},"author":1,"featured_media":0,"parent":136,"menu_order":1348,"comment_status":"closed","ping_status":"closed","template":"","meta":{"ngg_post_thumbnail":0,"footnotes":""},"class_list":["post-495","page","type-page","status-publish","hentry"],"_links":{"self":[{"href":"https:\/\/www.adrianwood.ch\/index.php?rest_route=\/wp\/v2\/pages\/495","targetHints":{"allow":["GET"]}}],"collection":[{"href":"https:\/\/www.adrianwood.ch\/index.php?rest_route=\/wp\/v2\/pages"}],"about":[{"href":"https:\/\/www.adrianwood.ch\/index.php?rest_route=\/wp\/v2\/types\/page"}],"author":[{"embeddable":true,"href":"https:\/\/www.adrianwood.ch\/index.php?rest_route=\/wp\/v2\/users\/1"}],"replies":[{"embeddable":true,"href":"https:\/\/www.adrianwood.ch\/index.php?rest_route=%2Fwp%2Fv2%2Fcomments&post=495"}],"version-history":[{"count":0,"href":"https:\/\/www.adrianwood.ch\/index.php?rest_route=\/wp\/v2\/pages\/495\/revisions"}],"up":[{"embeddable":true,"href":"https:\/\/www.adrianwood.ch\/index.php?rest_route=\/wp\/v2\/pages\/136"}],"wp:attachment":[{"href":"https:\/\/www.adrianwood.ch\/index.php?rest_route=%2Fwp%2Fv2%2Fmedia&parent=495"}],"curies":[{"name":"wp","href":"https:\/\/api.w.org\/{rel}","templated":true}]}}