{"id":522,"date":"2011-01-24T18:33:31","date_gmt":"2011-01-24T18:33:31","guid":{"rendered":"http:\/\/adrianwood.ch\/"},"modified":"2017-09-11T13:10:47","modified_gmt":"2017-09-11T13:10:47","slug":"2010-07-flumserberge","status":"publish","type":"page","link":"https:\/\/www.adrianwood.ch\/?page_id=522","title":{"rendered":"2010-07 Flumserberge"},"content":{"rendered":"<figure id=\"attachment_523\" aria-describedby=\"caption-attachment-523\" style=\"width: 720px\" class=\"wp-caption alignleft\"><a href=\"http:\/\/adrianwood.ch\/wp-content\/uploads\/2011\/01\/DSCN4670_M_r.jpg\"><img loading=\"lazy\" decoding=\"async\" class=\"size-full wp-image-523\" title=\"DSCN4670_M_r\" src=\"http:\/\/adrianwood.ch\/wp-content\/uploads\/2011\/01\/DSCN4670_M_r.jpg\" alt=\"auf Erdisgulmen\" width=\"720\" height=\"540\" \/><\/a><figcaption id=\"caption-attachment-523\" class=\"wp-caption-text\">auf Erdisgulmen<\/figcaption><\/figure>\n<h3>10\/11.Juli, 2010, Samstag: Maschgenkamm (2020 m) &#8211;\u00a0Ziger (2074 m) \u2013 Leist (2222 m ) \u2013 Gulmen (2317 m) \u2013 Sachserseeli \u2013 Wiesmilen (2483 m) \u2013 Spitzmeilen H\u00fctte (2087 m), Sonntag: Erdisgulmen (2285 m) \u2013 Widersteiner Furgel (2013 m) \u2013 \u00dcblital (1190 m) \u2013 Engi (812 m)<\/h3>\n<p>Eine sch\u00f6ne Wanderung durch den Bergfr\u00fchling vom Maschgenkamm zur Spitzmeilen H\u00fctte, vorbei am Sachserseeli, wo man baden kann. Die Spitzmeilen H\u00fctte ist vor drei Jahren v\u00f6llig neu aufgebaut worden. Am Sonntag ging es \u00fcber den Erdisgulmen in einer sch\u00f6nen H\u00f6henwanderung vorbei an kleinen Seen zur Widersteiner Furgel. Durch das wilde, romantische Widersteiner Tal stiegen wir ab nach Engi im Glarnerland.<\/p>\nngg_shortcode_0_placeholder\n","protected":false},"excerpt":{"rendered":"<p>10\/11.Juli, 2010, Samstag: Maschgenkamm (2020 m) &#8211;\u00a0Ziger (2074 m) \u2013 Leist (2222 m ) \u2013 Gulmen (2317 m) \u2013 Sachserseeli \u2013 Wiesmilen (2483 m) \u2013 Spitzmeilen H\u00fctte (2087 m), Sonntag: Erdisgulmen (2285 m) \u2013 Widersteiner Furgel (2013 m) \u2013 \u00dcblital (1190 m) \u2013 Engi (812 m) Eine sch\u00f6ne Wanderung durch den Bergfr\u00fchling vom Maschgenkamm zur &hellip; <a href=\"https:\/\/www.adrianwood.ch\/?page_id=522\" class=\"more-link\">Continue reading <span class=\"screen-reader-text\">2010-07 Flumserberge<\/span> <span class=\"meta-nav\">&rarr;<\/span><\/a><\/p>\n","protected":false},"author":1,"featured_media":0,"parent":138,"menu_order":1731,"comment_status":"closed","ping_status":"closed","template":"","meta":{"ngg_post_thumbnail":0,"footnotes":""},"class_list":["post-522","page","type-page","status-publish","hentry"],"_links":{"self":[{"href":"https:\/\/www.adrianwood.ch\/index.php?rest_route=\/wp\/v2\/pages\/522","targetHints":{"allow":["GET"]}}],"collection":[{"href":"https:\/\/www.adrianwood.ch\/index.php?rest_route=\/wp\/v2\/pages"}],"about":[{"href":"https:\/\/www.adrianwood.ch\/index.php?rest_route=\/wp\/v2\/types\/page"}],"author":[{"embeddable":true,"href":"https:\/\/www.adrianwood.ch\/index.php?rest_route=\/wp\/v2\/users\/1"}],"replies":[{"embeddable":true,"href":"https:\/\/www.adrianwood.ch\/index.php?rest_route=%2Fwp%2Fv2%2Fcomments&post=522"}],"version-history":[{"count":1,"href":"https:\/\/www.adrianwood.ch\/index.php?rest_route=\/wp\/v2\/pages\/522\/revisions"}],"predecessor-version":[{"id":13518,"href":"https:\/\/www.adrianwood.ch\/index.php?rest_route=\/wp\/v2\/pages\/522\/revisions\/13518"}],"up":[{"embeddable":true,"href":"https:\/\/www.adrianwood.ch\/index.php?rest_route=\/wp\/v2\/pages\/138"}],"wp:attachment":[{"href":"https:\/\/www.adrianwood.ch\/index.php?rest_route=%2Fwp%2Fv2%2Fmedia&parent=522"}],"curies":[{"name":"wp","href":"https:\/\/api.w.org\/{rel}","templated":true}]}}

<figure id="attachment_523" aria-describedby="caption-attachment-523" style="width: 720px" class="wp-caption alignleft"><a href="http://adrianwood.ch/wp-content/uploads/2011/01/DSCN4670_M_r.jpg"><img loading="lazy" decoding="async" class="size-full wp-image-523" title="DSCN4670_M_r" src="http://adrianwood.ch/wp-content/uploads/2011/01/DSCN4670_M_r.jpg" alt="auf Erdisgulmen" width="720" height="540" /></a><figcaption id="caption-attachment-523" class="wp-caption-text">auf Erdisgulmen</figcaption></figure>
<h3>10/11.Juli, 2010, Samstag: Maschgenkamm (2020 m) &#8211; Ziger (2074 m) – Leist (2222 m ) – Gulmen (2317 m) – Sachserseeli – Wiesmilen (2483 m) – Spitzmeilen Hütte (2087 m), Sonntag: Erdisgulmen (2285 m) – Widersteiner Furgel (2013 m) – Üblital (1190 m) – Engi (812 m)</h3>
<p>Eine schöne Wanderung durch den Bergfrühling vom Maschgenkamm zur Spitzmeilen Hütte, vorbei am Sachserseeli, wo man baden kann. Die Spitzmeilen Hütte ist vor drei Jahren völlig neu aufgebaut worden. Am Sonntag ging es über den Erdisgulmen in einer schönen Höhenwanderung vorbei an kleinen Seen zur Widersteiner Furgel. Durch das wilde, romantische Widersteiner Tal stiegen wir ab nach Engi im Glarnerland.</p>
ngg_shortcode_0_placeholder

<p>10/11.Juli, 2010, Samstag: Maschgenkamm (2020 m) &#8211; Ziger (2074 m) – Leist (2222 m ) – Gulmen (2317 m) – Sachserseeli – Wiesmilen (2483 m) – Spitzmeilen Hütte (2087 m), Sonntag: Erdisgulmen (2285 m) – Widersteiner Furgel (2013 m) – Üblital (1190 m) – Engi (812 m) Eine schöne Wanderung durch den Bergfrühling vom Maschgenkamm zur &hellip; <a href="https://www.adrianwood.ch/?page_id=522" class="more-link">Continue reading <span class="screen-reader-text">2010-07 Flumserberge</span> <span class="meta-nav">&rarr;</span></a></p>
