{"id":540,"date":"2011-01-25T16:45:08","date_gmt":"2011-01-25T16:45:08","guid":{"rendered":"http:\/\/adrianwood.ch\/"},"modified":"2017-09-11T13:07:07","modified_gmt":"2017-09-11T13:07:07","slug":"2007-09-chammhalden","status":"publish","type":"page","link":"https:\/\/www.adrianwood.ch\/?page_id=540","title":{"rendered":"2007-09 Chammhalden"},"content":{"rendered":"<dl id=\"attachment_542\" class=\"wp-caption alignleft\" style=\"width: 730px;\">\n<dt class=\"wp-caption-dt\"><a href=\"http:\/\/adrianwood.ch\/wp-content\/uploads\/2011\/01\/DSCN0826_r2.jpg\"><img loading=\"lazy\" decoding=\"async\" class=\"size-full wp-image-542\" title=\"DSCN0826_r2\" src=\"http:\/\/adrianwood.ch\/wp-content\/uploads\/2011\/01\/DSCN0826_r2.jpg\" alt=\"S\u00e4ntis\" width=\"720\" height=\"540\" \/><\/a><\/dt>\n<dd class=\"wp-caption-dd\">S\u00e4ntis<\/dd>\n<\/dl>\n<h4>28. &#8211;\u00a0 30. September 2007, Bergwanderung Appenzellerland<\/h4>\n<h4 class=\"mceTemp\">Freitag: Fahrt nach Jakobsbad. Mit Schwebebahn auf den Kronberg. Wanderung Kronberg (1652 m) &#8211; Scheidegg (1352 m) &#8211; Leuenfall (919 m) &#8211; Chammhaldenh\u00fctte (1394 m) 10 km, 4 &#8211; 5 Std<br \/>\nSamstag: Wanderung zur Schw\u00e4galp, mit Postauto nach Urn\u00e4sch, Wanderung: Urn\u00e4sch (836 m) &#8211; Ob. Egg (1029 m) &#8211; Hochalp (1521 m) &#8211; \u00c4lpli (1361 m) &#8211; Spicher (1476 m) &#8211; Neuwald (1317 m) &#8211; Ofenloch (1174 m) &#8211; Engi (1259 m) &#8211; Chr\u00e4zerenpass (1269 m) &#8211;<br \/>\nSchw\u00e4galp (1352 m) &#8211; Chammhaldenh\u00fctte (1394 m) 15 km, 5 &#8211; 6 Std<\/h4>\n<h4 class=\"mceTemp\">Sonntag: Wanderung zur Jakobshorn &#8211; Appenzell, 12 km, 4-\u00a05 Std.<\/h4>\n<h4 class=\"mceTemp\"><\/h4>\n<h4 class=\"mceTemp\">Eine einfache, herbstliche Wanderung durchder Heimat des Tourenleiters, wo\u00a0er genau vor 60 Jahren auf die Welt gekommen ist. Am Freitag gab es einen Wasserfall zu sehen, am Samstag ging es durch eine tiefe Schlucht, das Ofenloch und am Sonntag auf den Jakobshorn. Es gab ein kleine Geburtagsfeier iin der Chammhaldenh\u00fctte, das er von seiner Kindheit gut kannte.<\/h4>\n<h4 class=\"mceTemp\">ngg_shortcode_0_placeholder<\/h4>\n","protected":false},"excerpt":{"rendered":"<p>S\u00e4ntis 28. &#8211;\u00a0 30. September 2007, Bergwanderung Appenzellerland Freitag: Fahrt nach Jakobsbad. Mit Schwebebahn auf den Kronberg. Wanderung Kronberg (1652 m) &#8211; Scheidegg (1352 m) &#8211; Leuenfall (919 m) &#8211; Chammhaldenh\u00fctte (1394 m) 10 km, 4 &#8211; 5 Std Samstag: Wanderung zur Schw\u00e4galp, mit Postauto nach Urn\u00e4sch, Wanderung: Urn\u00e4sch (836 m) &#8211; Ob. Egg (1029 &hellip; <a href=\"https:\/\/www.adrianwood.ch\/?page_id=540\" class=\"more-link\">Continue reading <span class=\"screen-reader-text\">2007-09 Chammhalden<\/span> <span class=\"meta-nav\">&rarr;<\/span><\/a><\/p>\n","protected":false},"author":1,"featured_media":0,"parent":131,"menu_order":1812,"comment_status":"closed","ping_status":"closed","template":"","meta":{"ngg_post_thumbnail":0,"footnotes":""},"class_list":["post-540","page","type-page","status-publish","hentry"],"_links":{"self":[{"href":"https:\/\/www.adrianwood.ch\/index.php?rest_route=\/wp\/v2\/pages\/540","targetHints":{"allow":["GET"]}}],"collection":[{"href":"https:\/\/www.adrianwood.ch\/index.php?rest_route=\/wp\/v2\/pages"}],"about":[{"href":"https:\/\/www.adrianwood.ch\/index.php?rest_route=\/wp\/v2\/types\/page"}],"author":[{"embeddable":true,"href":"https:\/\/www.adrianwood.ch\/index.php?rest_route=\/wp\/v2\/users\/1"}],"replies":[{"embeddable":true,"href":"https:\/\/www.adrianwood.ch\/index.php?rest_route=%2Fwp%2Fv2%2Fcomments&post=540"}],"version-history":[{"count":1,"href":"https:\/\/www.adrianwood.ch\/index.php?rest_route=\/wp\/v2\/pages\/540\/revisions"}],"predecessor-version":[{"id":4877,"href":"https:\/\/www.adrianwood.ch\/index.php?rest_route=\/wp\/v2\/pages\/540\/revisions\/4877"}],"up":[{"embeddable":true,"href":"https:\/\/www.adrianwood.ch\/index.php?rest_route=\/wp\/v2\/pages\/131"}],"wp:attachment":[{"href":"https:\/\/www.adrianwood.ch\/index.php?rest_route=%2Fwp%2Fv2%2Fmedia&parent=540"}],"curies":[{"name":"wp","href":"https:\/\/api.w.org\/{rel}","templated":true}]}}