{"id":558,"date":"2011-01-28T11:08:23","date_gmt":"2011-01-28T10:08:23","guid":{"rendered":"http:\/\/adrianwood.ch\/"},"modified":"2020-10-17T14:33:39","modified_gmt":"2020-10-17T14:33:39","slug":"2009-10-christallina","status":"publish","type":"page","link":"https:\/\/www.adrianwood.ch\/?page_id=558","title":{"rendered":"2009-10 Christallina"},"content":{"rendered":"<figure id=\"attachment_560\" aria-describedby=\"caption-attachment-560\" style=\"width: 720px\" class=\"wp-caption alignleft\"><a href=\"http:\/\/adrianwood.ch\/wp-content\/uploads\/2011\/01\/DSCN3934_r21.jpg\"><img loading=\"lazy\" decoding=\"async\" class=\"size-full wp-image-560\" title=\"DSCN3934_r2\" src=\"http:\/\/adrianwood.ch\/wp-content\/uploads\/2011\/01\/DSCN3934_r21.jpg\" alt=\"auf dem Grat zum Cima del Lago\" width=\"720\" height=\"540\"><\/a><figcaption id=\"caption-attachment-560\" class=\"wp-caption-text\">auf dem Grat zum Cima del Lago<\/figcaption><\/figure>\n<h3>3.-4. Oktober 2009, Bergwanderung T2\/T3, Cristallinapass \u2013 Passo Grandinagia \u2013 San Giacomo \u2013 All\u2019Acqua<\/h3>\n<p><a href=\"https:\/\/www.adrianwood.ch\/?page_id=22075\"><strong>Samstag:<\/strong> <\/a>Fahrt mit Zug und Postauto nach Ossasco im Bedrettotal. Aufstieg durch das Val Torta zur Capanna Cristallina (4 h, 1250 H\u00f6henmeter, T2).<br \/>\nWer nach dem Aufstieg noch Luft und Lust hatte, hat den Cima del Lago, einen Gipfel in der N\u00e4he bestiegen (T3). Kein W\u00f6lkchen tr\u00fcbte die umfassende Rundumsicht.<\/p>\n<p><a href=\"https:\/\/www.adrianwood.ch\/?page_id=22089\"><strong>Sonntag:<\/strong> <\/a>Passo Cristallina \u2013 Lago Sfundau \u2013 Lago die Cavad\u00f6\u00f6 \u2013 Passo Grandinagia \u2013 San Giacomo \u2013 All\u2019Acqua (5-6 h, 400 m Aufstieg, 1500 m Abstieg, T2\/T3). R\u00fcckfahrt mit Bus und Zug nach Basel (Ankunft ca. 19:53 oder 21:53 Uhr).<\/p>\n<p>Die zwei Tagesberichte und GPS Aufzeichnungen von Hanspeter Sauter erscheinen auf die folgenden Seiten.<\/p>\nngg_shortcode_0_placeholder\n<p>Teilnehmer: Uli Onken (Leitung), Brigitte Walz, Peter und Anna Sutter, Adrian Zingg, Adrian Wood, Brigitte Helbing, Toni Jost, Ulrich Strahm, Stephan M\u00fcller, Hanspeter Sauter(Bericht)<\/p>\n","protected":false},"excerpt":{"rendered":"<p>3.-4. Oktober 2009, Bergwanderung T2\/T3, Cristallinapass \u2013 Passo Grandinagia \u2013 San Giacomo \u2013 All\u2019Acqua Samstag: Fahrt mit Zug und Postauto nach Ossasco im Bedrettotal. Aufstieg durch das Val Torta zur Capanna Cristallina (4 h, 1250 H\u00f6henmeter, T2). Wer nach dem Aufstieg noch Luft und Lust hatte, hat den Cima del Lago, einen Gipfel in der &hellip; <a href=\"https:\/\/www.adrianwood.ch\/?page_id=558\" class=\"more-link\">Continue reading <span class=\"screen-reader-text\">2009-10 Christallina<\/span> <span class=\"meta-nav\">&rarr;<\/span><\/a><\/p>\n","protected":false},"author":1,"featured_media":0,"parent":140,"menu_order":1557,"comment_status":"closed","ping_status":"closed","template":"","meta":{"ngg_post_thumbnail":0,"footnotes":""},"class_list":["post-558","page","type-page","status-publish","hentry"],"_links":{"self":[{"href":"https:\/\/www.adrianwood.ch\/index.php?rest_route=\/wp\/v2\/pages\/558","targetHints":{"allow":["GET"]}}],"collection":[{"href":"https:\/\/www.adrianwood.ch\/index.php?rest_route=\/wp\/v2\/pages"}],"about":[{"href":"https:\/\/www.adrianwood.ch\/index.php?rest_route=\/wp\/v2\/types\/page"}],"author":[{"embeddable":true,"href":"https:\/\/www.adrianwood.ch\/index.php?rest_route=\/wp\/v2\/users\/1"}],"replies":[{"embeddable":true,"href":"https:\/\/www.adrianwood.ch\/index.php?rest_route=%2Fwp%2Fv2%2Fcomments&post=558"}],"version-history":[{"count":5,"href":"https:\/\/www.adrianwood.ch\/index.php?rest_route=\/wp\/v2\/pages\/558\/revisions"}],"predecessor-version":[{"id":22101,"href":"https:\/\/www.adrianwood.ch\/index.php?rest_route=\/wp\/v2\/pages\/558\/revisions\/22101"}],"up":[{"embeddable":true,"href":"https:\/\/www.adrianwood.ch\/index.php?rest_route=\/wp\/v2\/pages\/140"}],"wp:attachment":[{"href":"https:\/\/www.adrianwood.ch\/index.php?rest_route=%2Fwp%2Fv2%2Fmedia&parent=558"}],"curies":[{"name":"wp","href":"https:\/\/api.w.org\/{rel}","templated":true}]}}

<figure id="attachment_560" aria-describedby="caption-attachment-560" style="width: 720px" class="wp-caption alignleft"><a href="http://adrianwood.ch/wp-content/uploads/2011/01/DSCN3934_r21.jpg"><img loading="lazy" decoding="async" class="size-full wp-image-560" title="DSCN3934_r2" src="http://adrianwood.ch/wp-content/uploads/2011/01/DSCN3934_r21.jpg" alt="auf dem Grat zum Cima del Lago" width="720" height="540"></a><figcaption id="caption-attachment-560" class="wp-caption-text">auf dem Grat zum Cima del Lago</figcaption></figure>
<h3>3.-4. Oktober 2009, Bergwanderung T2/T3, Cristallinapass – Passo Grandinagia – San Giacomo – All’Acqua</h3>
<p><a href="https://www.adrianwood.ch/?page_id=22075"><strong>Samstag:</strong> </a>Fahrt mit Zug und Postauto nach Ossasco im Bedrettotal. Aufstieg durch das Val Torta zur Capanna Cristallina (4 h, 1250 Höhenmeter, T2).<br />
Wer nach dem Aufstieg noch Luft und Lust hatte, hat den Cima del Lago, einen Gipfel in der Nähe bestiegen (T3). Kein Wölkchen trübte die umfassende Rundumsicht.</p>
<p><a href="https://www.adrianwood.ch/?page_id=22089"><strong>Sonntag:</strong> </a>Passo Cristallina – Lago Sfundau – Lago die Cavadöö – Passo Grandinagia – San Giacomo – All’Acqua (5-6 h, 400 m Aufstieg, 1500 m Abstieg, T2/T3). Rückfahrt mit Bus und Zug nach Basel (Ankunft ca. 19:53 oder 21:53 Uhr).</p>
<p>Die zwei Tagesberichte und GPS Aufzeichnungen von Hanspeter Sauter erscheinen auf die folgenden Seiten.</p>
ngg_shortcode_0_placeholder
<p>Teilnehmer: Uli Onken (Leitung), Brigitte Walz, Peter und Anna Sutter, Adrian Zingg, Adrian Wood, Brigitte Helbing, Toni Jost, Ulrich Strahm, Stephan Müller, Hanspeter Sauter(Bericht)</p>

<p>3.-4. Oktober 2009, Bergwanderung T2/T3, Cristallinapass – Passo Grandinagia – San Giacomo – All’Acqua Samstag: Fahrt mit Zug und Postauto nach Ossasco im Bedrettotal. Aufstieg durch das Val Torta zur Capanna Cristallina (4 h, 1250 Höhenmeter, T2). Wer nach dem Aufstieg noch Luft und Lust hatte, hat den Cima del Lago, einen Gipfel in der &hellip; <a href="https://www.adrianwood.ch/?page_id=558" class="more-link">Continue reading <span class="screen-reader-text">2009-10 Christallina</span> <span class="meta-nav">&rarr;</span></a></p>
