{"id":591,"date":"2011-01-28T16:18:38","date_gmt":"2011-01-28T15:18:38","guid":{"rendered":"http:\/\/adrianwood.ch\/"},"modified":"2011-01-28T16:18:38","modified_gmt":"2011-01-28T15:18:38","slug":"08-22-einfuhrung","status":"publish","type":"page","link":"https:\/\/www.adrianwood.ch\/?page_id=591","title":{"rendered":"08-22 Einf\u00fchrung"},"content":{"rendered":"<h3>Alta Via Due, Einf\u00fchrung, 22.8.Cogne \u2013 Refugio Vittorio Sella und 24.8. Regentag<\/h3>\n<table border=\"0\" cellspacing=\"0\" cellpadding=\"0\">\n<tbody>\n<tr>\n<td colspan=\"2\" width=\"821\" valign=\"top\">Vor f\u00fcnf Jahren haben wir die Alta Via Uno Route entlang der Nordseite des Aostatals gemacht, und es war naheliegend gewesen die Alta Via Due entlang der S\u00fcdseite als unsere n\u00e4chste Trekkingwoche im Angriff zu nehmen. Die Alta Via Due liegt gr\u00f6sstenteils im Grandparadiso Nationalpark und durchquert mehrere tiefe Seitent\u00e4ler. Dazwischen liegen hohe P\u00e4sse, zum Teil \u00fcber 3000m hoch. Dementsprechend ist die Tour sehr anstrengend mit Aufstiegen von ca. 1300m und manchmal noch l\u00e4ngeren Abstiegen von bis zu 1600m. Trotz der sicher sehr eindr\u00fccklichen Landschaft hatte ich bis jetzt es nicht gewagt es als Clubtour anzubieten, aber ein Teilnehmer hat mich ermuntert es zu machen, und mich freundlicherweise mit den n\u00f6tigen Karten und F\u00fchrern versorgt. Die Ausschreibung hat doch 11 Personen angelockt, wovon 8 schon bei der Alta Via Uno dabei waren.Damals haben wir die etwas langwierige Reise mit dem \u00f6ffentlichen Verkehrsmittel und Uebernachtung in Aosta zum Anfangspunkt unserer Wanderung genommen. Ich hatte es dieses Jahr auch so geplant bis es mir einfiel ( nach unserer Walliserwanderung) dass wir mit Hilfe eines privaten Taxibusses in einem Tag zum Anfangspunkt der Route gelangen k\u00f6nnten. Die extra Fahrtkosten ab Martigny waren nicht mehr als die gesparten Uebernachtungskosten. Es hat so tats\u00e4chlich bestens funktionert und wir kamen bei sch\u00f6nstem Wetter schon um 12.00 in Valnontey 2km hinter Cogne an. Nach einer kurzen Verpflegungspause machten wir uns auf dem Weg zum Refugio Vittorio Sella, ein leichter Aufstieg von \u201anur\u2019 917m.<strong>\u00a0<\/strong><\/td>\n<\/tr>\n<tr>\n<td width=\"411\" valign=\"top\"><strong>\u00a0<img decoding=\"async\" class=\"ngg-singlepic ngg-none\" src=\"http:\/\/adrianwood.ch\/wp-content\/gallery\/alta-via-due21\/image001_r4.jpg\" alt=\"image001_r4\" \/><\/strong><\/td>\n<td width=\"411\" valign=\"top\"><strong>\u00a0<img decoding=\"async\" class=\"ngg-singlepic ngg-none\" src=\"http:\/\/adrianwood.ch\/wp-content\/gallery\/alta-via-due21\/image003_r4.jpg\" alt=\"image003_r4\" \/><\/strong><\/td>\n<\/tr>\n<tr>\n<td colspan=\"2\" width=\"821\" valign=\"top\">Wir stiegen gem\u00fctlich zuerst durch lichten L\u00e4rchenwald und dann in grossen Serpentinen durch grossfl\u00e4chige Weiden. Nach dem Ueberqueren eines Gebirgsbachs auf einer Holzbr\u00fccke und einer weiteren Steigung, erreichten wir schon um 16.00 der Bergh\u00fctte und das Haus des Parkw\u00e4chters in einer flachen Mulde. Es war unsere einzige richtige H\u00fctten\u00fcbernachtung, aber doch angenehm weil wir gen\u00fcgend Platz in einem Zimmer f\u00fcr uns allein hatten. Die Sanit\u00e4reinrichtungen wurden aber vom manchem Teilnehmer(innen) bem\u00e4ngelt. Es blieb noch viel Zeit es uns bequem zu machen in der Sonne und ein (oder mehrere) Bier(e) zu trinken. Nach dem Abendessen konnte man in der Ferne Gruppen von Steinb\u00f6cken beobachten und der aufgehende Mond am wolkenlosen Himmel lies uns auf gutes Wetter f\u00fcr morgen hoffen. Der Col Loson, unser h\u00f6chster Pass\u00fcbergang (3300m.) stand bevor.<\/td>\n<\/tr>\n<tr>\n<td width=\"411\" valign=\"top\"><strong>\u00a0<img decoding=\"async\" class=\"ngg-singlepic ngg-none\" src=\"http:\/\/adrianwood.ch\/wp-content\/gallery\/alta-via-due21\/image005_r4.jpg\" alt=\"image005_r4\" \/><\/strong><\/td>\n<td width=\"411\" valign=\"top\"><strong>\u00a0<img decoding=\"async\" class=\"ngg-singlepic ngg-none\" src=\"http:\/\/adrianwood.ch\/wp-content\/gallery\/alta-via-due21\/image007_r4.jpg\" alt=\"image007_r4\" \/><\/strong><\/td>\n<\/tr>\n<tr>\n<td colspan=\"2\" width=\"821\" valign=\"top\">\u00a0<\/td>\n<\/tr>\n<tr>\n<td width=\"411\" valign=\"top\"><strong>\u00a0<img decoding=\"async\" class=\"ngg-singlepic ngg-none\" src=\"http:\/\/adrianwood.ch\/wp-content\/gallery\/alta-via-due21\/image009_r4.jpg\" alt=\"image009_r4\" \/><\/strong><\/td>\n<td width=\"411\" valign=\"top\">Bei Sonnenaufgang war der Himmel immer noch wolkenlos, ausser ein paar Nebelschwaden im Tal. Wir erreichten alle problemlos die Passh\u00f6he (715m Aufstieg). Kurz davor, im anspruchvollsten Teil des Weges, k<strong>\u00a0<\/strong>onnte ich ein Steinbockjunges das seine Mutte suchte, aus der N\u00e4he beobachten. Im mittleren Teil des langen Abstiegs(1641m.) hatte ich die Geglegen-heit Apollofalter auf den vielen sch\u00f6nen Alpen-blumen zu photographieren. Alles andere steht im dem folgenden Bericht \u00fcber diesen herrlichen Tag.Am n\u00e4chsten Tag h\u00e4tten wir noch einen 3000m hohen Pass besteigen sollen (1344m Aufstieg). Leider meldete die Wetterprognose Regen und weil der Abstieg im Wanderf\u00fchrer als steil, schlammig und ausgesetzt beschrieben wurde, bin ich dem Rat der jungen Empfangsdame in der Hostellerie du\u00a0<strong>\u00a0<\/strong>Paradis, Eaux Rousses gefolgt und habe die Passwanderung abgesagt.<\/td>\n<\/tr>\n<tr>\n<td colspan=\"2\" width=\"821\" valign=\"top\">Wir konnten gleich mit dem Bus das Tal hinunterfahren bis zum Punkt wo es mit dem n\u00e4chste Tal zusammen-kommt, aber der n\u00e4chste Bus das andere Tal hinauf war erst in 5 Stunden zu erwarten! Gl\u00fccklicherweise gab es die M\u00f6glichkeit auf sch\u00f6nen Waldpfaden einige Kilometer in das andere Tal hinein zu wandern. Es regnete gerade nicht und man konnte sogar etwas blauen Himmel \u00fcber dem Aostatal sehen.<strong>\u00a0<\/strong><\/td>\n<\/tr>\n<tr>\n<td width=\"411\" valign=\"top\"><strong>\u00a0<img decoding=\"async\" class=\"ngg-singlepic ngg-none\" src=\"http:\/\/adrianwood.ch\/wp-content\/gallery\/alta-via-due21\/image011_r4.jpg\" alt=\"image011_r4\" \/><\/strong><\/td>\n<td width=\"411\" valign=\"top\"><strong>\u00a0<img decoding=\"async\" class=\"ngg-singlepic ngg-none\" src=\"http:\/\/adrianwood.ch\/wp-content\/gallery\/alta-via-due21\/image013_r4.jpg\" alt=\"image013_r4\" \/><\/strong><\/td>\n<\/tr>\n<tr>\n<td colspan=\"2\" width=\"821\" valign=\"top\">Wir liefen los und machten die erste Pause einige Hundert Meter h\u00f6her bei einer Waldh\u00fctte. Kurz danach war schon Mittagspause und es fing doch leicht zu regnen an. Trotzdem sind wir beim Abstieg im Wald nicht wirklich nass geworden und hatten sogar Zeit Himbeeren zu pfl\u00fccken. Aber als wir im Bus unseren Zielort Rhemes-Notre-Dame erreichten regnete es heftig und alle waren froh die sch\u00f6nen Zimmer vom Hotel Boule de Neige<strong> <\/strong>gleich beziehen zu k\u00f6nnen. Manche von uns machten eine Einkaufstour zum n\u00e4chsten Teil des Dorfs als der Regen etwas aufh\u00f6rte, aber die Berge um das Tal herum blieben die ganze Zeit von Wolken umh\u00fcllt.<\/td>\n<\/tr>\n<tr>\n<td width=\"411\" valign=\"top\">Schreck! Bei unserer R\u00fcckkehr hiess es wir m\u00fcssten unsere Zimmer verlassen, wir seien die falsche Gruppe! Wegen einem Missverst\u00e4ndnis gab es f\u00fcr uns keine Reservation, aber es wurden Zimmer im anderen Dorfteil f\u00fcr uns gefunden. Nach einem ausgezeichneten Abendessen im ersten Hotel wurden wir dorthin gebracht und der Tag ging schliesslich doch glimpflich zu Ende. Die Prognose f\u00fcr den kommenden Tag war gut. Es hat mir sehr gefreut, dass wir, ausser diesem Pass am verregnetem Tag, die ganze anspruchvolle Tour geschafft haben. Alle haben es toll gemeistert und ich danke allen f\u00fcr ihre Kameradschaft. Besonders danke ich denjenigen die mir bei der Leitung, Organisation und Durchf\u00fchrung geholfen haben: Ulrich Onken, Wolfgang Schwer, Toni Jost und Hanspeter Kriemler (der nicht selber auf der Tour dabei war).\u00a0\u00a0\u00a0\u00a0\u00a0\u00a0\u00a0\u00a0\u00a0\u00a0\u00a0\u00a0\u00a0\u00a0\u00a0\u00a0\u00a0 Adrian<\/td>\n<td width=\"411\" valign=\"top\"><strong>\u00a0<img decoding=\"async\" class=\"ngg-singlepic ngg-none\" src=\"http:\/\/adrianwood.ch\/wp-content\/gallery\/alta-via-due21\/image015_r4.jpg\" alt=\"image015_r4\" \/><\/strong><\/td>\n<\/tr>\n<\/tbody>\n<\/table>\n","protected":false},"excerpt":{"rendered":"<p>Alta Via Due, Einf\u00fchrung, 22.8.Cogne \u2013 Refugio Vittorio Sella und 24.8. Regentag Vor f\u00fcnf Jahren haben wir die Alta Via Uno Route entlang der Nordseite des Aostatals gemacht, und es war naheliegend gewesen die Alta Via Due entlang der S\u00fcdseite als unsere n\u00e4chste Trekkingwoche im Angriff zu nehmen. Die Alta Via Due liegt gr\u00f6sstenteils im &hellip; <a href=\"https:\/\/www.adrianwood.ch\/?page_id=591\" class=\"more-link\">Continue reading <span class=\"screen-reader-text\">08-22 Einf\u00fchrung<\/span> <span class=\"meta-nav\">&rarr;<\/span><\/a><\/p>\n","protected":false},"author":1,"featured_media":0,"parent":586,"menu_order":1772,"comment_status":"closed","ping_status":"closed","template":"","meta":{"ngg_post_thumbnail":0,"footnotes":""},"class_list":["post-591","page","type-page","status-publish","hentry"],"_links":{"self":[{"href":"https:\/\/www.adrianwood.ch\/index.php?rest_route=\/wp\/v2\/pages\/591","targetHints":{"allow":["GET"]}}],"collection":[{"href":"https:\/\/www.adrianwood.ch\/index.php?rest_route=\/wp\/v2\/pages"}],"about":[{"href":"https:\/\/www.adrianwood.ch\/index.php?rest_route=\/wp\/v2\/types\/page"}],"author":[{"embeddable":true,"href":"https:\/\/www.adrianwood.ch\/index.php?rest_route=\/wp\/v2\/users\/1"}],"replies":[{"embeddable":true,"href":"https:\/\/www.adrianwood.ch\/index.php?rest_route=%2Fwp%2Fv2%2Fcomments&post=591"}],"version-history":[{"count":0,"href":"https:\/\/www.adrianwood.ch\/index.php?rest_route=\/wp\/v2\/pages\/591\/revisions"}],"up":[{"embeddable":true,"href":"https:\/\/www.adrianwood.ch\/index.php?rest_route=\/wp\/v2\/pages\/586"}],"wp:attachment":[{"href":"https:\/\/www.adrianwood.ch\/index.php?rest_route=%2Fwp%2Fv2%2Fmedia&parent=591"}],"curies":[{"name":"wp","href":"https:\/\/api.w.org\/{rel}","templated":true}]}}

08-22 Einführung

<h3>Alta Via Due, Einführung, 22.8.Cogne – Refugio Vittorio Sella und 24.8. Regentag</h3>
<table border="0" cellspacing="0" cellpadding="0">
<tbody>
<tr>
<td colspan="2" width="821" valign="top">Vor fünf Jahren haben wir die Alta Via Uno Route entlang der Nordseite des Aostatals gemacht, und es war naheliegend gewesen die Alta Via Due entlang der Südseite als unsere nächste Trekkingwoche im Angriff zu nehmen. Die Alta Via Due liegt grösstenteils im Grandparadiso Nationalpark und durchquert mehrere tiefe Seitentäler. Dazwischen liegen hohe Pässe, zum Teil über 3000m hoch. Dementsprechend ist die Tour sehr anstrengend mit Aufstiegen von ca. 1300m und manchmal noch längeren Abstiegen von bis zu 1600m. Trotz der sicher sehr eindrücklichen Landschaft hatte ich bis jetzt es nicht gewagt es als Clubtour anzubieten, aber ein Teilnehmer hat mich ermuntert es zu machen, und mich freundlicherweise mit den nötigen Karten und Führern versorgt. Die Ausschreibung hat doch 11 Personen angelockt, wovon 8 schon bei der Alta Via Uno dabei waren.Damals haben wir die etwas langwierige Reise mit dem öffentlichen Verkehrsmittel und Uebernachtung in Aosta zum Anfangspunkt unserer Wanderung genommen. Ich hatte es dieses Jahr auch so geplant bis es mir einfiel ( nach unserer Walliserwanderung) dass wir mit Hilfe eines privaten Taxibusses in einem Tag zum Anfangspunkt der Route gelangen könnten. Die extra Fahrtkosten ab Martigny waren nicht mehr als die gesparten Uebernachtungskosten. Es hat so tatsächlich bestens funktionert und wir kamen bei schönstem Wetter schon um 12.00 in Valnontey 2km hinter Cogne an. Nach einer kurzen Verpflegungspause machten wir uns auf dem Weg zum Refugio Vittorio Sella, ein leichter Aufstieg von ‚nur’ 917m.<strong> </strong></td>
</tr>
<tr>
<td width="411" valign="top"><strong> <img decoding="async" class="ngg-singlepic ngg-none" src="http://adrianwood.ch/wp-content/gallery/alta-via-due21/image001_r4.jpg" alt="image001_r4" /></strong></td>
<td width="411" valign="top"><strong> <img decoding="async" class="ngg-singlepic ngg-none" src="http://adrianwood.ch/wp-content/gallery/alta-via-due21/image003_r4.jpg" alt="image003_r4" /></strong></td>
</tr>
<tr>
<td colspan="2" width="821" valign="top">Wir stiegen gemütlich zuerst durch lichten Lärchenwald und dann in grossen Serpentinen durch grossflächige Weiden. Nach dem Ueberqueren eines Gebirgsbachs auf einer Holzbrücke und einer weiteren Steigung, erreichten wir schon um 16.00 der Berghütte und das Haus des Parkwächters in einer flachen Mulde. Es war unsere einzige richtige Hüttenübernachtung, aber doch angenehm weil wir genügend Platz in einem Zimmer für uns allein hatten. Die Sanitäreinrichtungen wurden aber vom manchem Teilnehmer(innen) bemängelt. Es blieb noch viel Zeit es uns bequem zu machen in der Sonne und ein (oder mehrere) Bier(e) zu trinken. Nach dem Abendessen konnte man in der Ferne Gruppen von Steinböcken beobachten und der aufgehende Mond am wolkenlosen Himmel lies uns auf gutes Wetter für morgen hoffen. Der Col Loson, unser höchster Passübergang (3300m.) stand bevor.</td>
</tr>
<tr>
<td width="411" valign="top"><strong> <img decoding="async" class="ngg-singlepic ngg-none" src="http://adrianwood.ch/wp-content/gallery/alta-via-due21/image005_r4.jpg" alt="image005_r4" /></strong></td>
<td width="411" valign="top"><strong> <img decoding="async" class="ngg-singlepic ngg-none" src="http://adrianwood.ch/wp-content/gallery/alta-via-due21/image007_r4.jpg" alt="image007_r4" /></strong></td>
</tr>
<tr>
<td colspan="2" width="821" valign="top"> </td>
</tr>
<tr>
<td width="411" valign="top"><strong> <img decoding="async" class="ngg-singlepic ngg-none" src="http://adrianwood.ch/wp-content/gallery/alta-via-due21/image009_r4.jpg" alt="image009_r4" /></strong></td>
<td width="411" valign="top">Bei Sonnenaufgang war der Himmel immer noch wolkenlos, ausser ein paar Nebelschwaden im Tal. Wir erreichten alle problemlos die Passhöhe (715m Aufstieg). Kurz davor, im anspruchvollsten Teil des Weges, k<strong> </strong>onnte ich ein Steinbockjunges das seine Mutte suchte, aus der Nähe beobachten. Im mittleren Teil des langen Abstiegs(1641m.) hatte ich die Geglegen-heit Apollofalter auf den vielen schönen Alpen-blumen zu photographieren. Alles andere steht im dem folgenden Bericht über diesen herrlichen Tag.Am nächsten Tag hätten wir noch einen 3000m hohen Pass besteigen sollen (1344m Aufstieg). Leider meldete die Wetterprognose Regen und weil der Abstieg im Wanderführer als steil, schlammig und ausgesetzt beschrieben wurde, bin ich dem Rat der jungen Empfangsdame in der Hostellerie du <strong> </strong>Paradis, Eaux Rousses gefolgt und habe die Passwanderung abgesagt.</td>
</tr>
<tr>
<td colspan="2" width="821" valign="top">Wir konnten gleich mit dem Bus das Tal hinunterfahren bis zum Punkt wo es mit dem nächste Tal zusammen-kommt, aber der nächste Bus das andere Tal hinauf war erst in 5 Stunden zu erwarten! Glücklicherweise gab es die Möglichkeit auf schönen Waldpfaden einige Kilometer in das andere Tal hinein zu wandern. Es regnete gerade nicht und man konnte sogar etwas blauen Himmel über dem Aostatal sehen.<strong> </strong></td>
</tr>
<tr>
<td width="411" valign="top"><strong> <img decoding="async" class="ngg-singlepic ngg-none" src="http://adrianwood.ch/wp-content/gallery/alta-via-due21/image011_r4.jpg" alt="image011_r4" /></strong></td>
<td width="411" valign="top"><strong> <img decoding="async" class="ngg-singlepic ngg-none" src="http://adrianwood.ch/wp-content/gallery/alta-via-due21/image013_r4.jpg" alt="image013_r4" /></strong></td>
</tr>
<tr>
<td colspan="2" width="821" valign="top">Wir liefen los und machten die erste Pause einige Hundert Meter höher bei einer Waldhütte. Kurz danach war schon Mittagspause und es fing doch leicht zu regnen an. Trotzdem sind wir beim Abstieg im Wald nicht wirklich nass geworden und hatten sogar Zeit Himbeeren zu pflücken. Aber als wir im Bus unseren Zielort Rhemes-Notre-Dame erreichten regnete es heftig und alle waren froh die schönen Zimmer vom Hotel Boule de Neige<strong> </strong>gleich beziehen zu können. Manche von uns machten eine Einkaufstour zum nächsten Teil des Dorfs als der Regen etwas aufhörte, aber die Berge um das Tal herum blieben die ganze Zeit von Wolken umhüllt.</td>
</tr>
<tr>
<td width="411" valign="top">Schreck! Bei unserer Rückkehr hiess es wir müssten unsere Zimmer verlassen, wir seien die falsche Gruppe! Wegen einem Missverständnis gab es für uns keine Reservation, aber es wurden Zimmer im anderen Dorfteil für uns gefunden. Nach einem ausgezeichneten Abendessen im ersten Hotel wurden wir dorthin gebracht und der Tag ging schliesslich doch glimpflich zu Ende. Die Prognose für den kommenden Tag war gut. Es hat mir sehr gefreut, dass wir, ausser diesem Pass am verregnetem Tag, die ganze anspruchvolle Tour geschafft haben. Alle haben es toll gemeistert und ich danke allen für ihre Kameradschaft. Besonders danke ich denjenigen die mir bei der Leitung, Organisation und Durchführung geholfen haben: Ulrich Onken, Wolfgang Schwer, Toni Jost und Hanspeter Kriemler (der nicht selber auf der Tour dabei war).                  Adrian</td>
<td width="411" valign="top"><strong> <img decoding="async" class="ngg-singlepic ngg-none" src="http://adrianwood.ch/wp-content/gallery/alta-via-due21/image015_r4.jpg" alt="image015_r4" /></strong></td>
</tr>
</tbody>
</table>

<p>Alta Via Due, Einführung, 22.8.Cogne – Refugio Vittorio Sella und 24.8. Regentag Vor fünf Jahren haben wir die Alta Via Uno Route entlang der Nordseite des Aostatals gemacht, und es war naheliegend gewesen die Alta Via Due entlang der Südseite als unsere nächste Trekkingwoche im Angriff zu nehmen. Die Alta Via Due liegt grösstenteils im &hellip; <a href="https://www.adrianwood.ch/?page_id=591" class="more-link">Continue reading <span class="screen-reader-text">08-22 Einführung</span> <span class="meta-nav">&rarr;</span></a></p>
