{"id":609,"date":"2011-01-28T19:07:22","date_gmt":"2011-01-28T18:07:22","guid":{"rendered":"http:\/\/adrianwood.ch\/"},"modified":"2011-01-28T19:07:22","modified_gmt":"2011-01-28T18:07:22","slug":"08-26-valgrisenche","status":"publish","type":"page","link":"https:\/\/www.adrianwood.ch\/?page_id=609","title":{"rendered":"08-26 Valgrisenche"},"content":{"rendered":"<h3>26. August, Ruhetag, Valgrisenche &#8211; Arp-Vieille<\/h3>\n<table border=\"0\" cellspacing=\"0\" cellpadding=\"0\">\n<tbody>\n<tr>\n<td colspan=\"2\" width=\"849\" valign=\"top\">Eigentlich w\u00e4re heute Ruhetag angesagt. Aber wir liessen es uns nicht nehmen, diese sch\u00f6ne, wilde Gegend zu erkunden. Petrus zauberte einen herrlich sch\u00f6nen Sommertag in die Landschaft. Etwas sp\u00e4ter als \u00fcblich verliess eine muntere Schar die Unterkunft.In Valgrisenche besichtigten wir zuerst das Dorf und dann die Kirche. Letztere besitzt eine wertvolle Orgel aus dem 19. Jahrhundert. Danach kauften wir Proviant f\u00fcr den n\u00e4chsten Tag ein.<\/td>\n<\/tr>\n<tr>\n<td width=\"425\" valign=\"top\">\u00a0<img decoding=\"async\" class=\"ngg-singlepic ngg-none\" src=\"http:\/\/adrianwood.ch\/wp-content\/gallery\/alta-via-due26\/image001_r4.jpg\" alt=\"image001_r4\" \/><\/td>\n<td width=\"424\" valign=\"top\">\u00a0<img decoding=\"async\" class=\"ngg-singlepic ngg-none\" src=\"http:\/\/adrianwood.ch\/wp-content\/gallery\/alta-via-due26\/image003_r4.jpg\" alt=\"image003_r4\" \/><\/td>\n<\/tr>\n<tr>\n<td colspan=\"2\" width=\"849\" valign=\"top\">Um 10:30 Uhr war Abmarsch. Einmal mehr ging es steil bergauf. Wir h\u00f6rten noch lange den L\u00e4rm der Baumaschinen. War das etwa der Grund, dass die Gruppe im Fluchttempo den Berg hochraste? Schon nach kurzer Zeit verloren wir die Spitze, auf Nimmerwiedersehen bis am Abend. Der Weg Nr.17 kam an einem Klettergarten vorbei, wo wir Kletterer beobachten konnten. Der Weg wurde sanfter und ich genoss den sch\u00f6nen Lerchenwald, mit dem gut erhaltenen R\u00f6merweg. Im 13. Jahrhundert wurde dieser Gebirgspass \u201e Col Du Mont\u201c rege benutzt. Es war die Verbindung nach Savoyen.<\/td>\n<\/tr>\n<tr>\n<td width=\"425\" valign=\"top\">\u00a0<img decoding=\"async\" class=\"ngg-singlepic ngg-none\" src=\"http:\/\/adrianwood.ch\/wp-content\/gallery\/alta-via-due26\/image005_r4.jpg\" alt=\"image005_r4\" \/><a class=\"shutterset_\" href=\"http:\/\/adrianwood.ch\/wp-content\/gallery\/alta-via-due26\/image005_r4.jpg\"><\/a><\/td>\n<td width=\"424\" valign=\"top\">\u00a0<img decoding=\"async\" class=\"ngg-singlepic ngg-none\" src=\"http:\/\/adrianwood.ch\/wp-content\/gallery\/alta-via-due26\/image007_r4.jpg\" alt=\"image007_r4\" \/><\/td>\n<\/tr>\n<tr>\n<td width=\"425\" valign=\"top\">\u00a0<img decoding=\"async\" class=\"ngg-singlepic ngg-none\" src=\"http:\/\/adrianwood.ch\/wp-content\/gallery\/alta-via-due26\/image009_r4.jpg\" alt=\"image009_r4\" \/><\/td>\n<td width=\"424\" valign=\"top\">Auf einem Plateau machten wir ausgiebig Mittagsrast. Wir hatten gute Sicht auf den steilen Pass-\u00dcbergang von gestern. So konnten wir alles in Ruhe Revue passieren lassen. Speziell genossen wir die sch\u00f6ne Aussicht auf Monte Rosa und Matterhorn.Nach dem gem\u00fctlichen H\u00f6henweg ging es wieder steil hinunter, vorbei an einer grossen Alp, nach Bonne und Valgrisenche. Wohl verdient genossen wir die k\u00fchlen Getr\u00e4nke.\u00a0<\/p>\n<p>Adrian geb\u00fchrt auf diesem Weg ein herzliches Dankesch\u00f6n.\u00a0\u00a0\u00a0\u00a0\u00a0\u00a0\u00a0\u00a0\u00a0\u00a0\u00a0\u00a0\u00a0\u00a0\u00a0\u00a0\u00a0\u00a0\u00a0\u00a0\u00a0\u00a0\u00a0\u00a0\u00a0\u00a0\u00a0 Margrit<\/td>\n<\/tr>\n<\/tbody>\n<\/table>\n","protected":false},"excerpt":{"rendered":"<p>26. August, Ruhetag, Valgrisenche &#8211; Arp-Vieille Eigentlich w\u00e4re heute Ruhetag angesagt. Aber wir liessen es uns nicht nehmen, diese sch\u00f6ne, wilde Gegend zu erkunden. Petrus zauberte einen herrlich sch\u00f6nen Sommertag in die Landschaft. Etwas sp\u00e4ter als \u00fcblich verliess eine muntere Schar die Unterkunft.In Valgrisenche besichtigten wir zuerst das Dorf und dann die Kirche. Letztere besitzt &hellip; <a href=\"https:\/\/www.adrianwood.ch\/?page_id=609\" class=\"more-link\">Continue reading <span class=\"screen-reader-text\">08-26 Valgrisenche<\/span> <span class=\"meta-nav\">&rarr;<\/span><\/a><\/p>\n","protected":false},"author":1,"featured_media":0,"parent":586,"menu_order":1775,"comment_status":"closed","ping_status":"closed","template":"","meta":{"ngg_post_thumbnail":0,"footnotes":""},"class_list":["post-609","page","type-page","status-publish","hentry"],"_links":{"self":[{"href":"https:\/\/www.adrianwood.ch\/index.php?rest_route=\/wp\/v2\/pages\/609","targetHints":{"allow":["GET"]}}],"collection":[{"href":"https:\/\/www.adrianwood.ch\/index.php?rest_route=\/wp\/v2\/pages"}],"about":[{"href":"https:\/\/www.adrianwood.ch\/index.php?rest_route=\/wp\/v2\/types\/page"}],"author":[{"embeddable":true,"href":"https:\/\/www.adrianwood.ch\/index.php?rest_route=\/wp\/v2\/users\/1"}],"replies":[{"embeddable":true,"href":"https:\/\/www.adrianwood.ch\/index.php?rest_route=%2Fwp%2Fv2%2Fcomments&post=609"}],"version-history":[{"count":0,"href":"https:\/\/www.adrianwood.ch\/index.php?rest_route=\/wp\/v2\/pages\/609\/revisions"}],"up":[{"embeddable":true,"href":"https:\/\/www.adrianwood.ch\/index.php?rest_route=\/wp\/v2\/pages\/586"}],"wp:attachment":[{"href":"https:\/\/www.adrianwood.ch\/index.php?rest_route=%2Fwp%2Fv2%2Fmedia&parent=609"}],"curies":[{"name":"wp","href":"https:\/\/api.w.org\/{rel}","templated":true}]}}

<h3>26. August, Ruhetag, Valgrisenche &#8211; Arp-Vieille</h3>
<table border="0" cellspacing="0" cellpadding="0">
<tbody>
<tr>
<td colspan="2" width="849" valign="top">Eigentlich wäre heute Ruhetag angesagt. Aber wir liessen es uns nicht nehmen, diese schöne, wilde Gegend zu erkunden. Petrus zauberte einen herrlich schönen Sommertag in die Landschaft. Etwas später als üblich verliess eine muntere Schar die Unterkunft.In Valgrisenche besichtigten wir zuerst das Dorf und dann die Kirche. Letztere besitzt eine wertvolle Orgel aus dem 19. Jahrhundert. Danach kauften wir Proviant für den nächsten Tag ein.</td>
</tr>
<tr>
<td width="425" valign="top"> <img decoding="async" class="ngg-singlepic ngg-none" src="http://adrianwood.ch/wp-content/gallery/alta-via-due26/image001_r4.jpg" alt="image001_r4" /></td>
<td width="424" valign="top"> <img decoding="async" class="ngg-singlepic ngg-none" src="http://adrianwood.ch/wp-content/gallery/alta-via-due26/image003_r4.jpg" alt="image003_r4" /></td>
</tr>
<tr>
<td colspan="2" width="849" valign="top">Um 10:30 Uhr war Abmarsch. Einmal mehr ging es steil bergauf. Wir hörten noch lange den Lärm der Baumaschinen. War das etwa der Grund, dass die Gruppe im Fluchttempo den Berg hochraste? Schon nach kurzer Zeit verloren wir die Spitze, auf Nimmerwiedersehen bis am Abend. Der Weg Nr.17 kam an einem Klettergarten vorbei, wo wir Kletterer beobachten konnten. Der Weg wurde sanfter und ich genoss den schönen Lerchenwald, mit dem gut erhaltenen Römerweg. Im 13. Jahrhundert wurde dieser Gebirgspass „ Col Du Mont“ rege benutzt. Es war die Verbindung nach Savoyen.</td>
</tr>
<tr>
<td width="425" valign="top"> <img decoding="async" class="ngg-singlepic ngg-none" src="http://adrianwood.ch/wp-content/gallery/alta-via-due26/image005_r4.jpg" alt="image005_r4" /><a class="shutterset_" href="http://adrianwood.ch/wp-content/gallery/alta-via-due26/image005_r4.jpg"></a></td>
<td width="424" valign="top"> <img decoding="async" class="ngg-singlepic ngg-none" src="http://adrianwood.ch/wp-content/gallery/alta-via-due26/image007_r4.jpg" alt="image007_r4" /></td>
</tr>
<tr>
<td width="425" valign="top"> <img decoding="async" class="ngg-singlepic ngg-none" src="http://adrianwood.ch/wp-content/gallery/alta-via-due26/image009_r4.jpg" alt="image009_r4" /></td>
<td width="424" valign="top">Auf einem Plateau machten wir ausgiebig Mittagsrast. Wir hatten gute Sicht auf den steilen Pass-Übergang von gestern. So konnten wir alles in Ruhe Revue passieren lassen. Speziell genossen wir die schöne Aussicht auf Monte Rosa und Matterhorn.Nach dem gemütlichen Höhenweg ging es wieder steil hinunter, vorbei an einer grossen Alp, nach Bonne und Valgrisenche. Wohl verdient genossen wir die kühlen Getränke. </p>
<p>Adrian gebührt auf diesem Weg ein herzliches Dankeschön.                            Margrit</td>
</tr>
</tbody>
</table>

<p>26. August, Ruhetag, Valgrisenche &#8211; Arp-Vieille Eigentlich wäre heute Ruhetag angesagt. Aber wir liessen es uns nicht nehmen, diese schöne, wilde Gegend zu erkunden. Petrus zauberte einen herrlich schönen Sommertag in die Landschaft. Etwas später als üblich verliess eine muntere Schar die Unterkunft.In Valgrisenche besichtigten wir zuerst das Dorf und dann die Kirche. Letztere besitzt &hellip; <a href="https://www.adrianwood.ch/?page_id=609" class="more-link">Continue reading <span class="screen-reader-text">08-26 Valgrisenche</span> <span class="meta-nav">&rarr;</span></a></p>
