{"id":635,"date":"2011-01-31T10:21:27","date_gmt":"2011-01-31T09:21:27","guid":{"rendered":"http:\/\/adrianwood.ch\/"},"modified":"2011-01-31T10:21:27","modified_gmt":"2011-01-31T09:21:27","slug":"einfuhrung","status":"publish","type":"page","link":"https:\/\/www.adrianwood.ch\/?page_id=635","title":{"rendered":"Einf\u00fchrung"},"content":{"rendered":"<h2>Vorbereitung und Zusammenfassung<\/h2>\n<table border=\"0\" cellspacing=\"0\" cellpadding=\"0\">\n<tbody>\n<tr>\n<td colspan=\"3\" width=\"657\" valign=\"top\">Grossbritannien noch einmal nach Schottlands \u201aHoher Norden\u2019 letztes Jahr? Wollen wir gleich wieder Regen und K\u00e4lte riskieren? W\u00e4re es nicht sch\u00f6ner die Wanderferien irgendwo im S\u00fcden mit Badem\u00f6glichkeit im Mittelmeer zu verbringen? Andererseits war es in Kreta vor zwei Jahren nicht immer so warm und trocken und einmal in Sizilien, auf dem Mount Etna, hatten wir sogar Schnee w\u00e4hrend in Basel Hitze herrschte.Der Zufall wollte es, dass ich letztes Jahr sowieso zweimal zu Besuch in Nordengland war und wir gehen am besten dorthin wo ich mich gut auskenne. Nat\u00fcrlich war es nicht so, dass ich zum erstenmal dort war. Es ist meine Heimatgegend. Sowohl der Lake District als auch die Yorkshire Dales liegen weniger als zwei Fahrstunden von Manchester, meinem Heimatort, entfernt. Beim Besuch bei meiner Schwester, Gill, in Settle und bei meinen Bruder, Peter, in einer Ferienwohnung, die er \u00f6fters mietet, unweit von Grasmere, hatte ich Gelegenheit meine Kenntnisse aus meiner Jugendzeit aufzufrischen.<\/td>\n<\/tr>\n<tr>\n<td colspan=\"2\" width=\"331\" valign=\"top\">\u00a0<img decoding=\"async\" class=\"ngg-singlepic ngg-none\" src=\"http:\/\/adrianwood.ch\/wp-content\/gallery\/nordengland08\/image002.jpg\" alt=\"image002\" \/><\/td>\n<td width=\"326\" valign=\"top\">\u00a0<img decoding=\"async\" class=\"ngg-singlepic ngg-none\" src=\"http:\/\/adrianwood.ch\/wp-content\/gallery\/nordengland08\/image004.jpg\" alt=\"image004\" \/><\/td>\n<\/tr>\n<tr>\n<td colspan=\"3\" width=\"657\" valign=\"top\">Zuerst, im Juli, konnte ich mit meiner Schwester den Pen-y-Ghent an einem sch\u00f6nen sonnigen Tag besteigen. Er ist, neben Ingleborough und Whernside, eine von dem \u201aThree Peaks\u2019 in den Yorkshire Dales, wo jedes Jahr ein bekannter Berglauf stattfindet. Sie werden deswegen auch sonst viel bestiegen und Gill hatte schon alle drei an einem Tag geschafft. Sie haben offenbar internationale Bekanntheit erreicht, weil wir uns auf dem Gipfel mit zwei Italienerinnen, die auch das herrliche Wetter genossen, unterhalten haben.<\/td>\n<\/tr>\n<tr>\n<td colspan=\"2\" width=\"331\" valign=\"top\">Ich halte nat\u00fcrlich auch Ausschau nach passenden Unterk\u00fcnften f\u00fcr die Gruppe, wenn ich die Wanderferien plane. Gerade am Ende der Strasse wo Gill wohnt, steht das schloss\u00e4hnliche Hotel\u201aFalcon Manor\u2019. Leider haben sie dort aber \u00f6fters andere Wandergruppen (der Ramblers Association) und hatten f\u00fcr uns zur gew\u00fcnschten Zeit keinen Platz. Die n\u00e4chste Wahl in Settle fiel auf den \u201aGolden Lion\u2019, mehr ein traditionelles \u201aPub\u2019 in der Dorfmitte. Die Zimmer reichten gerade f\u00fcr uns alle ausser einem, aber ich konnte bei meiner Schwester wohnen. Wir wurden sehr freundlich aufgenommen und alle waren zufrieden mit ihren unterschiedlichen Zimmern und dem Essen. Der einzige Nachteil waren die schweren Lastwagen von einem nahegelegenen Steinbruch die fr\u00fchmorgens durch das Dorf donnerten.<\/td>\n<td width=\"326\" valign=\"top\">\u00a0<img decoding=\"async\" class=\"ngg-singlepic ngg-none\" src=\"http:\/\/adrianwood.ch\/wp-content\/gallery\/nordengland08\/image006.jpg\" alt=\"image006\" \/><\/td>\n<\/tr>\n<tr>\n<td colspan=\"3\" width=\"657\" valign=\"top\">Erw\u00e4hnenswert ist auch das andere Pub im Dorf, der Talbot, wo wir einen Jazz Abend erlebten. Einige von uns haben sogar getanzt zur sichtlichen Freude der Band und zum grossem Erstaunen der Einheimischen. Unser n\u00e4chstes und letztes Hotel in den Yorkshire Dales stand ausserhalb von Hawes an einer sehr ruhigen Strasse. Das Stone House Hotel war ein gepflegtes \u201aCountry House Hotel\u2019 das einen sch\u00f6nen Abschluss unserer Ferien bildete.<\/td>\n<\/tr>\n<tr>\n<td colspan=\"2\" width=\"331\" valign=\"top\">\u00a0<img decoding=\"async\" class=\"ngg-singlepic ngg-none\" src=\"http:\/\/adrianwood.ch\/wp-content\/gallery\/nordengland08\/image008.jpg\" alt=\"image008\" \/><\/td>\n<td width=\"326\" valign=\"top\">\u00a0<img decoding=\"async\" class=\"ngg-singlepic ngg-none\" src=\"http:\/\/adrianwood.ch\/wp-content\/gallery\/nordengland08\/image010.jpg\" alt=\"image010\" \/><\/td>\n<\/tr>\n<tr>\n<td colspan=\"3\" width=\"657\" valign=\"top\">In Settle kann man sich im Dorfmuseum \u201aThe Folly\u2019, einem herrschaftlichen Haus aus dem 17.Jahrhundert, \u00fcber die, mindestens f\u00fcr Eisenbahnfans, ber\u00fchmte Settle-Carlisle Railway informieren lassen. Diese landschaftlich sch\u00f6ne Strecke mit mehreren imposanten Bauwerken, vor allem dem Ribble Viadukt, wurde fast stillgelegt und nur durch den Einsatz von Bahnenthusiasten gerettet. Ich konnte eine Fahrt auf dieser Route von Langwathby, in der Nahe von Penrith im Lake District, nach Settle in den Yorkshire Dales einplanen.<\/td>\n<\/tr>\n<tr>\n<td colspan=\"2\" width=\"331\" valign=\"top\">\u00a0<img decoding=\"async\" class=\"ngg-singlepic ngg-none\" src=\"http:\/\/adrianwood.ch\/wp-content\/gallery\/nordengland08\/image012.jpg\" alt=\"image012\" \/><\/td>\n<td width=\"326\" valign=\"top\">\u00a0<img decoding=\"async\" class=\"ngg-singlepic ngg-none\" src=\"http:\/\/adrianwood.ch\/wp-content\/gallery\/nordengland08\/image014.jpg\" alt=\"image014\" \/><\/td>\n<\/tr>\n<tr>\n<td colspan=\"3\" width=\"657\" valign=\"top\">Letztes Jahr ging es aber mit dem Auto in umgekehrter Richtung nach Skelwith Bridge nahe Grasmere, wo wir meinen Bruder trafen. Eine gem\u00fctliche Familienwanderung entlang Loughrigg Fell mit Sicht auf die Langdale Pikes, die wir als Gruppe bestiegen, brachte uns nach Ambleside. Am n\u00e4chsten Tag wurde es ernsthafter. Peter und ich hatten die Crinkle Crags, eine Reihe von f\u00fcnf kleinen felsigen Gipfeln, im Visier. Der h\u00f6chste wird \u00fcber den \u201aBad Step\u2019 eine kurze Kletterstelle erreicht. Obwohl das Wetter f\u00fcr dortige Verh\u00e4ltnisse eigentlich gut war, gab es, gerade als wir dort ankamen, Nebel und leichten Nieselregen. Wir verzichteten deswegen auf den \u201aBad Step\u2019 und machten einen Umweg auf den Gipfel. Anschliessend wanderten wir noch \u00fcber Bowfell und Esk Pike und stiegen ab ins Borrowdale, wo Ann, Peter\u2019s Frau uns abholte und nach Keswick brachte. Ich h\u00e4tte gerne Keswick besucht, wie wir es 1999 bei den ersten Lake District Wanderferien gemacht hatten, aber ich wollte auch etwas Neues im Osten des Lake Districts, beim Ullswater, f\u00fcr manche der sch\u00f6nste See, anbieten.<\/td>\n<\/tr>\n<tr>\n<td colspan=\"2\" width=\"331\" valign=\"top\">\u00a0<img decoding=\"async\" class=\"ngg-singlepic ngg-none\" src=\"http:\/\/adrianwood.ch\/wp-content\/gallery\/nordengland08\/image016.jpg\" alt=\"image016\" \/><\/td>\n<td width=\"326\" valign=\"top\">Zu diesem Zweck ging es im September wieder von Manchester nach Norden bis Glenridding am Ullswater. Der Tag war nicht nur sehr sch\u00f6n, es war auch ein Samstag, und die Wanderung, die Peter und ich machen wollten, Striding Edge am Helvellyn, ist sehr beliebt. Es geht \u00fcber einen felsigen Grat auf den dritth\u00f6chsten Berg Englands. Trotz oder vielleicht gerade wegen der vielen anderen Wanderer ist es eine sehr erlebnisreiche und kurzweilige Wanderung. Ich habe sie unter verschiedenen Verh\u00e4ltnissen mehrmals in meiner Jugend gemacht und habe es immer wieder sehr genossen. F\u00fcr die Gruppe hatten wir fast genau die gleichen Verh\u00e4ltnisse, wieder an einem Samstag. Ich hatte die Tour f\u00fcr einen Freitag geplant, aber das war der Tag mit dem schlechtesten Wetter der ganzen zwei Wochen.<\/td>\n<\/tr>\n<tr>\n<td colspan=\"2\" width=\"331\" valign=\"top\">\u00a0<img decoding=\"async\" class=\"ngg-singlepic ngg-none\" src=\"http:\/\/adrianwood.ch\/wp-content\/gallery\/nordengland08\/image018.jpg\" alt=\"image018\" \/><\/td>\n<td width=\"326\" valign=\"top\">\u00a0<img decoding=\"async\" class=\"ngg-singlepic ngg-none\" src=\"http:\/\/adrianwood.ch\/wp-content\/gallery\/nordengland08\/image020.jpg\" alt=\"image020\" \/><\/td>\n<\/tr>\n<tr>\n<td colspan=\"3\" width=\"657\" valign=\"top\">\u00a0<\/td>\n<\/tr>\n<tr>\n<td width=\"325\" valign=\"top\">\u00a0<img decoding=\"async\" class=\"ngg-singlepic ngg-none\" src=\"http:\/\/adrianwood.ch\/wp-content\/gallery\/nordengland08\/image022.jpg\" alt=\"image022\" \/><\/td>\n<td colspan=\"2\" width=\"332\" valign=\"top\">\u00a0<img decoding=\"async\" class=\"ngg-singlepic ngg-none\" src=\"http:\/\/adrianwood.ch\/wp-content\/gallery\/nordengland08\/image024.jpg\" alt=\"image024\" \/><\/td>\n<\/tr>\n<tr>\n<td colspan=\"3\" width=\"657\" valign=\"top\">Wer h\u00e4tte gedacht, dass wir praktisch jeden Tag trockenes Wetter haben w\u00fcrden? Obwohl es ein paar mal einen kurzen Regenguss gab, waren wir dann immer unter Dach und mussten nicht ein einziges mal unsere wasserdichten \u00dcberziehhosen anziehen. Normalweise sind sie ein wichtiger Bestandteil der Ausr\u00fcstung, besonders weil Regen in England \u00f6fters mit starkem Wind kombiniert ist. Wind haben wir aber doch manchmal erlebt und weil es in der ersten Woche im Lake District auf den Gipfeln ungew\u00f6hnlich kalt war, fanden wir es \u00f6fters schwierig einen gen\u00fcgend gesch\u00fctzten Platz f\u00fcr die Mittagspause zu finden. Daf\u00fcr war die Luft ungew\u00f6hnlich klar und an manchen Tagen hatten wir Sicht bis weit hinaus \u00fcber das Meer. Einmal bis zur Isle of Man und mehrmals nach Schottland.<\/td>\n<\/tr>\n<tr>\n<td width=\"325\" valign=\"top\">\u00a0<img decoding=\"async\" class=\"ngg-singlepic ngg-none\" src=\"http:\/\/adrianwood.ch\/wp-content\/gallery\/nordengland08\/image026.jpg\" alt=\"image026\" \/><\/td>\n<td colspan=\"2\" width=\"332\" valign=\"top\">\u00a0<img decoding=\"async\" class=\"ngg-singlepic ngg-none\" src=\"http:\/\/adrianwood.ch\/wp-content\/gallery\/nordengland08\/image028.jpg\" alt=\"image028\" \/><\/td>\n<\/tr>\n<tr>\n<td colspan=\"3\" width=\"657\" valign=\"top\">Ein Resultat des sch\u00f6nen Wetters war nat\u00fcrlich, dass wir jeden Tag die l\u00e4ngere geplante Wanderung durchgef\u00fchrt haben. Hanspeter hat die Wanderzeiten gestoppt und wir kamen fast jeden Tag auf f\u00fcnfeinhalbe reine Wanderstunden mit ca. sieben Stunden Gesamtzeit unterwegs. Im Laufe der Ferien wurde es doch langsam anstrengend und ich jedenfalls war froh um den \u201aRuhetag\u2019 als wir vom Lake District in die Yorkshire Dales gereist sind. An den meisten Tagen hat die Gruppe sich geteilt, wenn nicht gleich am Anfang, dann nach dem ersten Aufstieg. Ein meistens kleinerer Teil der Gruppe konnte dann \u00fcber eine andere Route absteigen, w\u00e4hrend der Hauptteil \u00fcber weitere Gipfel gelaufen ist.<\/td>\n<\/tr>\n<tr>\n<td width=\"325\" valign=\"top\">Alle haben dann immer unser n\u00e4chstes Hotel, den Linienbus, den Zug, oder unseren Privatbus von Kirby Lonsdale Coaches, die uns immer sehr gut bedient haben, problemlos gefunden. Einmal fuhren alle zusammen mit dem Schiff \u00fcber Ullswater zur\u00fcck zum Hotel.Auch im Lake District waren alle mit den Hotels: Red Lion in Grasmere; Old Dungeon Ghyll in Langdale und dem Glenridding Hotel in Glenridding, sehr zufrieden. Ich habe nur gute Kommentare \u00fcber die Englischen Kochk\u00fcnste geh\u00f6rt. Einmal im Lake District und einmal in den Yorkshire Dales konnte ich als \u00dcberraschung auf einem abgelegenen fr\u00fcheren Bauernhof einen englischen \u201aafternoon tea\u2019 mit Scones (ein Geb\u00e4ck), Komfi und Schlagrahm organisieren.<\/td>\n<td colspan=\"2\" width=\"332\" valign=\"top\">\u00a0<img decoding=\"async\" class=\"ngg-singlepic ngg-none\" src=\"http:\/\/adrianwood.ch\/wp-content\/gallery\/nordengland08\/image030.jpg\" alt=\"image030\" \/><\/td>\n<\/tr>\n<tr>\n<td colspan=\"3\" width=\"657\" valign=\"top\">Das Fazit ist, dass der Entscheid Grossbritannien noch einmal zu besuchen, ganz richtig war. Obwohl es doch einmal Schnee gab, fiel er nur in der Nacht, allerdings auf einen Gipfel, den wir am Vortag bestiegen hatten. Das Wetter war besser als in der Schweiz und wahrscheinlich auch besser als im Mittelmeerraum.<\/td>\n<\/tr>\n<tr>\n<td width=\"325\" valign=\"top\">Die Berge sind nicht so imposant wie in der Schweiz und das Meer war weit weg und sowieso viel zu kalt, aber die liebliche Englische Fr\u00fchlingslandschaft hat ihre ganz eigenen Reize vollumf\u00e4nglich gezeigt. Die unz\u00e4hligen Schafe mit ihren zum Teil ganz schwarzen L\u00e4mmern haben vor allem die Damen entz\u00fcckt. Die sattgr\u00fcnen Wiesen, oft mit grossen alleinstehenden B\u00e4umen, und umrahmt von vielen eindr\u00fccklichen alten Steinmauern, gaben einen starken Kontrast zu den rauen Berge mit ihren weiten Hochmooren und dunklen Felsen. Alles wurde beleuchtet von einem st\u00e4ndig wechselnden Gemisch von sanften Sonnenstrahlen und schnell vor\u00fcberziehenden Wolken.<\/td>\n<td colspan=\"2\" width=\"332\" valign=\"top\">\u00a0<img decoding=\"async\" class=\"ngg-singlepic ngg-none\" src=\"http:\/\/adrianwood.ch\/wp-content\/gallery\/nordengland08\/image032.jpg\" alt=\"image032\" \/><\/td>\n<\/tr>\n<tr>\n<td width=\"325\" valign=\"top\">\u00a0<img decoding=\"async\" class=\"ngg-singlepic ngg-none\" src=\"http:\/\/adrianwood.ch\/wp-content\/gallery\/nordengland08\/image034.jpg\" alt=\"image034\" \/><\/td>\n<td colspan=\"2\" width=\"332\" valign=\"top\">Zum Schluss m\u00f6chte ich die sch\u00f6nen Worte einer der Teilnehmerinnen wiedergeben:<em>\u201aF\u00fcr mich waren es traumhafte Ferien. Es hat einfach alles gestimmt. Ich m\u00f6chte Dir nochmals ganz herzlich danken f\u00fcr die umsichtige Planung und Leitung vor und w\u00e4hrend unserer Wanderungen. Auch die Hotelwahl fand ich prima.\u2019 <\/em>\u00a0Meinerseits danke ich den Teilnehmer\/innen f\u00fcr ihr Vertrauen und ihre Kameradschaft und nat\u00fcrlich auch f\u00fcr das Geschenk am Ende der Ferien. Ich habe das Old Dungeon Ghyll Hotel gebeten mir eines der im Speisezimmer zum Verkauf stehenden Gem\u00e4lde zu schicken. Es ist ein Aquarell von einem Fluss mit Sicht auf die Langdale Pikes im Hintergrund.\u00a0\u00a0\u00a0\u00a0\u00a0 \u00a0Adrian<\/td>\n<\/tr>\n<tr height=\"0\">\n<td width=\"325\">\u00a0<\/td>\n<td width=\"6\">\u00a0<\/td>\n<td width=\"326\">\u00a0<\/td>\n<\/tr>\n<\/tbody>\n<\/table>\n<h2>8. \u2013 22. Mai 2010,\u00a0 Nordengland: Lake District und Yorkshire Dales<\/h2>\n<h2>Auswertung der GPS Aufzeichnungen von Hanspeter Sauter<\/h2>\n<table border=\"1\" cellspacing=\"0\" cellpadding=\"0\">\n<tbody>\n<tr>\n<td width=\"57\" valign=\"top\">Datum<\/td>\n<td width=\"167\" valign=\"top\">Start<\/td>\n<td width=\"143\" valign=\"top\">Zwischenziel<\/td>\n<td width=\"167\" valign=\"top\">Ziel<\/td>\n<td width=\"92\" valign=\"top\">gesamte Dauer<\/td>\n<td width=\"94\" valign=\"top\">gesamte Marschzeit<\/td>\n<td width=\"92\" valign=\"top\">Strecken-l\u00e4nge\u00a0 km<\/td>\n<td width=\"75\" valign=\"top\">Aufstiegm<\/td>\n<td width=\"74\" valign=\"top\">Abstiegm<\/td>\n<\/tr>\n<tr>\n<td width=\"57\" valign=\"top\">9.<\/td>\n<td width=\"167\" valign=\"top\">Grasmere<\/td>\n<td width=\"143\" valign=\"top\">Fairfield<\/td>\n<td width=\"167\" valign=\"top\">Ambleside<\/td>\n<td width=\"92\" valign=\"top\">7 h 13 min<\/td>\n<td width=\"94\" valign=\"top\">5 h 44 min<\/td>\n<td width=\"92\" valign=\"top\">15.3<\/td>\n<td width=\"75\" valign=\"top\">990<\/td>\n<td width=\"74\" valign=\"top\">975<\/td>\n<\/tr>\n<tr>\n<td width=\"57\" valign=\"top\">10.<\/td>\n<td width=\"167\" valign=\"top\">Grasmere<\/td>\n<td width=\"143\" valign=\"top\">Langdale Pikes<\/td>\n<td width=\"167\" valign=\"top\">Old Dungeon Ghyll Hotel<\/td>\n<td width=\"92\" valign=\"top\">7 h 37 min<\/td>\n<td width=\"94\" valign=\"top\">5 h 49 min<\/td>\n<td width=\"92\" valign=\"top\">13.7<\/td>\n<td width=\"75\" valign=\"top\">935<\/td>\n<td width=\"74\" valign=\"top\">890<\/td>\n<\/tr>\n<tr>\n<td width=\"57\" valign=\"top\">11.<\/td>\n<td width=\"167\" valign=\"top\">Old Dungeon Ghyll Hotel<\/td>\n<td width=\"143\" valign=\"top\">Crinkle Crags<\/td>\n<td width=\"167\" valign=\"top\">Old Dungeon Ghyll Hotel<\/td>\n<td width=\"92\" valign=\"top\">7 h 07 min<\/td>\n<td width=\"94\" valign=\"top\">5 h 39 min<\/td>\n<td width=\"92\" valign=\"top\">12.0<\/td>\n<td width=\"75\" valign=\"top\">852<\/td>\n<td width=\"74\" valign=\"top\">852<\/td>\n<\/tr>\n<tr>\n<td width=\"57\" valign=\"top\">12.<\/td>\n<td width=\"167\" valign=\"top\">Old Dungeon Ghyll Hotel<\/td>\n<td width=\"143\" valign=\"top\">Lingmoor Fell<\/td>\n<td width=\"167\" valign=\"top\">Coniston<\/td>\n<td width=\"92\" valign=\"top\">8 h 07 min<\/td>\n<td width=\"94\" valign=\"top\">5 h 35 min<\/td>\n<td width=\"92\" valign=\"top\">17.0<\/td>\n<td width=\"75\" valign=\"top\">751<\/td>\n<td width=\"74\" valign=\"top\">786<\/td>\n<\/tr>\n<tr>\n<td width=\"57\" valign=\"top\">13.<\/td>\n<td width=\"167\" valign=\"top\">Kirkstone Pass<\/td>\n<td width=\"143\" valign=\"top\">High Street<\/td>\n<td width=\"167\" valign=\"top\">Glenridding<\/td>\n<td width=\"92\" valign=\"top\">6 h 43 min<\/td>\n<td width=\"94\" valign=\"top\">5 h 28 min<\/td>\n<td width=\"92\" valign=\"top\">16.4<\/td>\n<td width=\"75\" valign=\"top\">794<\/td>\n<td width=\"74\" valign=\"top\">1086<\/td>\n<\/tr>\n<tr>\n<td width=\"57\" valign=\"top\">14.<\/td>\n<td width=\"167\" valign=\"top\">Glenridding<\/td>\n<td width=\"143\" valign=\"top\">Ullswateruferweg<\/td>\n<td width=\"167\" valign=\"top\">Howtown<\/td>\n<td width=\"92\" valign=\"top\">4 h 05 min<\/td>\n<td width=\"94\" valign=\"top\">3 h 15 min<\/td>\n<td width=\"92\" valign=\"top\">10.9<\/td>\n<td width=\"75\" valign=\"top\">291<\/td>\n<td width=\"74\" valign=\"top\">323<\/td>\n<\/tr>\n<tr>\n<td width=\"57\" valign=\"top\">15.<\/td>\n<td width=\"167\" valign=\"top\">Glenridding<\/td>\n<td width=\"143\" valign=\"top\">Helvellyn<\/td>\n<td width=\"167\" valign=\"top\">Glenridding<\/td>\n<td width=\"92\" valign=\"top\">7 h 46 min<\/td>\n<td width=\"94\" valign=\"top\">5 h 42 min<\/td>\n<td width=\"92\" valign=\"top\">14.0<\/td>\n<td width=\"75\" valign=\"top\">1045<\/td>\n<td width=\"74\" valign=\"top\">1045<\/td>\n<\/tr>\n<tr>\n<td width=\"57\" valign=\"top\">16.<\/td>\n<td width=\"167\" valign=\"top\">&#8211;<\/td>\n<td width=\"143\" valign=\"top\">&#8211;<\/td>\n<td width=\"167\" valign=\"top\">&#8211;<\/td>\n<td width=\"92\" valign=\"top\">&#8212;<\/td>\n<td width=\"94\" valign=\"top\">\u00a0<\/td>\n<td width=\"92\" valign=\"top\">\u00a0<\/td>\n<td width=\"75\" valign=\"top\">\u00a0<\/td>\n<td width=\"74\" valign=\"top\">\u00a0<\/td>\n<\/tr>\n<tr>\n<td width=\"57\" valign=\"top\">17.<\/td>\n<td width=\"167\" valign=\"top\">Malham<\/td>\n<td width=\"143\" valign=\"top\">Malham Tarn<\/td>\n<td width=\"167\" valign=\"top\">Malham<\/td>\n<td width=\"92\" valign=\"top\">6 h 17 min<\/td>\n<td width=\"94\" valign=\"top\">4 h 30 min<\/td>\n<td width=\"92\" valign=\"top\">13.4<\/td>\n<td width=\"75\" valign=\"top\">290<\/td>\n<td width=\"74\" valign=\"top\">290<\/td>\n<\/tr>\n<tr>\n<td width=\"57\" valign=\"top\">18.<\/td>\n<td width=\"167\" valign=\"top\">Horton-in-Ribblesdale<\/td>\n<td width=\"143\" valign=\"top\">Pen-y-Ghent<\/td>\n<td width=\"167\" valign=\"top\">Settle<\/td>\n<td width=\"92\" valign=\"top\">6 h 42 min<\/td>\n<td width=\"94\" valign=\"top\">5 h 24 min<\/td>\n<td width=\"92\" valign=\"top\">17.7<\/td>\n<td width=\"75\" valign=\"top\">538<\/td>\n<td width=\"74\" valign=\"top\">618<\/td>\n<\/tr>\n<tr>\n<td width=\"57\" valign=\"top\">19.<\/td>\n<td width=\"167\" valign=\"top\">Hawes, Wensleydale<\/td>\n<td width=\"143\" valign=\"top\">Cotter Dale<\/td>\n<td width=\"167\" valign=\"top\">Sedbusk Hotel<\/td>\n<td width=\"92\" valign=\"top\">6 h 56 min<\/td>\n<td width=\"94\" valign=\"top\">5 h 00 min<\/td>\n<td width=\"92\" valign=\"top\">15.9<\/td>\n<td width=\"75\" valign=\"top\">386<\/td>\n<td width=\"74\" valign=\"top\">335<\/td>\n<\/tr>\n<tr>\n<td width=\"57\" valign=\"top\">20.<\/td>\n<td width=\"167\" valign=\"top\">Sedbusk Hotel<\/td>\n<td width=\"143\" valign=\"top\">Raydale<\/td>\n<td width=\"167\" valign=\"top\">Sedbusk Hotel<\/td>\n<td width=\"92\" valign=\"top\">8 h 23 min<\/td>\n<td width=\"94\" valign=\"top\">5 h 41 min<\/td>\n<td width=\"92\" valign=\"top\">18.1<\/td>\n<td width=\"75\" valign=\"top\">551<\/td>\n<td width=\"74\" valign=\"top\">544<\/td>\n<\/tr>\n<tr>\n<td width=\"57\" valign=\"top\">21.<\/td>\n<td width=\"167\" valign=\"top\">Thwaite, Swaledale<\/td>\n<td width=\"143\" valign=\"top\">Muker<\/td>\n<td width=\"167\" valign=\"top\">Gunnerside<\/td>\n<td width=\"92\" valign=\"top\">2 h 28 min<\/td>\n<td width=\"94\" valign=\"top\">2 h 16 min<\/td>\n<td width=\"92\" valign=\"top\">7.8<\/td>\n<td width=\"75\" valign=\"top\">51<\/td>\n<td width=\"74\" valign=\"top\">106<\/td>\n<\/tr>\n<\/tbody>\n<\/table>\n","protected":false},"excerpt":{"rendered":"<p>Vorbereitung und Zusammenfassung Grossbritannien noch einmal nach Schottlands \u201aHoher Norden\u2019 letztes Jahr? Wollen wir gleich wieder Regen und K\u00e4lte riskieren? W\u00e4re es nicht sch\u00f6ner die Wanderferien irgendwo im S\u00fcden mit Badem\u00f6glichkeit im Mittelmeer zu verbringen? Andererseits war es in Kreta vor zwei Jahren nicht immer so warm und trocken und einmal in Sizilien, auf dem &hellip; <a href=\"https:\/\/www.adrianwood.ch\/?page_id=635\" class=\"more-link\">Continue reading <span class=\"screen-reader-text\">Einf\u00fchrung<\/span> <span class=\"meta-nav\">&rarr;<\/span><\/a><\/p>\n","protected":false},"author":1,"featured_media":0,"parent":159,"menu_order":2363,"comment_status":"closed","ping_status":"closed","template":"","meta":{"ngg_post_thumbnail":0,"footnotes":""},"class_list":["post-635","page","type-page","status-publish","hentry"],"_links":{"self":[{"href":"https:\/\/www.adrianwood.ch\/index.php?rest_route=\/wp\/v2\/pages\/635","targetHints":{"allow":["GET"]}}],"collection":[{"href":"https:\/\/www.adrianwood.ch\/index.php?rest_route=\/wp\/v2\/pages"}],"about":[{"href":"https:\/\/www.adrianwood.ch\/index.php?rest_route=\/wp\/v2\/types\/page"}],"author":[{"embeddable":true,"href":"https:\/\/www.adrianwood.ch\/index.php?rest_route=\/wp\/v2\/users\/1"}],"replies":[{"embeddable":true,"href":"https:\/\/www.adrianwood.ch\/index.php?rest_route=%2Fwp%2Fv2%2Fcomments&post=635"}],"version-history":[{"count":0,"href":"https:\/\/www.adrianwood.ch\/index.php?rest_route=\/wp\/v2\/pages\/635\/revisions"}],"up":[{"embeddable":true,"href":"https:\/\/www.adrianwood.ch\/index.php?rest_route=\/wp\/v2\/pages\/159"}],"wp:attachment":[{"href":"https:\/\/www.adrianwood.ch\/index.php?rest_route=%2Fwp%2Fv2%2Fmedia&parent=635"}],"curies":[{"name":"wp","href":"https:\/\/api.w.org\/{rel}","templated":true}]}}