{"id":933,"date":"2011-02-11T17:48:27","date_gmt":"2011-02-11T16:48:27","guid":{"rendered":"http:\/\/adrianwood.ch\/"},"modified":"2011-02-11T17:48:27","modified_gmt":"2011-02-11T16:48:27","slug":"05-06-agios-pavlos","status":"publish","type":"page","link":"https:\/\/www.adrianwood.ch\/?page_id=933","title":{"rendered":"05-06 Agios Pavlos"},"content":{"rendered":"<h2>Dienstag, 6. Mai, Lange K\u00fcstenwanderung, Plakias \u2013 Agios Pavlos<\/h2>\n<table border=\"0\" cellspacing=\"0\" cellpadding=\"0\">\n<tbody>\n<tr>\n<td colspan=\"2\" width=\"657\" valign=\"top\">Wieder ein strahlender Tag, allerdings mit sehr viel Wind, wie bereits am Vorabend. Diverse \u00fcber Nacht auf den Balkonen aufgeh\u00e4ngte Socken wurden in der Umgebung gesucht! Fr\u00fchst\u00fcck um 07.30 im Hotel, dann Marsch mit Gep\u00e4ck bis zur gr\u00f6sseren Strasse, da der Bus nicht direkt vor das Hotel fuhr.<\/td>\n<\/tr>\n<tr>\n<td width=\"323\" valign=\"top\">Als auch Adrian als Letzter auftauchte, fuhren wir ca. 20 Minuten durch das kleine St\u00e4dtchen, dann durch Olivenhaine und Felder zum Parkplatz der Bucht von Moni Preveli. Dort verabschiedeten wir uns von Christine, Adelheid und Marijke, die es vorzogen nach Agios Pavlos zu fahren.Wir \u00fcbrigen stiegen auf dem Treppenweg zum Meer hinunter, wo uns bereits die erste Ueberraschung erwartete: wir mussten durch das Wasser zur anderen Seite der Bucht. Schuhe ausziehen, zuerst durchs seichte Wasser, dann auf mit Sand gef\u00fcllten Plastiks\u00e4cken balancieren, was sehr rutschig war. Es kamen aber alle heil ans andere Ufer und wir konnten uns auf den Liegest\u00fchlen die Schuhe wieder anziehen. Bereits dort versp\u00fcrten Bruni und ich erste Anzeichen von \u2013 elegant ausgedr\u00fcckt \u2013 Darmproblemen. Also ab in die B\u00fcsche! Als alle wieder bereit waren, wanderten wir zuerst am Strand entlang, sp\u00e4ter auf einer Naturstrasse ca. 1 Std. dem Meer entlang und bewunderten die sch\u00f6nen Blumen am Wegrand: gelber Mohn, wilde Artischocken etc.<\/td>\n<td width=\"334\" valign=\"top\">\u00a0<img decoding=\"async\" class=\"ngg-singlepic ngg-none\" src=\"http:\/\/adrianwood.ch\/wp-content\/gallery\/kreta0813\/image001_r4.jpg\" alt=\"image001_r4\" \/><\/td>\n<\/tr>\n<tr>\n<td width=\"323\" valign=\"top\">\u00a0<img decoding=\"async\" class=\"ngg-singlepic ngg-none\" src=\"http:\/\/adrianwood.ch\/wp-content\/gallery\/kreta0813\/image003_r4.jpg\" alt=\"image003_r4\" \/><\/td>\n<td width=\"334\" valign=\"top\">\u00a0<img decoding=\"async\" class=\"ngg-singlepic ngg-none\" src=\"http:\/\/adrianwood.ch\/wp-content\/gallery\/kreta0813\/image005_r4.jpg\" alt=\"image005_r4\" \/><\/td>\n<\/tr>\n<tr>\n<td colspan=\"2\" width=\"657\" valign=\"top\">\u00a0<\/td>\n<\/tr>\n<tr>\n<td width=\"323\" valign=\"top\">Am Ende der Bucht mussten wir \u00fcber grosse Stein-brocken klettern, um in die n\u00e4chste Bucht zu gelangen. Eine phantastische Kulisse aus bizarren Felsen im glasklaren Wasser bot sich uns dar. Leider verursachte das bereits erw\u00e4hnte Uebel hier schon bei mehreren Beteiligten Zwangsstops! Nach einer weiteren Stunde Wandern ordnete Adrian eine 30 min\u00fctige Badepause an: er war allerdings der einzige im Wasser, denn es windete immer noch kr\u00e4ftig. Wir anderen r\u00e4tselten \u00fcber die Ursache unserer Malaise: Fr\u00fchst\u00fcck \u2013 der Joghurt, oder doch das Abendessen \u2013 oder die Glac\u00e9 vom Vortrag? Inzwischen hatte es alle mehr oder weniger erwischt. Nach dem Aufbruch bildeten sich diverse Gruppen, die den Weg mehr oben am Hang oder unten am Meer entlang suchten. Zwischen Gestr\u00fcpp in den Sandd\u00fcnen suchte man das beste Durchkommen zur Bucht von Ligoures. Dort rasteten wir in einer Taverne und warteten auf die Gruppe mit Adrian.<\/td>\n<td width=\"334\" valign=\"top\"><img decoding=\"async\" class=\"ngg-singlepic ngg-none\" src=\"http:\/\/adrianwood.ch\/wp-content\/gallery\/kreta0813\/image007_r4.jpg\" alt=\"image007_r4\" \/><\/td>\n<\/tr>\n<tr>\n<td width=\"323\" valign=\"top\"><img decoding=\"async\" class=\"ngg-singlepic ngg-none\" src=\"http:\/\/adrianwood.ch\/wp-content\/gallery\/kreta0813\/image009_r4.jpg\" alt=\"image009_r4\" \/><\/td>\n<td width=\"334\" valign=\"top\">Allm\u00e4hlich wurde uns klar, dass auch Adrian Mittagsrast machte (irgendwo am Meer) und wir beschlossen, bis 13.30 h zu warten. Falls er bis dann nicht auftauchte, wollten wir weitergehen. Einige genossen noch ein k\u00fchles Bad, aber die meisten blieben lieber im Schatten der Taverne! P\u00fcnklich um 13.30 erschien Adrian mit Bruni, Franz, Peter und Mechthild im Schlepptau. Nun wollten sie auch noch etwas bestellen, was wiederum ein Gr\u00fcppchen veranlasste, schon mal weiterzugehen, da wir bis zum Ziel ja noch einige Stunden ben\u00f6tigen w\u00fcrden. Etwas m\u00fchsam durch Sand und Kies stapfend, sp\u00e4ter \u00fcber Steinplatten gelangten wir nach Tris Petres (3 Felsen), wo wir uns wieder besammelten. Weiter ging es hangaufw\u00e4rts zu einer Baustelle, wo wir erst mal eine Oeffnung im Drahtzaun suchen mussten. Schliesslich sahen wir ein Hinweisschild zur Taverne von Agios Pavlos (was aber noch nicht den Ort bedeutete).<\/td>\n<\/tr>\n<tr>\n<td width=\"323\" valign=\"top\">Es folgte eine Diskussion \u00fcber den einzuschlagenden Weg \u2013 die Bauarbeiter wurden auch befragt: sie deuteten die Strasse entlang. Wir vermuteten aber, dass dies ein Riesenumweg w\u00e4re; auch zeigte die Karte von Mechthild, dass unsere Route dem Strand entlang folgte. Peter und Vreni Schepperle zogen Richtung Taverne, wir anderen \u00fcber den H\u00fcgel; nach einem Abstieg wieder trafen wir wieder zusammen. Nun ging\u2019s noch steiler den Hang hinunter. Lola machte einen b\u00f6se aussehenden Sturz, gottseidank ohne Folgen. Unten angekommen, mussten wir uns durch Gestr\u00fcpp zum Bach durchschlagen, den wir alle trockenen Fusses \u00fcberqueren konnten (dank den grossen Steinen, die von den M\u00e4nnern hinein-geschmissen wurden). Endlich waren wir in der Bucht, wo uns einige Badende erstaunt ansahen. Ein kurzer, steiler Aufstieg im Sand f\u00fchrte zu leicht felsigem Gel\u00e4nde und einer Zwischensenke.<\/td>\n<td width=\"334\" valign=\"top\"><img decoding=\"async\" class=\"ngg-singlepic ngg-none\" src=\"http:\/\/adrianwood.ch\/wp-content\/gallery\/kreta0813\/image011_r4.jpg\" alt=\"image011_r4\" \/><\/td>\n<\/tr>\n<tr>\n<td width=\"323\" valign=\"top\">\u00a0<img decoding=\"async\" class=\"ngg-singlepic ngg-none\" src=\"http:\/\/adrianwood.ch\/wp-content\/gallery\/kreta0813\/image013_r4.jpg\" alt=\"DCF 1.0\" \/><\/td>\n<td width=\"334\" valign=\"top\">\u00a0<img decoding=\"async\" class=\"ngg-singlepic ngg-none\" src=\"http:\/\/adrianwood.ch\/wp-content\/gallery\/kreta0813\/image015_r4.jpg\" alt=\"DCF 1.0\" \/><\/td>\n<\/tr>\n<tr>\n<td width=\"323\" valign=\"top\">Nach deren Querung sahen wir in greifbarer N\u00e4he Agios Pavlos (ca. 3 \u2013 4 H\u00e4user) malerisch in einer Bucht gelegen. Die Bar am Weg zog mehrere durstige Wanderer magisch an, die anderen st\u00fcrmten Richtung Hotel. Dort wurden wir freundlich empfangen und erhielten unkompliziert unsere Zimmerschl\u00fcssel. Nun gab es kein Halten mehr: Ab ins Wasser! Am Strand trafen wir die bequem auf Liegest\u00fchlen ruhenden Busfahrerinnen wieder. Als wir beim Baden waren, tauchten auch Adrian und Franz wieder auf und gesellten sich zu uns. Das Abendessen fand auf der Terrasse statt und war von einer unvorstellbaren Ueppigkeit. Vorspeisen noch und noch, man glaubte schon, keinen Bissen mehr essen zu k\u00f6nnen, als noch Poulet mit Kartoffeln aufgetischt wurden. Nat\u00fcrlich blieben jede Menge Reste \u00fcbrig, die uns am n\u00e4chsten Tag allerdings sehr gelegen kamen. Doch davon im Tourenbericht von morgen.<\/td>\n<td width=\"334\" valign=\"top\"><img decoding=\"async\" class=\"ngg-singlepic ngg-none\" src=\"http:\/\/adrianwood.ch\/wp-content\/gallery\/kreta0813\/image017_r4.jpg\" alt=\"image017_r4\" \/><\/td>\n<\/tr>\n<tr>\n<td width=\"323\" valign=\"top\">Den w\u00fcrdigen Abschluss des opulenten Dinners bildete eine Magnumflasche Raki, die einfach auf den Tisch gestellt wurde mit der Aufforderung: bedient Euch! Was h\u00e4tte wohl besser unsere strapazierten Ged\u00e4rme desinfiziert?\u00a0\u00a0\u00a0\u00a0\u00a0\u00a0\u00a0\u00a0\u00a0\u00a0\u00a0\u00a0\u00a0\u00a0\u00a0\u00a0\u00a0\u00a0\u00a0\u00a0\u00a0\u00a0\u00a0\u00a0\u00a0\u00a0\u00a0\u00a0 Vreni C.<\/td>\n<td width=\"334\" valign=\"top\"><img decoding=\"async\" class=\"ngg-singlepic ngg-none\" src=\"http:\/\/adrianwood.ch\/wp-content\/gallery\/kreta0813\/image019_r4.jpg\" alt=\"image019_r4\" \/><\/td>\n<\/tr>\n<tr>\n<td colspan=\"2\" width=\"657\" valign=\"top\">\n<h2>Dienstag, 6. Mai, Nicht Wanderer<\/h2>\n<\/td>\n<\/tr>\n<tr>\n<td colspan=\"2\" width=\"657\" valign=\"top\">Es stand eine lange Wanderung auf dem Programm und es wehte noch immer ein starker Wind. Adelheid, Christine und ich beschlossen einen Ruhetag einzulegen. Um 9 Uhr stiegen die Wanderer aus um sich auf den 6-st\u00fcndiger Wanderung zu begeben.<\/td>\n<\/tr>\n<tr>\n<td width=\"323\" valign=\"top\">Wir fuhren mit dem Bus zum aus dem 17. Jh stammende Kloster Preveli. Eine sehr sch\u00f6ne Anlage das malerisch an der Steilk\u00fcste hoch \u00fcber dem Meer liegt.. Das, mit seinen massiven Mauern, wehrhaft wirkende Kloster war immer eine Art Festung des Wiederstandes gegen die Fremd-herrschaft Kretas. Es spielte auch im 2.Weltkrieg eine Rolle, davon zeugten Gedenktafeln von der Befreiung Australische und Neuseel\u00e4ndische Soldaten. Danach fuhren wir nach Spili, ein reizvolles Gebirgsdorf. Gegen\u00fcber der grosse sch\u00f6ne Brunnenanlage, mit 19 Wasserspeier in Form von L\u00f6wenk\u00f6pfen, tranken wir zusammen mit dem Chauffeur einen Kaffee. Von ihm erfuhren wir einiges \u00fcber Kreta, obschon er ein Italiener aus Como war. Seine Frau ist aber eine Kreterin. Um die Mittagszeit kamen wir in Agios Pavlos an. Die Wirtin erschrak weil sie glaubte die ganze Gruppe sei schon eingetroffen und noch nicht alle Zimmer bezugsbereit waren. Wir bekamen unsere Zimmer und waren schon schnell unterwegs zum Strand.<\/td>\n<td width=\"334\" valign=\"top\">\u00a0<img decoding=\"async\" class=\"ngg-singlepic ngg-none\" src=\"http:\/\/adrianwood.ch\/wp-content\/gallery\/kreta0813\/image021_r4.jpg\" alt=\"image021_r4\" \/><\/td>\n<\/tr>\n<tr>\n<td width=\"323\" valign=\"top\">\u00a0<img decoding=\"async\" class=\"ngg-singlepic ngg-none\" src=\"http:\/\/adrianwood.ch\/wp-content\/gallery\/kreta0813\/image023_r4.jpg\" alt=\"image023_r4\" \/><\/td>\n<td width=\"334\" valign=\"top\">\u00a0<img decoding=\"async\" class=\"ngg-singlepic ngg-none\" src=\"http:\/\/adrianwood.ch\/wp-content\/gallery\/kreta0813\/image025_r4.jpg\" alt=\"DCF 1.0\" \/><\/td>\n<\/tr>\n<tr>\n<td colspan=\"2\" width=\"657\" valign=\"top\">Das Hotel lag an eine zauberhafte Bucht, aber bald begann es stark zu winden. Nach einem feinen Mittagessen auf der Terrasse gingen wir aber doch wieder hinunter, die Sonne schien ja immer noch und schlussendlich hatten wir f\u00fcr unsere Liegest\u00fchle 2.50 Euro bezahlt.!! Nach und nach tauchten unsere Langwanderer am Horizont auf und erz\u00e4hlten von ihren Erlebnisse. \u00a0\u00a0\u00a0\u00a0\u00a0\u00a0\u00a0\u00a0\u00a0\u00a0\u00a0\u00a0\u00a0\u00a0\u00a0\u00a0\u00a0\u00a0\u00a0\u00a0 \u00a0Marijke<\/td>\n<\/tr>\n<\/tbody>\n<\/table>\n<p>\u00a0<img decoding=\"async\" class=\"ngg-singlepic ngg-none\" src=\"http:\/\/adrianwood.ch\/wp-content\/gallery\/kreta0813\/image027_r3.jpg\" alt=\"image027_r3\" \/><\/p>\n","protected":false},"excerpt":{"rendered":"<p>Dienstag, 6. Mai, Lange K\u00fcstenwanderung, Plakias \u2013 Agios Pavlos Wieder ein strahlender Tag, allerdings mit sehr viel Wind, wie bereits am Vorabend. Diverse \u00fcber Nacht auf den Balkonen aufgeh\u00e4ngte Socken wurden in der Umgebung gesucht! Fr\u00fchst\u00fcck um 07.30 im Hotel, dann Marsch mit Gep\u00e4ck bis zur gr\u00f6sseren Strasse, da der Bus nicht direkt vor das &hellip; <a href=\"https:\/\/www.adrianwood.ch\/?page_id=933\" class=\"more-link\">Continue reading <span class=\"screen-reader-text\">05-06 Agios Pavlos<\/span> <span class=\"meta-nav\">&rarr;<\/span><\/a><\/p>\n","protected":false},"author":1,"featured_media":0,"parent":792,"menu_order":2293,"comment_status":"closed","ping_status":"closed","template":"","meta":{"ngg_post_thumbnail":0,"footnotes":""},"class_list":["post-933","page","type-page","status-publish","hentry"],"_links":{"self":[{"href":"https:\/\/www.adrianwood.ch\/index.php?rest_route=\/wp\/v2\/pages\/933","targetHints":{"allow":["GET"]}}],"collection":[{"href":"https:\/\/www.adrianwood.ch\/index.php?rest_route=\/wp\/v2\/pages"}],"about":[{"href":"https:\/\/www.adrianwood.ch\/index.php?rest_route=\/wp\/v2\/types\/page"}],"author":[{"embeddable":true,"href":"https:\/\/www.adrianwood.ch\/index.php?rest_route=\/wp\/v2\/users\/1"}],"replies":[{"embeddable":true,"href":"https:\/\/www.adrianwood.ch\/index.php?rest_route=%2Fwp%2Fv2%2Fcomments&post=933"}],"version-history":[{"count":0,"href":"https:\/\/www.adrianwood.ch\/index.php?rest_route=\/wp\/v2\/pages\/933\/revisions"}],"up":[{"embeddable":true,"href":"https:\/\/www.adrianwood.ch\/index.php?rest_route=\/wp\/v2\/pages\/792"}],"wp:attachment":[{"href":"https:\/\/www.adrianwood.ch\/index.php?rest_route=%2Fwp%2Fv2%2Fmedia&parent=933"}],"curies":[{"name":"wp","href":"https:\/\/api.w.org\/{rel}","templated":true}]}}