{"id":9384,"date":"2016-07-28T07:38:44","date_gmt":"2016-07-28T07:38:44","guid":{"rendered":"http:\/\/www.adrianwood.ch\/?page_id=9384"},"modified":"2016-07-28T07:44:16","modified_gmt":"2016-07-28T07:44:16","slug":"05-15-vis","status":"publish","type":"page","link":"https:\/\/www.adrianwood.ch\/?page_id=9384","title":{"rendered":"05-15 Vis"},"content":{"rendered":"<h2><span style=\"font-family: Times New Roman; font-size: 11pt;\">2<\/span><span style=\"font-family: Times New Roman; font-size: 11pt;\">.<\/span><span style=\"font-family: Times New Roman; font-size: 11pt;\">Tag, <\/span><span style=\"font-family: Times New Roman; font-size: 11pt;\">15.5.2016<\/span><span style=\"font-family: Times New Roman; font-size: 11pt;\">,<\/span><span style=\"font-family: Times New Roman; font-size: 11pt;\"> Vis \/ Korcula<\/span><\/h2>\n<table class=\"TableGrid-T\" style=\"border-collapse: collapse; margin-left: 5.4pt;\" cellspacing=\"0\">\n<tbody>\n<tr class=\"-R\">\n<td class=\"-C\" style=\"width: 487.3pt;\" colspan=\"2\">\n<p class=\"Normal-P\" style=\"margin-bottom: 6pt; text-align: justify; text-justify: inter-ideograph; direction: ltr; unicode-bidi: normal;\"><span class=\"Normal-H\"><span style=\"font-size: 11pt;\"><img loading=\"lazy\" decoding=\"async\" class=\"\" src=\"http:\/\/www.adrianwood.ch\/wp-content\/uploads\/2016\/07\/1469691458_image1.jpeg\" width=\"730\" height=\"432\" data-link=\"\" \/><\/span><\/span><\/p>\n<\/td>\n<\/tr>\n<tr class=\"-R\">\n<td class=\"-C\" style=\"width: 243.25pt;\">\n<p class=\"Normal-P\" style=\"margin-bottom: 6pt; text-align: justify; text-justify: inter-ideograph; direction: ltr; unicode-bidi: normal;\"><span class=\"Normal-H\"><span style=\"font-size: 11pt;\"><img loading=\"lazy\" decoding=\"async\" class=\"\" src=\"http:\/\/www.adrianwood.ch\/wp-content\/uploads\/2016\/07\/1469691458_image2.jpeg\" width=\"347\" height=\"231\" data-link=\"\" \/><\/span><\/span><\/p>\n<\/td>\n<td class=\"-C\" style=\"width: 244.05pt;\">\n<p class=\"Normal-P\" style=\"margin-bottom: 6pt; text-align: justify; text-justify: inter-ideograph; direction: ltr; unicode-bidi: normal;\"><span class=\"Normal-H\"><span style=\"font-size: 11pt;\"><img loading=\"lazy\" decoding=\"async\" class=\"\" src=\"http:\/\/www.adrianwood.ch\/wp-content\/uploads\/2016\/07\/1469691458_image3.jpeg\" width=\"347\" height=\"232\" data-link=\"\" \/><\/span><\/span><\/p>\n<\/td>\n<\/tr>\n<tr class=\"-R\">\n<td class=\"-C\" style=\"width: 487.3pt;\" colspan=\"2\">\n<p class=\"Normal-P\" style=\"margin-bottom: 6pt; text-align: justify; text-justify: inter-ideograph; direction: ltr; unicode-bidi: normal;\"><span class=\"Normal-H\"><span style=\"font-size: 11pt;\">Nachdem wir am Vorabend in Vis auf der gleichnamigen Insel angelegt und dort auf dem Schiff unsere erste Nacht verbracht hatten, gab es um 07.00 ein reichhaltiges Fr\u00fchst\u00fcck. Mit einem Bus ging es eine Stunde sp\u00e4ter in die Berge zuerst zur \u201eTito-H\u00f6hle\u201c (15\u2018 Fussmarsch). Von dieser H\u00f6hle aus soll Tito 1944 den Widerstand der Partisanen gegen die deutsche Besetzungsmacht organisiert haben.<\/span><\/span><\/p>\n<p class=\"Normal-P\" style=\"margin-bottom: 6pt; text-align: justify; text-justify: inter-ideograph; direction: ltr; unicode-bidi: normal;\"><span class=\"Normal-H\"><span style=\"font-size: 11pt;\">Danach fuhr uns Bus auf den Pass \u201eDah\u201c, welcher etwas unterhalb des Berges Hum liegt, mit 587 Metern der h\u00f6chste Berg der Insel Vis.<\/span><\/span><\/p>\n<\/td>\n<\/tr>\n<tr class=\"-R\">\n<td class=\"-C\" style=\"width: 243.25pt;\">\n<p class=\"Normal-P\" style=\"margin-bottom: 6pt; text-align: justify; text-justify: inter-ideograph; direction: ltr; unicode-bidi: normal;\"><span class=\"Normal-H\"><span style=\"font-size: 11pt;\"><img loading=\"lazy\" decoding=\"async\" class=\"\" src=\"http:\/\/www.adrianwood.ch\/wp-content\/uploads\/2016\/07\/1469691458_image4.jpeg\" width=\"347\" height=\"231\" data-link=\"\" \/><\/span><\/span><\/p>\n<\/td>\n<td class=\"-C\" style=\"width: 244.05pt;\">\n<p class=\"Normal-P\" style=\"margin-bottom: 6pt; text-align: justify; text-justify: inter-ideograph; direction: ltr; unicode-bidi: normal;\"><span class=\"Normal-H\"><span style=\"font-size: 11pt;\"><img loading=\"lazy\" decoding=\"async\" class=\"\" src=\"http:\/\/www.adrianwood.ch\/wp-content\/uploads\/2016\/07\/1469691458_image5.jpeg\" width=\"347\" height=\"232\" data-link=\"\" \/><\/span><\/span><\/p>\n<\/td>\n<\/tr>\n<tr class=\"-R\">\n<td class=\"-C\" style=\"width: 487.3pt;\" colspan=\"2\">\n<p class=\"Normal-P\" style=\"margin-bottom: 6pt; text-align: justify; text-justify: inter-ideograph; direction: ltr; unicode-bidi: normal;\"><span class=\"Normal-H\"><span style=\"font-size: 11pt;\">Von dem oberhalb des Passes liegenden Aussichtpunkt soll <\/span><span style=\"font-size: 11pt;\">man sogar die italienische K\u00fcste sehen, nebst den vielen kleinen unbewohnten Inseln, die typisch f\u00fcr die Adria sind. Leider vermieste uns dichter Nebel jegliche Aussicht. Ein kalter und kr\u00e4ftiger Wind sowie die feuchten Nebelschwaden dr\u00e4ngten uns zu einem raschen Aufbruch hinunter nach dem Ort \u201eKomiza\u201c.<\/span><\/span><\/p>\n<\/td>\n<\/tr>\n<tr class=\"-R\">\n<td class=\"-C\" style=\"width: 243.25pt;\">\n<p class=\"Normal-P\" style=\"margin-bottom: 6pt; text-align: justify; text-justify: inter-ideograph; direction: ltr; unicode-bidi: normal;\"><span class=\"Normal-H\"><span style=\"font-size: 11pt;\"><img loading=\"lazy\" decoding=\"async\" class=\"\" src=\"http:\/\/www.adrianwood.ch\/wp-content\/uploads\/2016\/07\/1469691458_image6.jpeg\" width=\"347\" height=\"231\" data-link=\"\" \/><\/span><\/span><\/p>\n<\/td>\n<td class=\"-C\" style=\"width: 244.05pt;\">\n<p class=\"Normal-P\" style=\"margin-bottom: 6pt; text-align: justify; text-justify: inter-ideograph; direction: ltr; unicode-bidi: normal;\"><span class=\"Normal-H\"><span style=\"font-size: 11pt;\"><img loading=\"lazy\" decoding=\"async\" class=\"\" src=\"http:\/\/www.adrianwood.ch\/wp-content\/uploads\/2016\/07\/1469691458_image7.jpeg\" width=\"347\" height=\"232\" data-link=\"\" \/><\/span><\/span><\/p>\n<\/td>\n<\/tr>\n<tr class=\"-R\">\n<td class=\"-C\" style=\"width: 487.3pt;\" colspan=\"2\">\n<p class=\"Normal-P\" style=\"margin-bottom: 6pt; text-align: justify; text-justify: inter-ideograph; direction: ltr; unicode-bidi: normal;\"><span class=\"Normal-H\"><span style=\"font-size: 11pt;\">Auf einem steilen, sehr gut unterhaltenen und markiertem Wanderweg erreichten wir nach etwas mehr als einer Stunde den Dorfeingang von Komiza, wo uns der Bus bereits erwartete.<\/span><\/span><\/p>\n<p class=\"Normal-P\" style=\"margin-bottom: 6pt; text-align: justify; text-justify: inter-ideograph; direction: ltr; unicode-bidi: normal;\"><span class=\"Normal-H\"><span style=\"font-size: 11pt;\">Kurz zuvor hatten wir drei Bootsbauer angetroffen, die an einer Replica eines antiken Fischerbootes arbeiteten, welches vor 2000 Jahren in dieser Gegend verwendet worden war. Damit wollen die Drei im Juli an einer Regatta teilnehmen.<\/span><\/span><\/p>\n<\/td>\n<\/tr>\n<tr class=\"-R\">\n<td class=\"-C\" style=\"width: 243.25pt;\">\n<p class=\"Normal-P\" style=\"margin-bottom: 6pt; text-align: justify; text-justify: inter-ideograph; direction: ltr; unicode-bidi: normal;\"><span class=\"Normal-H\"><span style=\"font-size: 11pt;\"><img loading=\"lazy\" decoding=\"async\" class=\"\" src=\"http:\/\/www.adrianwood.ch\/wp-content\/uploads\/2016\/07\/1469691458_image8.jpeg\" width=\"347\" height=\"231\" data-link=\"\" \/><\/span><\/span><\/p>\n<\/td>\n<td class=\"-C\" style=\"width: 244.05pt;\">\n<p class=\"Normal-P\" style=\"margin-bottom: 6pt; text-align: justify; text-justify: inter-ideograph; direction: ltr; unicode-bidi: normal;\"><span class=\"Normal-H\"><span style=\"font-size: 11pt;\"><img loading=\"lazy\" decoding=\"async\" class=\"\" src=\"http:\/\/www.adrianwood.ch\/wp-content\/uploads\/2016\/07\/1469691458_image9.jpeg\" width=\"347\" height=\"232\" data-link=\"\" \/><\/span><\/span><\/p>\n<\/td>\n<\/tr>\n<tr class=\"-R\">\n<td class=\"-C\" style=\"width: 487.3pt;\" colspan=\"2\">\n<p class=\"Normal-P\" style=\"margin-bottom: 6pt; text-align: justify; text-justify: inter-ideograph; direction: ltr; unicode-bidi: normal;\"><span class=\"Normal-H\"><span style=\"font-size: 11pt;\">Nachdem uns der Bus zur Anlegestelle unseres Schiffes gebracht hatte, hiess es kurz nach Ankunft: \u201eLeinen los\u201c<\/span><span style=\"font-size: 11pt;\">. <\/span><span style=\"font-size: 11pt;\">Auf der Schifffahrt zu unserem n\u00e4chsten Ziel, der Insel Korcula (mit der gleichnamigen Stadt Korcula), welche wir nach 5 Stunden erreichten, wurden wir vom hohen Wellengang ziemlich heftig durchgesch\u00fcttelt. Wir waren froh den Hafen von Korcula zu erreichen.<\/span><\/span><\/p>\n<\/td>\n<\/tr>\n<tr class=\"-R\">\n<td class=\"-C\" style=\"width: 243.25pt;\">\n<p class=\"Normal-P\" style=\"margin-bottom: 6pt; text-align: justify; text-justify: inter-ideograph; direction: ltr; unicode-bidi: normal;\"><span class=\"Normal-H\"><span style=\"font-size: 11pt;\"><img loading=\"lazy\" decoding=\"async\" class=\"\" src=\"http:\/\/www.adrianwood.ch\/wp-content\/uploads\/2016\/07\/1469691458_image10.jpeg\" width=\"347\" height=\"231\" data-link=\"\" \/><\/span><\/span><\/p>\n<\/td>\n<td class=\"-C\" style=\"width: 244.05pt;\">\n<p class=\"Normal-P\" style=\"margin-bottom: 6pt; text-align: justify; text-justify: inter-ideograph; direction: ltr; unicode-bidi: normal;\"><span class=\"Normal-H\"><span style=\"font-size: 11pt;\"><img loading=\"lazy\" decoding=\"async\" class=\"\" src=\"http:\/\/www.adrianwood.ch\/wp-content\/uploads\/2016\/07\/1469691458_image11.jpeg\" width=\"347\" height=\"232\" data-link=\"\" \/><\/span><\/span><\/p>\n<\/td>\n<\/tr>\n<tr class=\"-R\">\n<td class=\"-C\" style=\"width: 487.3pt;\" colspan=\"2\">\n<p class=\"Normal-P\" style=\"margin-bottom: 6pt; text-align: justify; text-justify: inter-ideograph; direction: ltr; unicode-bidi: normal;\"><span class=\"Normal-H\"><span style=\"font-size: 11pt;\">Vor dem Abendessen blieb noch gen\u00fcgend Zeit, die sehr sch\u00f6ne Altstadt Korcula zu besichtigen und uns eine Kostprobe des ber\u00fchmten Inselweines zu genehmigen. Korcula, auch als \u201eKlein-Dubrovnik\u201c bezeichnet, nimmt f\u00fcr sich in Anspruch die Geburtsstadt des ber\u00fchmten Entdeckers Marco Polo<\/span><span style=\"font-size: 11pt;\">zu sein; muss diesen Anspruch allerdings mit anderen St\u00e4dten, wie z.B. Venedig, teilen.<\/span><span style=\"font-size: 11pt;\">Nach dieser Stadtbesichtigung ging es zur\u00fcck aufs Schiff zum Abendessen. Ein abwechslungsreicher Tag, gepr\u00e4gt von vielen verschiedenen Eindr\u00fccken ging, damit zu Ende.<\/span><span style=\"font-size: 11pt;\"> Be<\/span><span style=\"font-size: 11pt;\">at<\/span><\/span><\/p>\n<\/td>\n<\/tr>\n<tr class=\"-R\">\n<td class=\"-C\" style=\"width: 487.3pt;\" colspan=\"2\">\n<p class=\"Normal-P\" style=\"margin-bottom: 6pt; text-align: justify; text-justify: inter-ideograph; direction: ltr; unicode-bidi: normal;\"><span class=\"Normal-H\"><span style=\"font-size: 11pt;\"><img loading=\"lazy\" decoding=\"async\" class=\"\" src=\"http:\/\/www.adrianwood.ch\/wp-content\/uploads\/2016\/07\/1469691458_image12.jpeg\" width=\"729\" height=\"379\" data-link=\"\" \/><\/span><\/span><\/p>\n<\/td>\n<\/tr>\n<tr class=\"-R\">\n<td class=\"-C\" style=\"width: 487.3pt;\" colspan=\"2\">\n<p class=\"Normal-P\" style=\"margin-bottom: 6pt; text-align: justify; text-justify: inter-ideograph; direction: ltr; unicode-bidi: normal;\"><span class=\"Normal-H\"><span style=\"font-size: 11pt;\"><img loading=\"lazy\" decoding=\"async\" class=\"\" src=\"http:\/\/www.adrianwood.ch\/wp-content\/uploads\/2016\/07\/1469691458_image13.jpeg\" width=\"728\" height=\"385\" data-link=\"\" \/><\/span><\/span><\/p>\n<\/td>\n<\/tr>\n<tr class=\"-R\">\n<td class=\"-C\" style=\"width: 487.3pt;\" colspan=\"2\">\n<p class=\"Normal-P\" style=\"margin-bottom: 6pt; text-align: justify; text-justify: inter-ideograph; direction: ltr; unicode-bidi: normal;\"><span class=\"Normal-H\"><span style=\"font-size: 11pt;\"><img loading=\"lazy\" decoding=\"async\" class=\"\" src=\"http:\/\/www.adrianwood.ch\/wp-content\/uploads\/2016\/07\/1469691458_image14.jpeg\" width=\"729\" height=\"310\" data-link=\"\" \/><\/span><\/span><\/p>\n<\/td>\n<\/tr>\n<p><!-- [if !supportMisalignedColumns]--><\/tbody>\n<\/table>\n","protected":false},"excerpt":{"rendered":"<p>2.Tag, 15.5.2016, Vis \/ Korcula Nachdem wir am Vorabend in Vis auf der gleichnamigen Insel angelegt und dort auf dem Schiff unsere erste Nacht verbracht hatten, gab es um 07.00 ein reichhaltiges Fr\u00fchst\u00fcck. Mit einem Bus ging es eine Stunde sp\u00e4ter in die Berge zuerst zur \u201eTito-H\u00f6hle\u201c (15\u2018 Fussmarsch). Von dieser H\u00f6hle aus soll Tito &hellip; <a href=\"https:\/\/www.adrianwood.ch\/?page_id=9384\" class=\"more-link\">Continue reading <span class=\"screen-reader-text\">05-15 Vis<\/span> <span class=\"meta-nav\">&rarr;<\/span><\/a><\/p>\n","protected":false},"author":1,"featured_media":0,"parent":8415,"menu_order":2535,"comment_status":"closed","ping_status":"closed","template":"","meta":{"ngg_post_thumbnail":0,"footnotes":""},"class_list":["post-9384","page","type-page","status-publish","hentry"],"_links":{"self":[{"href":"https:\/\/www.adrianwood.ch\/index.php?rest_route=\/wp\/v2\/pages\/9384","targetHints":{"allow":["GET"]}}],"collection":[{"href":"https:\/\/www.adrianwood.ch\/index.php?rest_route=\/wp\/v2\/pages"}],"about":[{"href":"https:\/\/www.adrianwood.ch\/index.php?rest_route=\/wp\/v2\/types\/page"}],"author":[{"embeddable":true,"href":"https:\/\/www.adrianwood.ch\/index.php?rest_route=\/wp\/v2\/users\/1"}],"replies":[{"embeddable":true,"href":"https:\/\/www.adrianwood.ch\/index.php?rest_route=%2Fwp%2Fv2%2Fcomments&post=9384"}],"version-history":[{"count":4,"href":"https:\/\/www.adrianwood.ch\/index.php?rest_route=\/wp\/v2\/pages\/9384\/revisions"}],"predecessor-version":[{"id":9400,"href":"https:\/\/www.adrianwood.ch\/index.php?rest_route=\/wp\/v2\/pages\/9384\/revisions\/9400"}],"up":[{"embeddable":true,"href":"https:\/\/www.adrianwood.ch\/index.php?rest_route=\/wp\/v2\/pages\/8415"}],"wp:attachment":[{"href":"https:\/\/www.adrianwood.ch\/index.php?rest_route=%2Fwp%2Fv2%2Fmedia&parent=9384"}],"curies":[{"name":"wp","href":"https:\/\/api.w.org\/{rel}","templated":true}]}}