{"id":9415,"date":"2016-07-28T08:06:09","date_gmt":"2016-07-28T08:06:09","guid":{"rendered":"http:\/\/www.adrianwood.ch\/?page_id=9415"},"modified":"2016-07-28T08:08:30","modified_gmt":"2016-07-28T08:08:30","slug":"05-18-lumbarda","status":"publish","type":"page","link":"https:\/\/www.adrianwood.ch\/?page_id=9415","title":{"rendered":"05-18 Lumbarda"},"content":{"rendered":"<p class=\"Normal-P\" style=\"margin-bottom: 6pt; text-align: justify; text-justify: inter-ideograph; direction: ltr; unicode-bidi: normal;\"><span class=\"Normal-H\"><span style=\"font-weight: bold;\">Mittwoch,<\/span><span style=\"font-weight: bold;\"> 18.05.<\/span><span style=\"font-weight: bold;\">20<\/span><span style=\"font-weight: bold;\">16<\/span><span style=\"font-weight: bold;\">, <\/span><span style=\"font-weight: bold;\">Lum<\/span><span style=\"font-weight: bold;\">arda auf der Insel Korc<\/span><span style=\"font-weight: bold;\">ula<\/span><\/span><\/p>\n<p class=\"Normal-P\" style=\"margin-bottom: 6pt; text-align: justify; text-justify: inter-ideograph; direction: ltr; unicode-bidi: normal;\"><span class=\"Normal-H\">\u00a0<span style=\"color: #000000;\">Einige Nachtschw\u00e4rmer von uns wurden abends zuvor in Dubrovnik von Jazzkl\u00e4ngen aus dem Strassencaf\u00e9 Klarisa in der N\u00e4he des Eingangstores angelockt. Dort spielte n\u00e4mlich <\/span>Brian Sukovez<span style=\"color: #000000;\"> und seine Band mit Gitarre, Saxophon und Kontrabass und zog uns bis sp\u00e4t in die Nacht hinein in ihrem Bann. Mit der bequemen Nachtbusverbindung ging&#8217;s in Gruppen zur\u00fcck zum Hafen, wo wir unser Schiff Mystic in dritter Reihe vert\u00e4ut auf Anhieb &#8211; <\/span><span style=\"color: #000000;\">oder auch nicht &#8211; wieder fanden.<\/span> Fr\u00fche Abfahrt um 07.30 von Dubrovnik nach Lumbarda auf der Insel Korcula. Wolkenloser Himmel und ruhige See. Mittagessen auf dem Schiff, Ankunft um 12.45 Uhr. <\/span><\/p>\n<table class=\"TableNormal-T\" style=\"border-collapse: collapse;\" cellspacing=\"0\">\n<tbody>\n<tr class=\"-R\">\n<td class=\"-C\" style=\"width: 492.7pt; background-color: transparent;\" colspan=\"2\"><\/td>\n<\/tr>\n<tr class=\"-R\">\n<td class=\"-C\" style=\"width: 244.8pt; background-color: transparent;\">\n<p class=\"Normal-P\" style=\"margin-bottom: 6pt; text-align: justify; text-justify: inter-ideograph; direction: ltr; unicode-bidi: normal;\"><span class=\"Normal-H\"><img loading=\"lazy\" decoding=\"async\" class=\"\" src=\"http:\/\/www.adrianwood.ch\/wp-content\/uploads\/2016\/07\/1469693135_image1.jpeg\" width=\"346\" height=\"230\" data-link=\"\" \/><\/span><\/p>\n<\/td>\n<td class=\"-C\" style=\"width: 247.9pt; background-color: transparent;\">\n<p class=\"Normal-P\" style=\"margin-bottom: 6pt; text-align: justify; text-justify: inter-ideograph; direction: ltr; unicode-bidi: normal;\"><span class=\"Normal-H\"><img loading=\"lazy\" decoding=\"async\" class=\"\" src=\"http:\/\/www.adrianwood.ch\/wp-content\/uploads\/2016\/07\/1469693135_image2.jpeg\" width=\"346\" height=\"230\" data-link=\"\" \/><\/span><\/p>\n<\/td>\n<\/tr>\n<tr class=\"-R\">\n<td class=\"-C\" style=\"width: 492.7pt; background-color: transparent;\" colspan=\"2\">\n<p class=\"Normal-P\" style=\"margin-bottom: 6pt; text-align: justify; text-justify: inter-ideograph; direction: ltr; unicode-bidi: normal;\"><span class=\"Normal-H\">Wanderung: ab 13.15 auf asphaltierter Strasse \u00fcber einen H\u00fcgel mit Olivenhainen, blumen-reichen Wiesen und bunten Str\u00e4uchern, einer M\u00fcllhalde wo es sich Seem\u00f6ven gut gehen liessen, dann an Weinbergen vorbei bis zum Niederstieg, diesmal als Fussweg zum Strand U. Rasohatica in 2 Stunden.<\/span><\/p>\n<\/td>\n<\/tr>\n<tr class=\"-R\">\n<td class=\"-C\" style=\"width: 244.8pt; background-color: transparent;\">\n<p class=\"Normal-P\" style=\"margin-bottom: 6pt; text-align: justify; text-justify: inter-ideograph; direction: ltr; unicode-bidi: normal;\"><span class=\"Normal-H\"><img loading=\"lazy\" decoding=\"async\" class=\"\" src=\"http:\/\/www.adrianwood.ch\/wp-content\/uploads\/2016\/07\/1469693135_image3.jpeg\" width=\"346\" height=\"232\" data-link=\"\" \/><\/span><\/p>\n<\/td>\n<td class=\"-C\" style=\"width: 247.9pt; background-color: transparent;\">\n<p class=\"Normal-P\" style=\"margin-bottom: 6pt; text-align: justify; text-justify: inter-ideograph; direction: ltr; unicode-bidi: normal;\"><span class=\"Normal-H\"><img loading=\"lazy\" decoding=\"async\" class=\"\" src=\"http:\/\/www.adrianwood.ch\/wp-content\/uploads\/2016\/07\/1469693135_image4.jpeg\" width=\"346\" height=\"230\" data-link=\"\" \/><\/span><\/p>\n<\/td>\n<\/tr>\n<tr class=\"-R\">\n<td class=\"-C\" style=\"width: 492.7pt; background-color: transparent;\" colspan=\"2\">\n<p class=\"Normal-P\" style=\"margin-bottom: 6pt; text-align: justify; text-justify: inter-ideograph; direction: ltr; unicode-bidi: normal;\"><span class=\"Normal-H\">Einige nehmen ein Bad, das Wasser ist passabel warm (Marianne). R\u00fcckweg ab 16.00, am Schluss \u00fcber einen anderen sch\u00f6neren Weg mit Schotterstrasse, dann mit vielen Treppenstufen in das s\u00fcdliche Dorfteil. Ein Bier im Caf\u00e9 Maestral am Quai mit den Palmen. Adrian, Vreni Schepperle und Susanne Neuenschwander zweigen noch vorher ab und gehen zum Sandstrand Przina nahe beim Dorf baden.<\/span><\/p>\n<\/td>\n<\/tr>\n<tr class=\"-R\">\n<td class=\"-C\" style=\"width: 244.8pt; background-color: transparent;\">\n<p class=\"Normal-P\" style=\"margin-bottom: 6pt; text-align: justify; text-justify: inter-ideograph; direction: ltr; unicode-bidi: normal;\"><span class=\"Normal-H\"><img loading=\"lazy\" decoding=\"async\" class=\"\" src=\"http:\/\/www.adrianwood.ch\/wp-content\/uploads\/2016\/07\/1469693135_image5.jpeg\" width=\"346\" height=\"232\" data-link=\"\" \/><\/span><\/p>\n<\/td>\n<td class=\"-C\" style=\"width: 247.9pt; background-color: transparent;\">\n<p class=\"Normal-P\" style=\"margin-bottom: 6pt; text-align: justify; text-justify: inter-ideograph; direction: ltr; unicode-bidi: normal;\"><span class=\"Normal-H\"><img loading=\"lazy\" decoding=\"async\" class=\"\" src=\"http:\/\/www.adrianwood.ch\/wp-content\/uploads\/2016\/07\/1469693135_image6.jpeg\" width=\"346\" height=\"232\" data-link=\"\" \/><\/span><\/p>\n<\/td>\n<\/tr>\n<tr class=\"-R\">\n<td class=\"-C\" style=\"width: 492.7pt; background-color: transparent;\" colspan=\"2\">\n<p class=\"Normal-P\" style=\"margin-bottom: 6pt; text-align: justify; text-justify: inter-ideograph; direction: ltr; unicode-bidi: normal;\"><span class=\"Normal-H\">19.30 Captains Dinner: Arsen, unser Kapit\u00e4n, begr\u00fcsst uns. als Ap\u00e9ritiv eine Art Nocino (Prosek). Wir stossen an: &#8220;zivili&#8221; = Prosit (schiwili ausgesprochen).<\/span><\/p>\n<\/td>\n<\/tr>\n<tr class=\"-R\">\n<td class=\"-C\" style=\"width: 244.8pt; background-color: transparent;\">\n<p class=\"Normal-P\" style=\"margin-bottom: 6pt; text-align: justify; text-justify: inter-ideograph; direction: ltr; unicode-bidi: normal;\"><span class=\"Normal-H\"><img loading=\"lazy\" decoding=\"async\" class=\"\" src=\"http:\/\/www.adrianwood.ch\/wp-content\/uploads\/2016\/07\/1469693135_image7.jpeg\" width=\"346\" height=\"232\" data-link=\"\" \/><\/span><\/p>\n<\/td>\n<td class=\"-C\" style=\"width: 247.9pt; background-color: transparent;\">\n<p class=\"Normal-P\" style=\"margin-bottom: 6pt; text-align: justify; text-justify: inter-ideograph; direction: ltr; unicode-bidi: normal;\"><span class=\"Normal-H\"><img loading=\"lazy\" decoding=\"async\" class=\"\" src=\"http:\/\/www.adrianwood.ch\/wp-content\/uploads\/2016\/07\/1469693135_image8.jpeg\" width=\"346\" height=\"230\" data-link=\"\" \/><\/span><\/p>\n<\/td>\n<\/tr>\n<tr class=\"-R\">\n<td class=\"-C\" style=\"width: 492.7pt; background-color: transparent;\" colspan=\"2\">\n<p class=\"Normal-P\" style=\"margin-bottom: 6pt; text-align: justify; text-justify: inter-ideograph; direction: ltr; unicode-bidi: normal;\"><span class=\"Normal-H\">Erster Gang: Thunfischpastete mit Beilagen. Zweiter Gang Fisch: Skarpina mit Gem\u00fcse (Peperoni) und ausgezeichneter Sauce aus Oliven\u00f6l, Knoblauch und Persil. Zum Dessert ein Patisserie-Kuchen. Als Weisswein kroatischer Chardonnay. Philippe<\/span><\/p>\n<\/td>\n<\/tr>\n<tr class=\"-R\">\n<td class=\"-C\" style=\"width: 492.7pt; background-color: transparent;\" colspan=\"2\">\n<p class=\"Normal-P\" style=\"margin-bottom: 6pt; text-align: justify; text-justify: inter-ideograph; direction: ltr; unicode-bidi: normal;\"><span class=\"Normal-H\"><img loading=\"lazy\" decoding=\"async\" class=\"\" src=\"http:\/\/www.adrianwood.ch\/wp-content\/uploads\/2016\/07\/1469693135_image9.jpeg\" width=\"736\" height=\"365\" data-link=\"\" \/><\/span><\/p>\n<\/td>\n<\/tr>\n<tr class=\"-R\">\n<td class=\"-C\" style=\"width: 492.7pt; background-color: transparent;\" colspan=\"2\">\n<p class=\"Normal-P\" style=\"margin-bottom: 6pt; text-align: justify; text-justify: inter-ideograph; direction: ltr; unicode-bidi: normal;\"><span class=\"Normal-H\"><img loading=\"lazy\" decoding=\"async\" class=\"\" src=\"http:\/\/www.adrianwood.ch\/wp-content\/uploads\/2016\/07\/1469693135_image10.jpeg\" width=\"733\" height=\"381\" data-link=\"\" \/><\/span><\/p>\n<\/td>\n<\/tr>\n<p><!-- [if !supportMisalignedColumns]--><\/tbody>\n<\/table>\n","protected":false},"excerpt":{"rendered":"<p>Mittwoch, 18.05.2016, Lumarda auf der Insel Korcula \u00a0Einige Nachtschw\u00e4rmer von uns wurden abends zuvor in Dubrovnik von Jazzkl\u00e4ngen aus dem Strassencaf\u00e9 Klarisa in der N\u00e4he des Eingangstores angelockt. Dort spielte n\u00e4mlich Brian Sukovez und seine Band mit Gitarre, Saxophon und Kontrabass und zog uns bis sp\u00e4t in die Nacht hinein in ihrem Bann. Mit der &hellip; <a href=\"https:\/\/www.adrianwood.ch\/?page_id=9415\" class=\"more-link\">Continue reading <span class=\"screen-reader-text\">05-18 Lumbarda<\/span> <span class=\"meta-nav\">&rarr;<\/span><\/a><\/p>\n","protected":false},"author":1,"featured_media":0,"parent":8415,"menu_order":2538,"comment_status":"closed","ping_status":"closed","template":"","meta":{"ngg_post_thumbnail":0,"footnotes":""},"class_list":["post-9415","page","type-page","status-publish","hentry"],"_links":{"self":[{"href":"https:\/\/www.adrianwood.ch\/index.php?rest_route=\/wp\/v2\/pages\/9415","targetHints":{"allow":["GET"]}}],"collection":[{"href":"https:\/\/www.adrianwood.ch\/index.php?rest_route=\/wp\/v2\/pages"}],"about":[{"href":"https:\/\/www.adrianwood.ch\/index.php?rest_route=\/wp\/v2\/types\/page"}],"author":[{"embeddable":true,"href":"https:\/\/www.adrianwood.ch\/index.php?rest_route=\/wp\/v2\/users\/1"}],"replies":[{"embeddable":true,"href":"https:\/\/www.adrianwood.ch\/index.php?rest_route=%2Fwp%2Fv2%2Fcomments&post=9415"}],"version-history":[{"count":3,"href":"https:\/\/www.adrianwood.ch\/index.php?rest_route=\/wp\/v2\/pages\/9415\/revisions"}],"predecessor-version":[{"id":9437,"href":"https:\/\/www.adrianwood.ch\/index.php?rest_route=\/wp\/v2\/pages\/9415\/revisions\/9437"}],"up":[{"embeddable":true,"href":"https:\/\/www.adrianwood.ch\/index.php?rest_route=\/wp\/v2\/pages\/8415"}],"wp:attachment":[{"href":"https:\/\/www.adrianwood.ch\/index.php?rest_route=%2Fwp%2Fv2%2Fmedia&parent=9415"}],"curies":[{"name":"wp","href":"https:\/\/api.w.org\/{rel}","templated":true}]}}

<p class="Normal-P" style="margin-bottom: 6pt; text-align: justify; text-justify: inter-ideograph; direction: ltr; unicode-bidi: normal;"><span class="Normal-H"><span style="font-weight: bold;">Mittwoch,</span><span style="font-weight: bold;"> 18.05.</span><span style="font-weight: bold;">20</span><span style="font-weight: bold;">16</span><span style="font-weight: bold;">, </span><span style="font-weight: bold;">Lum</span><span style="font-weight: bold;">arda auf der Insel Korc</span><span style="font-weight: bold;">ula</span></span></p>
<p class="Normal-P" style="margin-bottom: 6pt; text-align: justify; text-justify: inter-ideograph; direction: ltr; unicode-bidi: normal;"><span class="Normal-H"> <span style="color: #000000;">Einige Nachtschwärmer von uns wurden abends zuvor in Dubrovnik von Jazzklängen aus dem Strassencafé Klarisa in der Nähe des Eingangstores angelockt. Dort spielte nämlich </span>Brian Sukovez<span style="color: #000000;"> und seine Band mit Gitarre, Saxophon und Kontrabass und zog uns bis spät in die Nacht hinein in ihrem Bann. Mit der bequemen Nachtbusverbindung ging&#8217;s in Gruppen zurück zum Hafen, wo wir unser Schiff Mystic in dritter Reihe vertäut auf Anhieb &#8211; </span><span style="color: #000000;">oder auch nicht &#8211; wieder fanden.</span> Frühe Abfahrt um 07.30 von Dubrovnik nach Lumbarda auf der Insel Korcula. Wolkenloser Himmel und ruhige See. Mittagessen auf dem Schiff, Ankunft um 12.45 Uhr. </span></p>
<table class="TableNormal-T" style="border-collapse: collapse;" cellspacing="0">
<tbody>
<tr class="-R">
<td class="-C" style="width: 492.7pt; background-color: transparent;" colspan="2"></td>
</tr>
<tr class="-R">
<td class="-C" style="width: 244.8pt; background-color: transparent;">
<p class="Normal-P" style="margin-bottom: 6pt; text-align: justify; text-justify: inter-ideograph; direction: ltr; unicode-bidi: normal;"><span class="Normal-H"><img loading="lazy" decoding="async" class="" src="http://www.adrianwood.ch/wp-content/uploads/2016/07/1469693135_image1.jpeg" width="346" height="230" data-link="" /></span></p>
</td>
<td class="-C" style="width: 247.9pt; background-color: transparent;">
<p class="Normal-P" style="margin-bottom: 6pt; text-align: justify; text-justify: inter-ideograph; direction: ltr; unicode-bidi: normal;"><span class="Normal-H"><img loading="lazy" decoding="async" class="" src="http://www.adrianwood.ch/wp-content/uploads/2016/07/1469693135_image2.jpeg" width="346" height="230" data-link="" /></span></p>
</td>
</tr>
<tr class="-R">
<td class="-C" style="width: 492.7pt; background-color: transparent;" colspan="2">
<p class="Normal-P" style="margin-bottom: 6pt; text-align: justify; text-justify: inter-ideograph; direction: ltr; unicode-bidi: normal;"><span class="Normal-H">Wanderung: ab 13.15 auf asphaltierter Strasse über einen Hügel mit Olivenhainen, blumen-reichen Wiesen und bunten Sträuchern, einer Müllhalde wo es sich Seemöven gut gehen liessen, dann an Weinbergen vorbei bis zum Niederstieg, diesmal als Fussweg zum Strand U. Rasohatica in 2 Stunden.</span></p>
</td>
</tr>
<tr class="-R">
<td class="-C" style="width: 244.8pt; background-color: transparent;">
<p class="Normal-P" style="margin-bottom: 6pt; text-align: justify; text-justify: inter-ideograph; direction: ltr; unicode-bidi: normal;"><span class="Normal-H"><img loading="lazy" decoding="async" class="" src="http://www.adrianwood.ch/wp-content/uploads/2016/07/1469693135_image3.jpeg" width="346" height="232" data-link="" /></span></p>
</td>
<td class="-C" style="width: 247.9pt; background-color: transparent;">
<p class="Normal-P" style="margin-bottom: 6pt; text-align: justify; text-justify: inter-ideograph; direction: ltr; unicode-bidi: normal;"><span class="Normal-H"><img loading="lazy" decoding="async" class="" src="http://www.adrianwood.ch/wp-content/uploads/2016/07/1469693135_image4.jpeg" width="346" height="230" data-link="" /></span></p>
</td>
</tr>
<tr class="-R">
<td class="-C" style="width: 492.7pt; background-color: transparent;" colspan="2">
<p class="Normal-P" style="margin-bottom: 6pt; text-align: justify; text-justify: inter-ideograph; direction: ltr; unicode-bidi: normal;"><span class="Normal-H">Einige nehmen ein Bad, das Wasser ist passabel warm (Marianne). Rückweg ab 16.00, am Schluss über einen anderen schöneren Weg mit Schotterstrasse, dann mit vielen Treppenstufen in das südliche Dorfteil. Ein Bier im Café Maestral am Quai mit den Palmen. Adrian, Vreni Schepperle und Susanne Neuenschwander zweigen noch vorher ab und gehen zum Sandstrand Przina nahe beim Dorf baden.</span></p>
</td>
</tr>
<tr class="-R">
<td class="-C" style="width: 244.8pt; background-color: transparent;">
<p class="Normal-P" style="margin-bottom: 6pt; text-align: justify; text-justify: inter-ideograph; direction: ltr; unicode-bidi: normal;"><span class="Normal-H"><img loading="lazy" decoding="async" class="" src="http://www.adrianwood.ch/wp-content/uploads/2016/07/1469693135_image5.jpeg" width="346" height="232" data-link="" /></span></p>
</td>
<td class="-C" style="width: 247.9pt; background-color: transparent;">
<p class="Normal-P" style="margin-bottom: 6pt; text-align: justify; text-justify: inter-ideograph; direction: ltr; unicode-bidi: normal;"><span class="Normal-H"><img loading="lazy" decoding="async" class="" src="http://www.adrianwood.ch/wp-content/uploads/2016/07/1469693135_image6.jpeg" width="346" height="232" data-link="" /></span></p>
</td>
</tr>
<tr class="-R">
<td class="-C" style="width: 492.7pt; background-color: transparent;" colspan="2">
<p class="Normal-P" style="margin-bottom: 6pt; text-align: justify; text-justify: inter-ideograph; direction: ltr; unicode-bidi: normal;"><span class="Normal-H">19.30 Captains Dinner: Arsen, unser Kapitän, begrüsst uns. als Apéritiv eine Art Nocino (Prosek). Wir stossen an: &#8220;zivili&#8221; = Prosit (schiwili ausgesprochen).</span></p>
</td>
</tr>
<tr class="-R">
<td class="-C" style="width: 244.8pt; background-color: transparent;">
<p class="Normal-P" style="margin-bottom: 6pt; text-align: justify; text-justify: inter-ideograph; direction: ltr; unicode-bidi: normal;"><span class="Normal-H"><img loading="lazy" decoding="async" class="" src="http://www.adrianwood.ch/wp-content/uploads/2016/07/1469693135_image7.jpeg" width="346" height="232" data-link="" /></span></p>
</td>
<td class="-C" style="width: 247.9pt; background-color: transparent;">
<p class="Normal-P" style="margin-bottom: 6pt; text-align: justify; text-justify: inter-ideograph; direction: ltr; unicode-bidi: normal;"><span class="Normal-H"><img loading="lazy" decoding="async" class="" src="http://www.adrianwood.ch/wp-content/uploads/2016/07/1469693135_image8.jpeg" width="346" height="230" data-link="" /></span></p>
</td>
</tr>
<tr class="-R">
<td class="-C" style="width: 492.7pt; background-color: transparent;" colspan="2">
<p class="Normal-P" style="margin-bottom: 6pt; text-align: justify; text-justify: inter-ideograph; direction: ltr; unicode-bidi: normal;"><span class="Normal-H">Erster Gang: Thunfischpastete mit Beilagen. Zweiter Gang Fisch: Skarpina mit Gemüse (Peperoni) und ausgezeichneter Sauce aus Olivenöl, Knoblauch und Persil. Zum Dessert ein Patisserie-Kuchen. Als Weisswein kroatischer Chardonnay. Philippe</span></p>
</td>
</tr>
<tr class="-R">
<td class="-C" style="width: 492.7pt; background-color: transparent;" colspan="2">
<p class="Normal-P" style="margin-bottom: 6pt; text-align: justify; text-justify: inter-ideograph; direction: ltr; unicode-bidi: normal;"><span class="Normal-H"><img loading="lazy" decoding="async" class="" src="http://www.adrianwood.ch/wp-content/uploads/2016/07/1469693135_image9.jpeg" width="736" height="365" data-link="" /></span></p>
</td>
</tr>
<tr class="-R">
<td class="-C" style="width: 492.7pt; background-color: transparent;" colspan="2">
<p class="Normal-P" style="margin-bottom: 6pt; text-align: justify; text-justify: inter-ideograph; direction: ltr; unicode-bidi: normal;"><span class="Normal-H"><img loading="lazy" decoding="async" class="" src="http://www.adrianwood.ch/wp-content/uploads/2016/07/1469693135_image10.jpeg" width="733" height="381" data-link="" /></span></p>
</td>
</tr>
<p><!-- [if !supportMisalignedColumns]--></tbody>
</table>

<p>Mittwoch, 18.05.2016, Lumarda auf der Insel Korcula  Einige Nachtschwärmer von uns wurden abends zuvor in Dubrovnik von Jazzklängen aus dem Strassencafé Klarisa in der Nähe des Eingangstores angelockt. Dort spielte nämlich Brian Sukovez und seine Band mit Gitarre, Saxophon und Kontrabass und zog uns bis spät in die Nacht hinein in ihrem Bann. Mit der &hellip; <a href="https://www.adrianwood.ch/?page_id=9415" class="more-link">Continue reading <span class="screen-reader-text">05-18 Lumbarda</span> <span class="meta-nav">&rarr;</span></a></p>
