{"id":942,"date":"2011-02-11T18:21:16","date_gmt":"2011-02-11T17:21:16","guid":{"rendered":"http:\/\/adrianwood.ch\/"},"modified":"2011-02-11T18:21:16","modified_gmt":"2011-02-11T17:21:16","slug":"05-07-ano-meros","status":"publish","type":"page","link":"https:\/\/www.adrianwood.ch\/?page_id=942","title":{"rendered":"05-07 Ano Meros"},"content":{"rendered":"<h2>Mittwoch 7.Mai, Besteigung mit Picnic, Ano Meros &#8211; Alp Tripiti<\/h2>\n<table border=\"0\" cellspacing=\"0\" cellpadding=\"0\">\n<tbody>\n<tr>\n<td colspan=\"2\" width=\"657\" valign=\"top\">Die Abfahrt war ein wenig versp\u00e4tet weil die Wirtin uns das Picknick mitgeben wollte und Adrian es noch\u00a0 einpacken musste. Unterwegs musste der Chauffeur nach dem Weg fragen, eine \u00e4ltere Dame war so herzlich und marschierte vor dem Bus her um uns den richtigen Weg\u00a0 zu zeigen.<\/td>\n<\/tr>\n<tr>\n<td width=\"328\" valign=\"top\">\u00a0<img decoding=\"async\" class=\"ngg-singlepic ngg-none\" src=\"http:\/\/adrianwood.ch\/wp-content\/gallery\/kreta0814\/image001_r4.jpg\" alt=\"image001_r4\" \/><\/td>\n<td width=\"328\" valign=\"top\">\u00a0<img decoding=\"async\" class=\"ngg-singlepic ngg-none\" src=\"http:\/\/adrianwood.ch\/wp-content\/gallery\/kreta0814\/image003_r4.jpg\" alt=\"image003_r4\" \/><\/td>\n<\/tr>\n<tr>\n<td colspan=\"2\" width=\"657\" valign=\"top\">Die Landschaft war sehr abwechslungsreich, bl\u00fchende Ginster, K\u00f6nigskerzen, Olivenba\u00fcme. Von Ano Meros ging die Wanderung los, nach kurzer Zeit erreichten wir die renovierte Kapelle Kaloidhena, die zu einem Kloster geh\u00f6rte und im Jahre 1821 von den T\u00fcrken zerst\u00f6rt wurde.<\/td>\n<\/tr>\n<tr>\n<td width=\"328\" valign=\"top\">\u00a0<img decoding=\"async\" class=\"ngg-singlepic ngg-none\" src=\"http:\/\/adrianwood.ch\/wp-content\/gallery\/kreta0814\/image005_r4.jpg\" alt=\"OLYMPUS DIGITAL CAMERA\" \/><\/td>\n<td width=\"328\" valign=\"top\">\u00a0<img decoding=\"async\" class=\"ngg-singlepic ngg-none\" src=\"http:\/\/adrianwood.ch\/wp-content\/gallery\/kreta0814\/image007_r4.jpg\" alt=\"image007_r4\" \/><\/td>\n<\/tr>\n<tr>\n<td colspan=\"2\" width=\"657\" valign=\"top\">Auf dem Weg zu dem Gipfel gingen wir \u00fcber freies Gel\u00e4nde bis wir den Fahrweg kreuzten. Diesem folgten wir bis zu den H\u00f6hlen, die als Unterkunft f\u00fcr Schafe genutzt werden. Selbst der Hirt hat sich eingebettet. In der Umgebung bl\u00fchten viele gelbe Arum und dornige Bibernellen die aussahen wie ein Teppich (polstern ) aber wen man ihr zu nahe kommt sehr stachelig waren.<\/td>\n<\/tr>\n<tr>\n<td width=\"328\" valign=\"top\">\u00a0<img decoding=\"async\" class=\"ngg-singlepic ngg-none\" src=\"http:\/\/adrianwood.ch\/wp-content\/gallery\/kreta0814\/image009_r4.jpg\" alt=\"image009_r4\" \/><\/td>\n<td width=\"328\" valign=\"top\">\u00a0<img decoding=\"async\" class=\"ngg-singlepic ngg-none\" src=\"http:\/\/adrianwood.ch\/wp-content\/gallery\/kreta0814\/image011_r4.jpg\" alt=\"image011_r4\" \/><\/td>\n<\/tr>\n<tr>\n<td colspan=\"2\" width=\"657\" valign=\"top\">Einige von der Gruppe bestiegen ein Schulter des Kehdros um den herrlichen Blick auf die Messara Ebene und das Libysche Meer zu geniessen, w\u00e4hrend die anderen das Mittagsbuffet organisierten. Es sah sehr lecker aus, wir haben es sehr genossen. Selbst der Raki fehlte nicht, merci an Adrian.<\/td>\n<\/tr>\n<tr>\n<td width=\"328\" valign=\"top\">\u00a0<img decoding=\"async\" class=\"ngg-singlepic ngg-none\" src=\"http:\/\/adrianwood.ch\/wp-content\/gallery\/kreta0814\/image013_r4.jpg\" alt=\"image013_r4\" \/><\/td>\n<td width=\"328\" valign=\"top\">\u00a0<img decoding=\"async\" class=\"ngg-singlepic ngg-none\" src=\"http:\/\/adrianwood.ch\/wp-content\/gallery\/kreta0814\/image015_r4.jpg\" alt=\"DCF 1.0\" \/><\/td>\n<\/tr>\n<tr>\n<td colspan=\"2\" width=\"657\" valign=\"top\">Nach einer kleinen \u201csiesta\u201c ging es den gleichen Weg zur\u00fcck. Leider kamen wir nicht ganz trocken an. Im Dorf angekommen haben wir uns in zwei Tavernen verteilt. F\u00fcr eine Gruppe war die Zeit zu knapp um den vom Wirt spendieren Raki zu geniessen.<\/td>\n<\/tr>\n<tr>\n<td width=\"328\" valign=\"top\">\u00a0<img decoding=\"async\" class=\"ngg-singlepic ngg-none\" src=\"http:\/\/adrianwood.ch\/wp-content\/gallery\/kreta0814\/image017_r4.jpg\" alt=\"image017_r4\" \/><\/td>\n<td width=\"328\" valign=\"top\">\u00a0<img decoding=\"async\" class=\"ngg-singlepic ngg-none\" src=\"http:\/\/adrianwood.ch\/wp-content\/gallery\/kreta0814\/image019_r4.jpg\" alt=\"DCF 1.0\" \/><\/td>\n<\/tr>\n<tr>\n<td colspan=\"2\" width=\"657\" valign=\"top\">Nach den kleinen Umtrunk und einer l\u00e4ngeren Fahrt erreichten wir Agia Gallini. Hier bezogen wir unsere Unterkunft f\u00fcr die n\u00e4chsten zwei Tage. Zum Gl\u00fcck waren die Temperaturen nicht sehr hoch, so konnten wir das suppl\u00e9ment f\u00fcr die Klimaanlage und K\u00fchlschrank sparen.\u00a0<\/td>\n<\/tr>\n<tr>\n<td width=\"328\" valign=\"top\">\u00a0<img decoding=\"async\" class=\"ngg-singlepic ngg-none\" src=\"http:\/\/adrianwood.ch\/wp-content\/gallery\/kreta0814\/image021_r4.jpg\" alt=\"OLYMPUS DIGITAL CAMERA\" \/><\/td>\n<td width=\"328\" valign=\"top\">\u00a0<img decoding=\"async\" class=\"ngg-singlepic ngg-none\" src=\"http:\/\/adrianwood.ch\/wp-content\/gallery\/kreta0814\/image023_r4.jpg\" alt=\"image023_r4\" \/><\/td>\n<\/tr>\n<tr>\n<td colspan=\"2\" width=\"657\" valign=\"top\">Danke Adrian, es war ein sch\u00f6ner Tag.Anne-Marie<\/td>\n<\/tr>\n<\/tbody>\n<\/table>\n<p>\u00a0<img decoding=\"async\" class=\"ngg-singlepic ngg-none\" src=\"http:\/\/adrianwood.ch\/wp-content\/gallery\/kreta0814\/image025_r3.jpg\" alt=\"image025_r3\" \/><\/p>\n","protected":false},"excerpt":{"rendered":"<p>Mittwoch 7.Mai, Besteigung mit Picnic, Ano Meros &#8211; Alp Tripiti Die Abfahrt war ein wenig versp\u00e4tet weil die Wirtin uns das Picknick mitgeben wollte und Adrian es noch\u00a0 einpacken musste. Unterwegs musste der Chauffeur nach dem Weg fragen, eine \u00e4ltere Dame war so herzlich und marschierte vor dem Bus her um uns den richtigen Weg\u00a0 &hellip; <a href=\"https:\/\/www.adrianwood.ch\/?page_id=942\" class=\"more-link\">Continue reading <span class=\"screen-reader-text\">05-07 Ano Meros<\/span> <span class=\"meta-nav\">&rarr;<\/span><\/a><\/p>\n","protected":false},"author":1,"featured_media":0,"parent":792,"menu_order":2294,"comment_status":"closed","ping_status":"closed","template":"","meta":{"ngg_post_thumbnail":0,"footnotes":""},"class_list":["post-942","page","type-page","status-publish","hentry"],"_links":{"self":[{"href":"https:\/\/www.adrianwood.ch\/index.php?rest_route=\/wp\/v2\/pages\/942","targetHints":{"allow":["GET"]}}],"collection":[{"href":"https:\/\/www.adrianwood.ch\/index.php?rest_route=\/wp\/v2\/pages"}],"about":[{"href":"https:\/\/www.adrianwood.ch\/index.php?rest_route=\/wp\/v2\/types\/page"}],"author":[{"embeddable":true,"href":"https:\/\/www.adrianwood.ch\/index.php?rest_route=\/wp\/v2\/users\/1"}],"replies":[{"embeddable":true,"href":"https:\/\/www.adrianwood.ch\/index.php?rest_route=%2Fwp%2Fv2%2Fcomments&post=942"}],"version-history":[{"count":0,"href":"https:\/\/www.adrianwood.ch\/index.php?rest_route=\/wp\/v2\/pages\/942\/revisions"}],"up":[{"embeddable":true,"href":"https:\/\/www.adrianwood.ch\/index.php?rest_route=\/wp\/v2\/pages\/792"}],"wp:attachment":[{"href":"https:\/\/www.adrianwood.ch\/index.php?rest_route=%2Fwp%2Fv2%2Fmedia&parent=942"}],"curies":[{"name":"wp","href":"https:\/\/api.w.org\/{rel}","templated":true}]}}

<h2>Mittwoch 7.Mai, Besteigung mit Picnic, Ano Meros &#8211; Alp Tripiti</h2>
<table border="0" cellspacing="0" cellpadding="0">
<tbody>
<tr>
<td colspan="2" width="657" valign="top">Die Abfahrt war ein wenig verspätet weil die Wirtin uns das Picknick mitgeben wollte und Adrian es noch  einpacken musste. Unterwegs musste der Chauffeur nach dem Weg fragen, eine ältere Dame war so herzlich und marschierte vor dem Bus her um uns den richtigen Weg  zu zeigen.</td>
</tr>
<tr>
<td width="328" valign="top"> <img decoding="async" class="ngg-singlepic ngg-none" src="http://adrianwood.ch/wp-content/gallery/kreta0814/image001_r4.jpg" alt="image001_r4" /></td>
<td width="328" valign="top"> <img decoding="async" class="ngg-singlepic ngg-none" src="http://adrianwood.ch/wp-content/gallery/kreta0814/image003_r4.jpg" alt="image003_r4" /></td>
</tr>
<tr>
<td colspan="2" width="657" valign="top">Die Landschaft war sehr abwechslungsreich, blühende Ginster, Königskerzen, Olivenbaüme. Von Ano Meros ging die Wanderung los, nach kurzer Zeit erreichten wir die renovierte Kapelle Kaloidhena, die zu einem Kloster gehörte und im Jahre 1821 von den Türken zerstört wurde.</td>
</tr>
<tr>
<td width="328" valign="top"> <img decoding="async" class="ngg-singlepic ngg-none" src="http://adrianwood.ch/wp-content/gallery/kreta0814/image005_r4.jpg" alt="OLYMPUS DIGITAL CAMERA" /></td>
<td width="328" valign="top"> <img decoding="async" class="ngg-singlepic ngg-none" src="http://adrianwood.ch/wp-content/gallery/kreta0814/image007_r4.jpg" alt="image007_r4" /></td>
</tr>
<tr>
<td colspan="2" width="657" valign="top">Auf dem Weg zu dem Gipfel gingen wir über freies Gelände bis wir den Fahrweg kreuzten. Diesem folgten wir bis zu den Höhlen, die als Unterkunft für Schafe genutzt werden. Selbst der Hirt hat sich eingebettet. In der Umgebung blühten viele gelbe Arum und dornige Bibernellen die aussahen wie ein Teppich (polstern ) aber wen man ihr zu nahe kommt sehr stachelig waren.</td>
</tr>
<tr>
<td width="328" valign="top"> <img decoding="async" class="ngg-singlepic ngg-none" src="http://adrianwood.ch/wp-content/gallery/kreta0814/image009_r4.jpg" alt="image009_r4" /></td>
<td width="328" valign="top"> <img decoding="async" class="ngg-singlepic ngg-none" src="http://adrianwood.ch/wp-content/gallery/kreta0814/image011_r4.jpg" alt="image011_r4" /></td>
</tr>
<tr>
<td colspan="2" width="657" valign="top">Einige von der Gruppe bestiegen ein Schulter des Kehdros um den herrlichen Blick auf die Messara Ebene und das Libysche Meer zu geniessen, während die anderen das Mittagsbuffet organisierten. Es sah sehr lecker aus, wir haben es sehr genossen. Selbst der Raki fehlte nicht, merci an Adrian.</td>
</tr>
<tr>
<td width="328" valign="top"> <img decoding="async" class="ngg-singlepic ngg-none" src="http://adrianwood.ch/wp-content/gallery/kreta0814/image013_r4.jpg" alt="image013_r4" /></td>
<td width="328" valign="top"> <img decoding="async" class="ngg-singlepic ngg-none" src="http://adrianwood.ch/wp-content/gallery/kreta0814/image015_r4.jpg" alt="DCF 1.0" /></td>
</tr>
<tr>
<td colspan="2" width="657" valign="top">Nach einer kleinen “siesta“ ging es den gleichen Weg zurück. Leider kamen wir nicht ganz trocken an. Im Dorf angekommen haben wir uns in zwei Tavernen verteilt. Für eine Gruppe war die Zeit zu knapp um den vom Wirt spendieren Raki zu geniessen.</td>
</tr>
<tr>
<td width="328" valign="top"> <img decoding="async" class="ngg-singlepic ngg-none" src="http://adrianwood.ch/wp-content/gallery/kreta0814/image017_r4.jpg" alt="image017_r4" /></td>
<td width="328" valign="top"> <img decoding="async" class="ngg-singlepic ngg-none" src="http://adrianwood.ch/wp-content/gallery/kreta0814/image019_r4.jpg" alt="DCF 1.0" /></td>
</tr>
<tr>
<td colspan="2" width="657" valign="top">Nach den kleinen Umtrunk und einer längeren Fahrt erreichten wir Agia Gallini. Hier bezogen wir unsere Unterkunft für die nächsten zwei Tage. Zum Glück waren die Temperaturen nicht sehr hoch, so konnten wir das supplément für die Klimaanlage und Kühlschrank sparen. </td>
</tr>
<tr>
<td width="328" valign="top"> <img decoding="async" class="ngg-singlepic ngg-none" src="http://adrianwood.ch/wp-content/gallery/kreta0814/image021_r4.jpg" alt="OLYMPUS DIGITAL CAMERA" /></td>
<td width="328" valign="top"> <img decoding="async" class="ngg-singlepic ngg-none" src="http://adrianwood.ch/wp-content/gallery/kreta0814/image023_r4.jpg" alt="image023_r4" /></td>
</tr>
<tr>
<td colspan="2" width="657" valign="top">Danke Adrian, es war ein schöner Tag.Anne-Marie</td>
</tr>
</tbody>
</table>
<p> <img decoding="async" class="ngg-singlepic ngg-none" src="http://adrianwood.ch/wp-content/gallery/kreta0814/image025_r3.jpg" alt="image025_r3" /></p>

<p>Mittwoch 7.Mai, Besteigung mit Picnic, Ano Meros &#8211; Alp Tripiti Die Abfahrt war ein wenig verspätet weil die Wirtin uns das Picknick mitgeben wollte und Adrian es noch  einpacken musste. Unterwegs musste der Chauffeur nach dem Weg fragen, eine ältere Dame war so herzlich und marschierte vor dem Bus her um uns den richtigen Weg  &hellip; <a href="https://www.adrianwood.ch/?page_id=942" class="more-link">Continue reading <span class="screen-reader-text">05-07 Ano Meros</span> <span class="meta-nav">&rarr;</span></a></p>
