{"id":9858,"date":"2016-08-04T17:11:15","date_gmt":"2016-08-04T17:11:15","guid":{"rendered":"http:\/\/www.adrianwood.ch\/?page_id=9858"},"modified":"2016-08-04T17:16:05","modified_gmt":"2016-08-04T17:16:05","slug":"9858-2","status":"publish","type":"page","link":"https:\/\/www.adrianwood.ch\/?page_id=9858","title":{"rendered":"05-01 Caldera"},"content":{"rendered":"<p class=\"Normal-P\" style=\"margin-bottom: 6pt; text-align: justify; text-justify: inter-ideograph; direction: ltr; unicode-bidi: normal;\"><span class=\"Normal-H\"><span style=\"font-weight: bold; font-size: 11pt; color: gray;\">1. Mai, Caldera de Taburiente \u2013 National Parc<\/span><\/span><\/p>\n<p class=\"Normal-P\" style=\"margin-bottom: 6pt; text-align: justify; text-justify: inter-ideograph; direction: ltr; unicode-bidi: normal;\"><span class=\"Normal-H\"><span style=\"font-size: 11pt;\">Teilnehmer: alle ausser Christine, Daniel und Monika<\/span><\/span><\/p>\n<table class=\"TableGrid-T\" style=\"border-collapse: collapse;\" cellspacing=\"0\">\n<tbody>\n<tr class=\"-R\">\n<td class=\"-C\" style=\"width: 492.7pt;\" colspan=\"2\">\n<p class=\"Normal-P\" style=\"margin-bottom: 6pt; text-align: justify; text-justify: inter-ideograph; direction: ltr; unicode-bidi: normal;\"><span class=\"Normal-H\"><span style=\"font-size: 11pt;\">Heute beginnt die erste<\/span><span style=\"font-size: 11pt;\">Tour, die ein wenig l\u00e4nger ist. Wir fahren zuerst ein kurzes St\u00fcck mit unserem Reisecar, um anschliessend in zwei Kleinbusse umzusteigen. Die Bergabfahrt ist ganz angenehm und zur \u00dcberraschung eines Teilnehmers, welcher diese Tour vor 3 Jahren schon mal gemacht hat, super geteert. Erst als wir die Talsohle durchfahren, beginnt die Sch\u00fcttel- und Staubtour. Hoch schl\u00e4ngelt sich der Fahrweg \u00fcber viele Windungen hinauf und sch\u00fcttelt und staubt uns ein. Schw\u00e4chere Nerven w\u00e4hlen keinen Fensterplatz, um nicht in die Tiefe sehen zu m\u00fcssen (vor allem wegen der schmalen Strassenspur).<\/span><\/span><\/p>\n<\/td>\n<\/tr>\n<tr class=\"-R\">\n<td class=\"-C\" style=\"width: 246.35pt;\">\n<p class=\"Normal-P\" style=\"text-align: justify; text-justify: inter-ideograph; direction: ltr; unicode-bidi: normal;\"><span class=\"Normal-H\"><span style=\"font-size: 11pt;\"><img loading=\"lazy\" decoding=\"async\" class=\"\" src=\"http:\/\/www.adrianwood.ch\/wp-content\/uploads\/2016\/08\/1470330579_image1.jpg\" width=\"347\" height=\"230\" data-link=\"\" \/><\/span><\/span><\/p>\n<\/td>\n<td class=\"-C\" style=\"width: 246.35pt;\">\n<p class=\"Normal-P\" style=\"margin-bottom: 6pt; text-align: justify; text-justify: inter-ideograph; direction: ltr; unicode-bidi: normal;\"><span class=\"Normal-H\"><span style=\"font-size: 11pt;\"><img loading=\"lazy\" decoding=\"async\" class=\"\" src=\"http:\/\/www.adrianwood.ch\/wp-content\/uploads\/2016\/08\/1470330579_image2.jpeg\" width=\"347\" height=\"230\" data-link=\"\" \/><\/span><\/span><\/p>\n<\/td>\n<\/tr>\n<tr class=\"-R\">\n<td class=\"-C\" style=\"width: 492.7pt;\" colspan=\"2\">\n<p class=\"Normal-P\" style=\"margin-bottom: 6pt; text-align: justify; text-justify: inter-ideograph; direction: ltr; unicode-bidi: normal;\"><span class=\"Normal-H\"><span style=\"font-size: 11pt;\">Oben angekommen geniessen wir einen ersten Ausblick und satteln unser Gep\u00e4ck. Der Abstieg ist wunderbar gut ausgebaut und die \u201eSteigung\u201c verl\u00e4uft sehr angenehm. Mich erinnert es ein wenig an die Samaria Schlucht. Wir wandern durch den sch\u00f6nen Wald mit Kieferb\u00e4umen und treffen auf eine abwechslungsreiche Flora. Nach ca. 250 H\u00f6henmetern Abstieg kommen wir an die Stelle, wo ich mich entscheiden muss, ob ich den Weg Richtung Wasserfall gehen will. Mein Entscheid ist \u2013Wasserfall \u2013 was auch die meisten anderen tun. Ein kleines <\/span><span style=\"font-size: 11pt;\">Gr\u00fcppchen wandert schon weiter abw\u00e4rts in Richtung<\/span><span style=\"font-size: 11pt;\">Fluss. Ich muss mir eingestehen, dass ich den ersten Aussichtspunkt viel sch\u00f6ner fand, als den Ausblick auf den Wasserfall. Aber wir haben so nochmals gute 300m Auf und Abstieg vollbracht.<\/span><\/span><\/p>\n<\/td>\n<\/tr>\n<tr class=\"-R\">\n<td class=\"-C\" style=\"width: 246.35pt;\">\n<p class=\"Normal-P\" style=\"margin-bottom: 6pt; text-align: justify; text-justify: inter-ideograph; direction: ltr; unicode-bidi: normal;\"><span class=\"Normal-H\"><span style=\"font-size: 11pt;\"><img loading=\"lazy\" decoding=\"async\" class=\"\" src=\"http:\/\/www.adrianwood.ch\/wp-content\/uploads\/2016\/08\/1470330579_image3.jpeg\" width=\"347\" height=\"230\" data-link=\"\" \/><\/span><\/span><\/p>\n<\/td>\n<td class=\"-C\" style=\"width: 246.35pt;\">\n<p class=\"Normal-P\" style=\"margin-bottom: 6pt; text-align: justify; text-justify: inter-ideograph; direction: ltr; unicode-bidi: normal;\"><span class=\"Normal-H\"><span style=\"font-size: 11pt;\"><img loading=\"lazy\" decoding=\"async\" class=\"\" src=\"http:\/\/www.adrianwood.ch\/wp-content\/uploads\/2016\/08\/1470330579_image4.jpeg\" width=\"347\" height=\"230\" data-link=\"\" \/><\/span><\/span><\/p>\n<\/td>\n<\/tr>\n<tr class=\"-R\">\n<td class=\"-C\" style=\"width: 492.7pt;\" colspan=\"2\">\n<p class=\"Normal-P\" style=\"margin-bottom: 6pt; text-align: justify; text-justify: inter-ideograph; direction: ltr; unicode-bidi: normal;\"><span class=\"Normal-H\"><span style=\"font-size: 11pt;\">Wieder am Kreuzungspunkt angekommen, marschieren wir ca. 10 min bis zum Fluss und geniessen dort einen wundersch\u00f6nen Mittagshalt. Die F\u00fcsse halte ich in den Bach, der zu meinem Erstaunen gar nicht kalt ist. Gest\u00e4rkt marschieren wir weiter.<\/span><\/span><\/p>\n<\/td>\n<\/tr>\n<tr class=\"-R\">\n<td class=\"-C\" style=\"width: 246.35pt;\">\n<p class=\"Normal-P\" style=\"margin-bottom: 6pt; text-align: justify; text-justify: inter-ideograph; direction: ltr; unicode-bidi: normal;\"><span class=\"Normal-H\"><span style=\"font-size: 11pt;\"><img loading=\"lazy\" decoding=\"async\" class=\"\" src=\"http:\/\/www.adrianwood.ch\/wp-content\/uploads\/2016\/08\/1470330579_image5.jpeg\" width=\"347\" height=\"230\" data-link=\"\" \/><\/span><\/span><\/p>\n<\/td>\n<td class=\"-C\" style=\"width: 246.35pt;\">\n<p class=\"Normal-P\" style=\"margin-bottom: 6pt; text-align: justify; text-justify: inter-ideograph; direction: ltr; unicode-bidi: normal;\"><span class=\"Normal-H\"><span style=\"font-size: 11pt;\"><img loading=\"lazy\" decoding=\"async\" class=\"\" src=\"http:\/\/www.adrianwood.ch\/wp-content\/uploads\/2016\/08\/1470330579_image6.jpeg\" width=\"347\" height=\"230\" data-link=\"\" \/><\/span><\/span><\/p>\n<\/td>\n<\/tr>\n<tr class=\"-R\">\n<td class=\"-C\" style=\"width: 492.7pt;\" colspan=\"2\">\n<p class=\"Normal-P\" style=\"margin-bottom: 6pt; text-align: justify; text-justify: inter-ideograph; direction: ltr; unicode-bidi: normal;\"><span class=\"Normal-H\"><span style=\"font-size: 11pt;\">Nach <\/span><span style=\"font-size: 11pt;\">Dos <\/span><span style=\"font-size: 11pt;\">A<\/span><span style=\"font-size: 11pt;\">g<\/span><span style=\"font-size: 11pt;\">uas f\u00e4ngt nun der anspruchsvolle Weg an. Wir w\u00e4hlen die Route \u201eonly for experts\u201c was wohl mit &#8230;nur f\u00fcr ge\u00fcbte Bergg\u00e4nger\u201c zu \u00fcbersetzen ist. Selbstredend sind wir das alle! Etwas sp\u00e4ter kommen wir am Flussgrund an. Hier ist es mit dem sorglosen laufen vorbei und die Tritte m\u00fcssen gut gew\u00e4hlt werden. Wir queren den Fluss zig mal und \u00fcberlegen uns st\u00e4ndig, an welcher Stelle wir am besten den Fluss durchqueren. Mal zick zack einer virtuellen Linie folgend mit abwechselnd eingestreuten Weg<\/span><span style=\"font-size: 11pt;\">&#8211;<\/span><span style=\"font-size: 11pt;\">markierungen suchen wir uns den Weg \u00fcber die Steine.<\/span><\/span><\/p>\n<\/td>\n<\/tr>\n<tr class=\"-R\">\n<td class=\"-C\" style=\"width: 246.35pt;\">\n<p class=\"Normal-P\" style=\"margin-bottom: 6pt; text-align: justify; text-justify: inter-ideograph; direction: ltr; unicode-bidi: normal;\"><span class=\"Normal-H\"><span style=\"font-size: 11pt;\"><img loading=\"lazy\" decoding=\"async\" class=\"\" src=\"http:\/\/www.adrianwood.ch\/wp-content\/uploads\/2016\/08\/1470330579_image7.jpeg\" width=\"347\" height=\"230\" data-link=\"\" \/><\/span><\/span><\/p>\n<\/td>\n<td class=\"-C\" style=\"width: 246.35pt;\">\n<p class=\"Normal-P\" style=\"margin-bottom: 6pt; direction: ltr; unicode-bidi: normal;\"><span class=\"Normal-H\"><span style=\"font-size: 11pt;\"><img loading=\"lazy\" decoding=\"async\" class=\"\" src=\"http:\/\/www.adrianwood.ch\/wp-content\/uploads\/2016\/08\/1470330579_image8.jpeg\" width=\"347\" height=\"230\" data-link=\"\" \/><\/span><\/span><\/p>\n<\/td>\n<\/tr>\n<tr class=\"-R\">\n<td class=\"-C\" style=\"width: 492.7pt;\" colspan=\"2\">\n<p class=\"Normal-P\" style=\"margin-bottom: 6pt; text-align: justify; text-justify: inter-ideograph; direction: ltr; unicode-bidi: normal;\"><span class=\"Normal-H\"><span style=\"font-size: 11pt;\">Das erfordert zum Teil erh\u00f6hte Konzentration und fordert uns st\u00e4rker heraus<\/span><span style=\"font-size: 11pt;\">. Durch einige Miss-Tritte und &#8211;<\/span><span style=\"font-size: 11pt;\">Geschicke bei diesem Balanceakt \u00fcber die Flussgesteine wurde auch unfreiwillig baden gegangen. Unter anderem ist Marlies ausgerutscht und baden gegangen. Doch durch das beherzte Eingreifen von Brigitte \u201e es war keine Heldentat, sonder nur eine gute Tat\u201c konnte geholfen werden. Die Wanderst\u00f6cke wurden wieder aus dem Wasser gefischt. Dabei wurde festgestellt, dass das Wasser gar nicht kalt ist so das<\/span><span style=\"font-size: 11pt;\"> es Marlies und Brigitte zum baden verleitete. Dies zog noch einige andere Badenixen an.<\/span><\/span><\/p>\n<\/td>\n<\/tr>\n<tr class=\"-R\">\n<td class=\"-C\" style=\"width: 246.35pt;\">\n<p class=\"Normal-P\" style=\"margin-bottom: 6pt; text-align: justify; text-justify: inter-ideograph; direction: ltr; unicode-bidi: normal;\"><span class=\"Normal-H\"><span style=\"font-size: 11pt;\"><img loading=\"lazy\" decoding=\"async\" class=\"\" src=\"http:\/\/www.adrianwood.ch\/wp-content\/uploads\/2016\/08\/1470330579_image9.jpeg\" width=\"347\" height=\"240\" data-link=\"\" \/><\/span><\/span><\/p>\n<\/td>\n<td class=\"-C\" style=\"width: 246.35pt;\">\n<p class=\"Normal-P\" style=\"margin-bottom: 6pt; text-align: justify; text-justify: inter-ideograph; direction: ltr; unicode-bidi: normal;\"><span class=\"Normal-H\"><span style=\"font-size: 11pt;\"><img loading=\"lazy\" decoding=\"async\" class=\"\" src=\"http:\/\/www.adrianwood.ch\/wp-content\/uploads\/2016\/08\/1470330579_image10.jpg\" width=\"347\" height=\"230\" data-link=\"\" \/><\/span><\/span><\/p>\n<\/td>\n<\/tr>\n<tr class=\"-R\">\n<td class=\"-C\" style=\"width: 492.7pt;\" colspan=\"2\">\n<p class=\"Normal-P\" style=\"margin-bottom: 6pt; text-align: justify; text-justify: inter-ideograph; direction: ltr; unicode-bidi: normal;\"><span class=\"Normal-H\"><span style=\"font-size: 11pt;\">Gest\u00e4rkt wird nun die Wanderung fortgesetzt. Die Sonne scheint gnadenlos in den Talkessel. Und dies kombiniert mit einigen speziellen Turn\u00fcbungen (leichter Kletterabstieg) w\u00fcnschen sich doch viele der Teilnehmer ein baldiges Ende der Wanderung herbei. Ja wir haben uns schon gefragt warum eine Wanderung mit \u201enur\u201c 700m Abstieg eine anstrengende Wanderung sein soll. Ich denke, am Schluss der Tour <\/span><span style=\"font-size: 11pt;\">wussten wir es alle, dass so ein Bachbett seine T\u00fccken und Sch\u00f6nheiten haben kann.<\/span><\/span><\/p>\n<p class=\"Normal-P\" style=\"margin-bottom: 6pt; text-align: justify; text-justify: inter-ideograph; direction: ltr; unicode-bidi: normal;\"><span class=\"Normal-H\"><span style=\"font-size: 11pt;\">Merci f\u00fcr d\u00e4 Daag Niggi<\/span><\/span><\/p>\n<\/td>\n<\/tr>\n<\/tbody>\n<\/table>\n","protected":false},"excerpt":{"rendered":"<p>1. Mai, Caldera de Taburiente \u2013 National Parc Teilnehmer: alle ausser Christine, Daniel und Monika Heute beginnt die ersteTour, die ein wenig l\u00e4nger ist. Wir fahren zuerst ein kurzes St\u00fcck mit unserem Reisecar, um anschliessend in zwei Kleinbusse umzusteigen. Die Bergabfahrt ist ganz angenehm und zur \u00dcberraschung eines Teilnehmers, welcher diese Tour vor 3 Jahren &hellip; <a href=\"https:\/\/www.adrianwood.ch\/?page_id=9858\" class=\"more-link\">Continue reading <span class=\"screen-reader-text\">05-01 Caldera<\/span> <span class=\"meta-nav\">&rarr;<\/span><\/a><\/p>\n","protected":false},"author":1,"featured_media":0,"parent":9478,"menu_order":2225,"comment_status":"closed","ping_status":"closed","template":"","meta":{"ngg_post_thumbnail":0,"footnotes":""},"class_list":["post-9858","page","type-page","status-publish","hentry"],"_links":{"self":[{"href":"https:\/\/www.adrianwood.ch\/index.php?rest_route=\/wp\/v2\/pages\/9858","targetHints":{"allow":["GET"]}}],"collection":[{"href":"https:\/\/www.adrianwood.ch\/index.php?rest_route=\/wp\/v2\/pages"}],"about":[{"href":"https:\/\/www.adrianwood.ch\/index.php?rest_route=\/wp\/v2\/types\/page"}],"author":[{"embeddable":true,"href":"https:\/\/www.adrianwood.ch\/index.php?rest_route=\/wp\/v2\/users\/1"}],"replies":[{"embeddable":true,"href":"https:\/\/www.adrianwood.ch\/index.php?rest_route=%2Fwp%2Fv2%2Fcomments&post=9858"}],"version-history":[{"count":4,"href":"https:\/\/www.adrianwood.ch\/index.php?rest_route=\/wp\/v2\/pages\/9858\/revisions"}],"predecessor-version":[{"id":9873,"href":"https:\/\/www.adrianwood.ch\/index.php?rest_route=\/wp\/v2\/pages\/9858\/revisions\/9873"}],"up":[{"embeddable":true,"href":"https:\/\/www.adrianwood.ch\/index.php?rest_route=\/wp\/v2\/pages\/9478"}],"wp:attachment":[{"href":"https:\/\/www.adrianwood.ch\/index.php?rest_route=%2Fwp%2Fv2%2Fmedia&parent=9858"}],"curies":[{"name":"wp","href":"https:\/\/api.w.org\/{rel}","templated":true}]}}