{"id":9874,"date":"2016-08-04T17:29:31","date_gmt":"2016-08-04T17:29:31","guid":{"rendered":"http:\/\/www.adrianwood.ch\/?page_id=9874"},"modified":"2016-08-04T17:30:45","modified_gmt":"2016-08-04T17:30:45","slug":"9874-2","status":"publish","type":"page","link":"https:\/\/www.adrianwood.ch\/?page_id=9874","title":{"rendered":"05-03 Los Vulancos"},"content":{"rendered":"<p class=\"Normal-P\" style=\"margin-bottom: 6pt; text-align: justify; text-justify: inter-ideograph; direction: ltr; unicode-bidi: normal; text-autospace: none;\"><span class=\"Normal-H\"><span style=\"font-weight: bold; color: gray; font-size: 11pt;\">3.Mai, Routa de Los Vulcanos<\/span><\/span><\/p>\n<table class=\"TableGrid-T\" style=\"width: 481pt; border-collapse: collapse;\" cellspacing=\"0\">\n<tbody>\n<tr class=\"-R\">\n<td class=\"-C\" style=\"width: 481pt;\" colspan=\"2\">\n<p class=\"Normal-P\" style=\"margin-bottom: 6pt; text-align: justify; text-justify: inter-ideograph; direction: ltr; unicode-bidi: normal; text-autospace: none;\"><span class=\"Normal-H\"><span style=\"color: #000000; font-size: 11pt;\">Heute stand die Ruta de los Vol\u00e0nos auf dem Programm. <\/span><span style=\"color: #000000; font-size: 11pt;\">Ausgangspunkt war die Rifugio del Pinar.<\/span><span style=\"color: #000000; font-size: 11pt;\">Als wir mit dem Bus hochfuhren w\u00f6lbte sich dicker Nebel \u00fcber das Gebirge <\/span><span style=\"color: #000000; font-size: 11pt;\">und wir bef\u00fcrchteten <\/span><span style=\"color: #000000; font-size: 11pt;\">schon darin herumlaufen zu m\u00fcssen. <\/span><span style=\"color: #000000; font-size: 11pt;\">Als wir auf 1400 Meter ausstiegen war es zwar ziemlich frisch aber vom Nebel <\/span><span style=\"color: #000000; font-size: 11pt;\">keine Spur.<\/span><\/span><\/p>\n<\/td>\n<\/tr>\n<tr class=\"-R\">\n<td class=\"-C\" style=\"width: 240.5pt;\">\n<p class=\"Normal-P\" style=\"margin-bottom: 6pt; text-align: justify; text-justify: inter-ideograph; direction: ltr; unicode-bidi: normal; text-autospace: none;\"><span class=\"Normal-H\"><span style=\"color: #000000; font-size: 11pt;\"><img decoding=\"async\" src=\"http:\/\/www.adrianwood.ch\/wp-content\/uploads\/2016\/08\/1470331444_image1.jpeg\" width=\"305px \" height=\"203px \" data-link=\"\" \/><\/span><\/span><\/p>\n<\/td>\n<td class=\"-C\" style=\"width: 240.5pt;\">\n<p class=\"Normal-P\" style=\"margin-bottom: 6pt; text-align: justify; text-justify: inter-ideograph; direction: ltr; unicode-bidi: normal; text-autospace: none;\"><span class=\"Normal-H\"><span style=\"color: #000000; font-size: 11pt;\"><img decoding=\"async\" src=\"http:\/\/www.adrianwood.ch\/wp-content\/uploads\/2016\/08\/1470331444_image2.jpeg\" width=\"305px \" height=\"203px \" data-link=\"\" \/><\/span><\/span><\/p>\n<\/td>\n<\/tr>\n<tr class=\"-R\">\n<td class=\"-C\" style=\"width: 481pt;\" colspan=\"2\">\n<p class=\"Normal-P\" style=\"margin-top: 6pt; margin-bottom: 6pt; text-align: justify; text-justify: inter-ideograph; direction: ltr; unicode-bidi: normal; text-autospace: none;\"><span class=\"Normal-H\"><span style=\"color: #000000; font-size: 11pt;\">Auf einen gut ausgebauten Fussweg wanderten wir durch einen Kiefernwald<\/span><span style=\"color: #000000; font-size: 11pt;\">am Pico Brigoyo <\/span><span style=\"color: #000000; font-size: 11pt;\">(1808 Meter) <\/span><span style=\"color: #000000; font-size: 11pt;\">und Gipfel des Nambrouqe <\/span><span style=\"color: #000000; font-size: 11pt;\">(1925 Meter) <\/span><span style=\"color: #000000; font-size: 11pt;\">vorbei. <\/span><span style=\"color: #000000; font-size: 11pt;\">Unterwegs er\u00f6ffneten sich weite Ausblicke nach Norden und Westen, <\/span><span style=\"color: #000000; font-size: 11pt;\">wir konnten <\/span><span style=\"color: #000000; font-size: 11pt;\">sogar, <\/span><span style=\"color: #000000; font-size: 11pt;\">\u00fcber <\/span><span style=\"color: #000000; font-size: 11pt;\">den Wolken aufragend der Gipfel der Teide auf Teneriffa sehen.<\/span><\/span><\/p>\n<\/td>\n<\/tr>\n<tr class=\"-R\">\n<td class=\"-C\" style=\"width: 481pt;\" colspan=\"2\">\n<p class=\"Normal-P\" style=\"margin-bottom: 6pt; text-align: justify; text-justify: inter-ideograph; direction: ltr; unicode-bidi: normal; text-autospace: none;\"><span class=\"Normal-H\"><span style=\"color: #000000; font-size: 11pt;\"><img decoding=\"async\" src=\"http:\/\/www.adrianwood.ch\/wp-content\/uploads\/2016\/08\/1470331444_image3.jpeg\" width=\"636px \" height=\"421px \" data-link=\"\" \/><\/span><\/span><\/p>\n<\/td>\n<\/tr>\n<tr class=\"-R\">\n<td class=\"-C\" style=\"width: 481pt;\" colspan=\"2\">\n<p class=\"Normal-P\" style=\"margin-bottom: 6pt; text-align: justify; text-justify: inter-ideograph; direction: ltr; unicode-bidi: normal; text-autospace: none;\"><span class=\"Normal-H\"><span style=\"color: #000000; font-size: 11pt;\">Beim Hoyo Negro,<\/span><span style=\"color: #000000; font-size: 11pt;\">den d\u00fcsteren Schlund eines imposanten Vulkans, <\/span><span style=\"color: #000000; font-size: 11pt;\">der das letzte <\/span><span style=\"color: #000000; font-size: 11pt;\">Mal <\/span><span style=\"color: #000000; font-size: 11pt;\">im Jahre 1949 grosse Lavamassen aus sich heraus<\/span><span style=\"color: #000000; font-size: 11pt;\">&#8211;<\/span><span style=\"color: #000000; font-size: 11pt;\">schleuderte machten wir einen <\/span><span style=\"color: #000000; font-size: 11pt;\">Zwischenstopp. <\/span><span style=\"color: #000000; font-size: 11pt;\">Vorsichtig n\u00e4herten wir uns den Kraterrand denn Ger\u00f6ll und Asche sind ziemliech <\/span><span style=\"color: #000000; font-size: 11pt;\">rutschig und <\/span><span style=\"color: #000000; font-size: 11pt;\">nicht unbedingt stabil. An dieser &#8220;schwarze Grube&#8221; f\u00fchrte der Weg weiter s\u00fcdw\u00e4rts, <\/span><span style=\"color: #000000; font-size: 11pt;\">an bizarren <\/span><span style=\"color: #000000; font-size: 11pt;\">Felsformationen und <\/span><span style=\"color: #000000; font-size: 11pt;\">einigen <\/span><span style=\"color: #000000; font-size: 11pt;\">knorrigen Kiefern vorbei. Einige Teilnehmer w\u00e4hlten den Weg auf den Deseada II ,<\/span><span style=\"color: #000000; font-size: 11pt;\">die Mehrzahl bestieg<\/span><span style=\"color: #000000; font-size: 11pt;\">aber den Deseada I<\/span><span style=\"color: #000000; font-size: 11pt;\">. <\/span><span style=\"color: #000000; font-size: 11pt;\">Wir hatten unwahrscheinliches Gl\u00fcck, <\/span><span style=\"color: #000000; font-size: 11pt;\">es kann hier sehr stark st\u00fcrmen aber <\/span><span style=\"color: #000000; font-size: 11pt;\">wir erlebten den<\/span><span style=\"color: #000000; font-size: 11pt;\">Gipfel nahezu windstill.<\/span><\/span><\/p>\n<\/td>\n<\/tr>\n<tr class=\"-R\">\n<td class=\"-C\" style=\"width: 240.5pt;\">\n<p class=\"Normal-P\" style=\"margin-bottom: 6pt; text-align: justify; text-justify: inter-ideograph; direction: ltr; unicode-bidi: normal; text-autospace: none;\"><span class=\"Normal-H\"><span style=\"color: #000000; font-size: 11pt;\"><img decoding=\"async\" src=\"http:\/\/www.adrianwood.ch\/wp-content\/uploads\/2016\/08\/1470331444_image4.jpeg\" width=\"305px \" height=\"203px \" data-link=\"\" \/><\/span><\/span><\/p>\n<\/td>\n<td class=\"-C\" style=\"width: 240.5pt;\">\n<p class=\"Normal-P\" style=\"margin-bottom: 6pt; text-align: justify; text-justify: inter-ideograph; direction: ltr; unicode-bidi: normal; text-autospace: none;\"><span class=\"Normal-H\"><span style=\"color: #000000; font-size: 11pt;\"><img decoding=\"async\" src=\"http:\/\/www.adrianwood.ch\/wp-content\/uploads\/2016\/08\/1470331444_image5.jpeg\" width=\"305px \" height=\"203px \" data-link=\"\" \/><\/span><\/span><\/p>\n<\/td>\n<\/tr>\n<tr class=\"-R\">\n<td class=\"-C\" style=\"width: 481pt;\" colspan=\"2\">\n<p class=\"Normal-P\" style=\"margin-bottom: 6pt; text-align: justify; text-justify: inter-ideograph; direction: ltr; unicode-bidi: normal; text-autospace: none;\"><span class=\"Normal-H\"><span style=\"color: #000000; font-size: 11pt;\">Auf dem h\u00f6chsten Punkt unserer Wanderung,1949 Meter, <\/span><span style=\"color: #000000; font-size: 11pt;\">picknickten wir. <\/span><span style=\"color: #000000; font-size: 11pt;\">Wir blickten auf Santa Cruz de la Palma hinunter, <\/span><span style=\"color: #000000; font-size: 11pt;\">manchmal verdeckte Nebel <\/span><span style=\"color: #000000; font-size: 11pt;\">die Sicht etwas aber <\/span><span style=\"color: #000000; font-size: 11pt;\">wir sassen immer in der Sonne. <\/span><span style=\"color: #000000; font-size: 11pt;\">Gut erkannten wir das der Gebirgszug &#8220;Combre Vieja&#8221;gegen S\u00fcden hin mehr <\/span><span style=\"color: #000000; font-size: 11pt;\">und mehr an H\u00f6he verliert. <\/span><span style=\"color: #000000; font-size: 11pt;\">Unsere Ruote f\u00fchrte uns zum ber\u00fchmten Volc\u00e0n Martin welche am Martinstag <\/span><span style=\"color: #000000; font-size: 11pt;\">im Jahre 1646 ausbrach.<\/span><\/span><\/p>\n<\/td>\n<\/tr>\n<tr class=\"-R\">\n<td class=\"-C\" style=\"width: 240.5pt;\">\n<p class=\"Normal-P\" style=\"margin-bottom: 6pt; text-align: justify; text-justify: inter-ideograph; direction: ltr; unicode-bidi: normal; text-autospace: none;\"><span class=\"Normal-H\"><span style=\"color: #000000; font-size: 11pt;\"><img decoding=\"async\" src=\"http:\/\/www.adrianwood.ch\/wp-content\/uploads\/2016\/08\/1470331444_image6.jpeg\" width=\"305px \" height=\"203px \" data-link=\"\" \/><\/span><\/span><\/p>\n<\/td>\n<td class=\"-C\" style=\"width: 240.5pt;\">\n<p class=\"Normal-P\" style=\"margin-bottom: 6pt; text-align: justify; text-justify: inter-ideograph; direction: ltr; unicode-bidi: normal; text-autospace: none;\"><span class=\"Normal-H\"><span style=\"color: #000000; font-size: 11pt;\"><img decoding=\"async\" src=\"http:\/\/www.adrianwood.ch\/wp-content\/uploads\/2016\/08\/1470331444_image7.jpeg\" width=\"305px \" height=\"203px \" data-link=\"\" \/><\/span><\/span><\/p>\n<\/td>\n<\/tr>\n<tr class=\"-R\">\n<td class=\"-C\" style=\"width: 481pt;\" colspan=\"2\">\n<p class=\"Normal-P\" style=\"margin-bottom: 6pt; text-align: justify; text-justify: inter-ideograph; direction: ltr; unicode-bidi: normal; text-autospace: none;\"><span class=\"Normal-H\"><span style=\"color: #000000; font-size: 11pt;\">Beim weiteren Abstieg wurde die Gruppe etwas auseinander gerissen. <\/span><span style=\"color: #000000; font-size: 11pt;\">Der Abstieg wurde von Vulkanasche, <\/span><span style=\"color: #000000; font-size: 11pt;\">Lava, <\/span><span style=\"color: #000000; font-size: 11pt;\">Schlacke und Staub gepr\u00e4gt aber \u00fcberall <\/span><span style=\"color: #000000; font-size: 11pt;\">im dunklen Lavasand \u00fcberraschten uns wundersch\u00f6ne Blumen, <\/span><span style=\"color: #000000; font-size: 11pt;\">wie gelber Gingster und violetter <\/span><span style=\"color: #000000; font-size: 11pt;\">Natternkopf, <\/span><span style=\"color: #000000; font-size: 11pt;\">die Farbkontraste waren einmalig sch\u00f6n.<\/span><\/span><\/p>\n<p class=\"Normal-P\" style=\"margin-bottom: 6pt; text-align: justify; text-justify: inter-ideograph; direction: ltr; unicode-bidi: normal; text-autospace: none;\"><span class=\"Normal-H\"><span style=\"color: #000000; font-size: 11pt;\">Fr\u00fcher als erwartet erreichten wir Fuencaliente, <\/span><span style=\"color: #000000; font-size: 11pt;\">herrlich war ein grosses <\/span><span style=\"color: #000000; font-size: 11pt;\">Glas Clara auf einer Terrasse. <\/span><span style=\"color: #000000; font-size: 11pt;\">Ein Sechsergr\u00fcpplein wartete auf den 16 Uhr 45 Bus in der Annahne das alle<\/span><span style=\"color: #000000; font-size: 11pt;\">damit fahren w\u00fcrden.<\/span><\/span><\/p>\n<\/td>\n<\/tr>\n<tr class=\"-R\">\n<td class=\"-C\" style=\"width: 481pt;\" colspan=\"2\">\n<p class=\"Normal-P\" style=\"margin-bottom: 6pt; text-align: justify; text-justify: inter-ideograph; direction: ltr; unicode-bidi: normal; text-autospace: none;\"><span class=\"Normal-H\"><span style=\"color: #000000; font-size: 11pt;\">Es stellte sich aber heraus das alle Andern mit Taxis nach Hause gefahren <\/span><span style=\"color: #000000; font-size: 11pt;\">waren und schon unter <\/span><span style=\"color: #000000; font-size: 11pt;\">der Douche standen w\u00e4hrend wir noch an der Bushaltestelle warteten.<\/span><\/span><\/p>\n<p class=\"Normal-P\" style=\"margin-bottom: 6pt; text-align: justify; text-justify: inter-ideograph; direction: ltr; unicode-bidi: normal; text-autospace: none;\"><span class=\"Normal-H\"><span style=\"color: #000000; font-size: 11pt;\">Die Inselverwaltung sollte man f\u00fcr diesen Weg ein Kr\u00e4nzlein winden, <\/span><span style=\"color: #000000; font-size: 11pt;\">er war <\/span><span style=\"color: #000000; font-size: 11pt;\">sehr gut markiert. <\/span><span style=\"color: #000000; font-size: 11pt;\">Der Weg war fast durchgehend von Steine ges\u00e4umt, <\/span><span style=\"color: #000000; font-size: 11pt;\">an vielen Stellen standen <\/span><span style=\"color: #000000; font-size: 11pt;\">Wegweiser und waren <\/span><span style=\"color: #000000; font-size: 11pt;\">die weissrote Markierungen aufgemalt.<\/span><\/span><\/p>\n<p class=\"Normal-P\" style=\"margin-bottom: 6pt; text-align: justify; text-justify: inter-ideograph; direction: ltr; unicode-bidi: normal; text-autospace: none;\"><span class=\"Normal-H\"><span style=\"color: #000000; font-size: 11pt;\">Es war ein sehr sch\u00f6ner Tag in grandioser Natur.<\/span><\/span><\/p>\n<p class=\"Normal-P\" style=\"margin-bottom: 6pt; text-align: justify; text-justify: inter-ideograph; direction: ltr; unicode-bidi: normal; text-autospace: none;\"><span class=\"Normal-H\"><span style=\"color: #000000; font-size: 11pt;\">Marijke<\/span><\/span><\/p>\n<\/td>\n<\/tr>\n<p><!-- [if !supportMisalignedColumns]--><\/tbody>\n<\/table>\n","protected":false},"excerpt":{"rendered":"<p>3.Mai, Routa de Los Vulcanos Heute stand die Ruta de los Vol\u00e0nos auf dem Programm. Ausgangspunkt war die Rifugio del Pinar.Als wir mit dem Bus hochfuhren w\u00f6lbte sich dicker Nebel \u00fcber das Gebirge und wir bef\u00fcrchteten schon darin herumlaufen zu m\u00fcssen. Als wir auf 1400 Meter ausstiegen war es zwar ziemlich frisch aber vom Nebel &hellip; <a href=\"https:\/\/www.adrianwood.ch\/?page_id=9874\" class=\"more-link\">Continue reading <span class=\"screen-reader-text\">05-03 Los Vulancos<\/span> <span class=\"meta-nav\">&rarr;<\/span><\/a><\/p>\n","protected":false},"author":1,"featured_media":0,"parent":9478,"menu_order":2227,"comment_status":"closed","ping_status":"closed","template":"","meta":{"ngg_post_thumbnail":0,"footnotes":""},"class_list":["post-9874","page","type-page","status-publish","hentry"],"_links":{"self":[{"href":"https:\/\/www.adrianwood.ch\/index.php?rest_route=\/wp\/v2\/pages\/9874","targetHints":{"allow":["GET"]}}],"collection":[{"href":"https:\/\/www.adrianwood.ch\/index.php?rest_route=\/wp\/v2\/pages"}],"about":[{"href":"https:\/\/www.adrianwood.ch\/index.php?rest_route=\/wp\/v2\/types\/page"}],"author":[{"embeddable":true,"href":"https:\/\/www.adrianwood.ch\/index.php?rest_route=\/wp\/v2\/users\/1"}],"replies":[{"embeddable":true,"href":"https:\/\/www.adrianwood.ch\/index.php?rest_route=%2Fwp%2Fv2%2Fcomments&post=9874"}],"version-history":[{"count":3,"href":"https:\/\/www.adrianwood.ch\/index.php?rest_route=\/wp\/v2\/pages\/9874\/revisions"}],"predecessor-version":[{"id":9883,"href":"https:\/\/www.adrianwood.ch\/index.php?rest_route=\/wp\/v2\/pages\/9874\/revisions\/9883"}],"up":[{"embeddable":true,"href":"https:\/\/www.adrianwood.ch\/index.php?rest_route=\/wp\/v2\/pages\/9478"}],"wp:attachment":[{"href":"https:\/\/www.adrianwood.ch\/index.php?rest_route=%2Fwp%2Fv2%2Fmedia&parent=9874"}],"curies":[{"name":"wp","href":"https:\/\/api.w.org\/{rel}","templated":true}]}}