{"id":9971,"date":"2016-08-06T10:40:16","date_gmt":"2016-08-06T10:40:16","guid":{"rendered":"http:\/\/www.adrianwood.ch\/?page_id=9971"},"modified":"2016-08-06T10:42:46","modified_gmt":"2016-08-06T10:42:46","slug":"05-08-los-muchachos","status":"publish","type":"page","link":"https:\/\/www.adrianwood.ch\/?page_id=9971","title":{"rendered":"05-08 Los Muchachos"},"content":{"rendered":"<p class=\"Normal-P\" style=\"margin-bottom: 6pt; text-align: justify; text-justify: inter-ideograph; direction: ltr; unicode-bidi: normal;\"><span class=\"Normal-H\"><span style=\"font-weight: bold; font-size: 11pt;\">8.Mai<\/span><span style=\"font-weight: bold; font-size: 11pt;\">, Roque de los Muchachos-Pico de la Cruz-Pico Llano-Pico de la Nieve<\/span><\/span><\/p>\n<table class=\"TableGrid-T\" style=\"border-collapse: collapse;\" cellspacing=\"0\">\n<tbody>\n<tr class=\"-R\">\n<td class=\"-C\" style=\"width: 464.4pt; border: none windowtext 0pt;\" colspan=\"2\">\n<p class=\"Normal-P\" style=\"margin-bottom: 6pt; text-align: justify; text-justify: inter-ideograph; direction: ltr; unicode-bidi: normal;\"><span class=\"Normal-H\"><span style=\"font-size: 11pt;\">Es scheint wieder einen weiteren Super-Tag zu geben. Sonntag, die Sonne scheint schon beim Aufstehen, ich habe wunderbar geschlafen und die Wanderung wird vermutlich auch eine ganz tolle Angelegenheit. Mit dem Bus auf 2600 m hinauf und dann dem Kraterrand, der Caldera, entlang wandern mit sensationellen Ausblicken in die Tiefe, vorbei an den Teleskopen aller gr\u00f6sseren Universit\u00e4ten Europas. Und das alles mit nur 100 m Auf- und 400 m Abstieg hat uns Adrian im Programm versprochen. Ich f\u00fchle mich als Sonntagskind.<\/span><\/span><\/p>\n<p class=\"Normal-P\" style=\"margin-bottom: 6pt; text-align: justify; text-justify: inter-ideograph; direction: ltr; unicode-bidi: normal;\"><span class=\"Normal-H\"><span style=\"font-size: 11pt;\">Auch das z&#8217;Morge Buffet ist wie immer eine Sensation. Ich geniesse den Ananas-Jus, dr\u00fccke mich an den Spiegelei-Bratern vorbei, f\u00fclle mein Sch\u00fcsseli mit 4 verschiedenen Flakes, lade einen grossen L\u00f6ffel Joghurt auf die Flocken, streue dar\u00fc<\/span><span style=\"font-size: 11pt;\">ber Zucker und eine Menge geriebene Haselnuss \u2013 danach sieht es jedenfalls aus &#8211; aber &#8230; uhhh??? Haselnuss??? Hmh??? Schmeckt wie Mehl! Uuuhh! Aber schon meine Grossmutter hat gesagt: &#8220;Was man auf dem Teller hat, wird aufgegessen!&#8221; (Sp\u00e4ter hat mir dann Sigmund erkl\u00e4rt, dass meine vermeintliche Haselnuss &#8220;Gofio&#8221; war, ger\u00f6stetes Mehl, das eine <\/span><span style=\"font-size: 11pt;\">Inselspezialit\u00e4t sei. Na, ja.).<\/span><\/span><\/p>\n<\/td>\n<\/tr>\n<tr class=\"-R\">\n<td class=\"-C\" style=\"width: 232.2pt; border: none windowtext 0pt;\">\n<p class=\"Textkrper-P\" style=\"margin-bottom: 6pt; text-align: justify; text-justify: inter-ideograph; direction: ltr; unicode-bidi: normal;\"><span class=\"Textkrper-H\"><span style=\"font-size: 11pt;\"><img loading=\"lazy\" decoding=\"async\" class=\"\" src=\"http:\/\/www.adrianwood.ch\/wp-content\/uploads\/2016\/08\/1470479892_image1.jpeg\" width=\"347\" height=\"229\" data-link=\"\" \/><\/span><\/span><\/p>\n<\/td>\n<td class=\"-C\" style=\"width: 232.2pt; border: none windowtext 0pt;\">\n<p class=\"Normal-P\" style=\"margin-bottom: 6pt; text-align: justify; text-justify: inter-ideograph; direction: ltr; unicode-bidi: normal;\"><span class=\"Normal-H\"><span style=\"font-size: 11pt;\"><img loading=\"lazy\" decoding=\"async\" class=\"\" src=\"http:\/\/www.adrianwood.ch\/wp-content\/uploads\/2016\/08\/1470479892_image2.jpeg\" width=\"347\" height=\"229\" data-link=\"\" \/><\/span><\/span><\/p>\n<\/td>\n<\/tr>\n<tr class=\"-R\">\n<td class=\"-C\" style=\"width: 464.4pt; border: none windowtext 0pt;\" colspan=\"2\">\n<p class=\"Normal-P\" style=\"margin-bottom: 6pt; text-align: justify; text-justify: inter-ideograph; direction: ltr; unicode-bidi: normal;\"><span class=\"Normal-H\"><span style=\"font-size: 11pt;\">P\u00fcnktlich, wie immer, versammeln wir uns am Parkplatz, der Bus steht auch schon da \u2013 heute mit einem anderen Chauffeur, nicht mit unserem \u00fcblichen &#8220;Strahlemann&#8221; \u2013 und ab geht es. Zuerst auf der Hauptstrasse Richtung Westen, dann, dem Schild &#8220;Centro Astrofisico&#8221; folgend, hinauf zum Rand der &#8220;Caldera de Taburiente&#8221;. Eine fast unendliche Zahl von steilen Kurven nimmt unser Bus im dichten Wald, bis wir bei 2000 m die Baumgrenze erreicht haben, und nun, vorbei an den Wohngeb\u00e4uden der Sterngucker und am<\/span><span style=\"font-size: 11pt;\">Heliport die ersten silbrig und weiss gl\u00e4nzenden Observatorien schimmern sehen.<\/span><span style=\"font-size: 11pt;\">Schon vom Parkplatz (auf 2400 m!) &#8211; wo die Frau am Info-Kiosk uns partout als &#8220;Naturtrekking.de&#8221; registrieren will &#8211; ist die Aussicht toll, aber Adrian schl\u00e4gt eine &#8220;Adriante&#8221; vor. Wir machen einen Abstecher hinunter zum &#8220;Espigon del Roque&#8221;, von wo aus der Blick in die senkrechten Felsw\u00e4nde (mit letzten Schneeresten) und in die Tiefe der Caldera eine Sensation ist. Der &#8220;Bejenado&#8221; \u2013 unser erster Gipfel auf La Palma \u2013 liegt vis-a-vis, das B\u00e4chlein im Grunde des Kessels, &#8211; wo sich einige von uns nasse F\u00fcsse geholt hatten &#8211; gl\u00e4nzt silbrig, der &#8220;Roque Idafe&#8221; ist auch zu<\/span><span style=\"font-size: 11pt;\"> erkennen \u2013 es ist wundersch\u00f6n.<\/span><\/span><\/p>\n<\/td>\n<\/tr>\n<tr class=\"-R\">\n<td class=\"-C\" style=\"width: 232.2pt; border: none windowtext 0pt;\">\n<p class=\"Normal-P\" style=\"margin-bottom: 6pt; text-align: justify; text-justify: inter-ideograph; direction: ltr; unicode-bidi: normal;\"><span class=\"Normal-H\"><span style=\"font-size: 11pt;\"><img loading=\"lazy\" decoding=\"async\" class=\"\" src=\"http:\/\/www.adrianwood.ch\/wp-content\/uploads\/2016\/08\/1470479892_image3.jpeg\" width=\"347\" height=\"229\" data-link=\"\" \/><\/span><\/span><\/p>\n<\/td>\n<td class=\"-C\" style=\"width: 232.2pt; border: none windowtext 0pt;\">\n<p class=\"Normal-P\" style=\"margin-bottom: 6pt; text-align: justify; text-justify: inter-ideograph; direction: ltr; unicode-bidi: normal;\"><span class=\"Normal-H\"><span style=\"font-size: 11pt;\"><img loading=\"lazy\" decoding=\"async\" class=\"\" src=\"http:\/\/www.adrianwood.ch\/wp-content\/uploads\/2016\/08\/1470479892_image4.jpeg\" width=\"347\" height=\"229\" data-link=\"\" \/><\/span><\/span><\/p>\n<\/td>\n<\/tr>\n<tr class=\"-R\">\n<td class=\"-C\" style=\"width: 464.4pt; border: none windowtext 0pt;\" colspan=\"2\">\n<p class=\"Normal-P\" style=\"margin-bottom: 6pt; text-align: justify; text-justify: inter-ideograph; direction: ltr; unicode-bidi: normal;\"><span class=\"Normal-H\"><span style=\"font-size: 11pt;\">Zur\u00fcck zur Hauptroute keuche ich die gleichen 100 H\u00f6henmeter (=Hm) hinauf, die ich vorhin so leichtf\u00fcssig hinuntergestiegen bin. Das sind offenbar die 100 Hm Aufstieg, die Adrian in der <\/span><span style=\"font-size: 11pt;\">Ausschreibung vermerkt hatte. Von jetzt an geht es sicher immer nur horizontal weiter.<\/span><\/span><\/p>\n<p class=\"Normal-P\" style=\"margin-bottom: 6pt; text-align: justify; text-justify: inter-ideograph; direction: ltr; unicode-bidi: normal;\"><span class=\"Normal-H\"><span style=\"font-size: 11pt;\">Wieder auf der Hauptroute, Richtung Osten, kommen wir an mehreren Teleskopen vorbei. Doch merkw\u00fcrdig, kein Mensch, keine Aktivit\u00e4t ist zu sehen. Entweder weil Sonntag ist, oder Muttertag oder weil die Sterngucker halt nachtaktive Lebewesen sind. Aber geforscht wird sicher. Das zeigt sich, wenn man im Internet die Themen der verschiedenen Forschergruppen liest. (Einstiegsseite: http:\/\/www.iac.es\/gabinete\/orm\/indice.html). Das geht von &#8220;Structure of the Universe and Cosmology&#8221; bis &#8220;Astrophysics from Space&#8221;. Wirklich beeindruckend!<\/span><span style=\"font-size: 11pt;\">Beeindruckend ist auch die Landschaft um uns, die Aussicht nach rechts und links, die Blumen, die skurrilen Lavaformen. So fotografiert Vreni z.B. einen Elefantenkopf und die &#8220;Pared de Roberto&#8221;, &#8220;eine durch Erosion entstandene Mauer aus hartem Basalt&#8221; die von Mechthild, unserer Geologin, sofort als &#8220;mittelalterliche Meridianmauer &#8221; identifiziert wird. Es ist super, was man alles bei u<\/span><span style=\"font-size: 11pt;\">nseren Wanderungen lernen kann.<\/span><span style=\"font-size: 11pt;\"> Um die Mauer ranken sich einige lokale Legenden. Roberto ist ein Synonym der Palmeros<\/span><span style=\"font-size: 11pt;\">f\u00fcr den Teufel, nur er kann die Mauer, die offenbar nicht von Menschenhand geschaffen wurde, errichtet haben. (http:\/\/www.<\/span><span style=\"font-size: 11pt;\"> L<\/span><span style=\"font-size: 11pt;\">apalma<\/span><span style=\"font-size: 11pt;\">turismo.com &#8211; Deutsch &#8211; Kultur &#8211; Legende)<\/span><\/span><\/p>\n<\/td>\n<\/tr>\n<tr class=\"-R\">\n<td class=\"-C\" style=\"width: 232.2pt; border: none windowtext 0pt;\">\n<p class=\"Normal-P\" style=\"margin-bottom: 6pt; text-align: justify; text-justify: inter-ideograph; direction: ltr; unicode-bidi: normal;\"><span class=\"Normal-H\"><span style=\"font-size: 11pt;\"><img loading=\"lazy\" decoding=\"async\" class=\"\" src=\"http:\/\/www.adrianwood.ch\/wp-content\/uploads\/2016\/08\/1470479892_image5.jpeg\" width=\"347\" height=\"229\" data-link=\"\" \/><\/span><\/span><\/p>\n<\/td>\n<td class=\"-C\" style=\"width: 232.2pt; border: none windowtext 0pt;\">\n<p class=\"Normal-P\" style=\"margin-bottom: 6pt; text-align: justify; text-justify: inter-ideograph; direction: ltr; unicode-bidi: normal;\"><span class=\"Normal-H\"><span style=\"font-size: 11pt;\"><img loading=\"lazy\" decoding=\"async\" class=\"\" src=\"http:\/\/www.adrianwood.ch\/wp-content\/uploads\/2016\/08\/1470479892_image6.jpeg\" width=\"347\" height=\"229\" data-link=\"\" \/><\/span><\/span><\/p>\n<\/td>\n<\/tr>\n<tr class=\"-R\">\n<td class=\"-C\" style=\"width: 464.4pt; border: none windowtext 0pt;\" colspan=\"2\">\n<p class=\"Normal-P\" style=\"margin-bottom: 6pt; text-align: justify; text-justify: inter-ideograph; direction: ltr; unicode-bidi: normal;\"><span class=\"Normal-H\"><span style=\"font-size: 11pt;\">Dann zeigt sich wieder was ich aber unbedingt noch etwas lernen m\u00fcsste, n\u00e4mlich Spanisch. Der n\u00e4chste Aussichtspunkt, kurz nach &#8220;Roberto&#8221; heisst &#8220;Degollada de Franceses&#8221;. &#8220;Franceses&#8221; ist klar. Das sind die Franzosen. Aber &#8220;Degollada&#8221;? Im Dicc finde ich &#8220;Enthauptung&#8221;, aber auch &#8220;Ausschnitt&#8221; \u2013 also &#8220;Decollet\u00e9&#8221;. Hm? Was nun?<\/span><\/span><\/p>\n<p class=\"Normal-P\" style=\"margin-bottom: 6pt; text-align: justify; text-justify: inter-ideograph; direction: ltr; unicode-bidi: normal;\"><span class=\"Normal-H\"><span style=\"font-size: 11pt;\">Zum &#8220;Pico de la Cruz&#8221; geht es ziemlich hinauf. Fast 100 Hm!! Wieso hinauf? Na ja, vielleicht hat Adrian diese 100 Hm gemeint. Wahrscheinlich, weil es ja gleich darauf wieder hinuntergeht. Und wieder hinauf zur &#8220;Piedra Llana&#8221;. Aber nur 40 Hm. Ein Klacks. Der n\u00e4chste Aufstieg f\u00fchrt uns auf den &#8220;Pico de la Nieve&#8221;. Hier pfeift der Wind jetzt richtig kalt, es ist idyllisch. Also der ideale Ort um eine Verpflegungsrast zu machen.<\/span><\/span><\/p>\n<p class=\"Normal-P\" style=\"margin-bottom: 6pt; text-align: justify; text-justify: inter-ideograph; direction: ltr; unicode-bidi: normal;\"><span class=\"Normal-H\"><span style=\"font-size: 11pt;\">Auch die Aussicht ist pr\u00e4chtig. Wir sehen zwar weder Tenerifa noch den &#8220;Teide&#8221;, die sind im<\/span><span style=\"font-size: 11pt;\">Dunst versteckt, aber auf die Ostk\u00fcste hinunter sehen wir, auf &#8220;Sta. Cruz de la Palma&#8221;, auf die &#8220;Caldereta&#8221;, die einen Teil der Stadt wie eine Muschel einh\u00fcllt und auf die Landepiste wo wir vor&#8230; mein Gott, es sind schon 10 Tage vergangen, dass wir dort gelandet sind &#8230; aber die Zeit vergeht so schnell, jeder Tag hat Neues, Interessantes und Sch\u00f6nes gebracht.<\/span><\/span><\/p>\n<\/td>\n<\/tr>\n<tr class=\"-R\">\n<td class=\"-C\" style=\"width: 232.2pt; border: none windowtext 0pt;\">\n<p class=\"Normal-P\" style=\"margin-bottom: 6pt; text-align: justify; text-justify: inter-ideograph; direction: ltr; unicode-bidi: normal;\"><span class=\"Normal-H\"><span style=\"font-size: 11pt;\"><img loading=\"lazy\" decoding=\"async\" class=\"\" src=\"http:\/\/www.adrianwood.ch\/wp-content\/uploads\/2016\/08\/1470479892_image7.jpeg\" width=\"347\" height=\"229\" data-link=\"\" \/><\/span><\/span><\/p>\n<\/td>\n<td class=\"-C\" style=\"width: 232.2pt; border: none windowtext 0pt;\">\n<p class=\"Normal-P\" style=\"margin-bottom: 6pt; text-align: justify; text-justify: inter-ideograph; direction: ltr; unicode-bidi: normal;\"><span class=\"Normal-H\"><span style=\"font-size: 11pt;\"><img loading=\"lazy\" decoding=\"async\" class=\"\" src=\"http:\/\/www.adrianwood.ch\/wp-content\/uploads\/2016\/08\/1470479892_image8.jpeg\" width=\"347\" height=\"229\" data-link=\"\" \/><\/span><\/span><\/p>\n<\/td>\n<\/tr>\n<tr class=\"-R\">\n<td class=\"-C\" style=\"width: 464.4pt; border: none windowtext 0pt;\" colspan=\"2\">\n<p class=\"Normal-P\" style=\"margin-bottom: 6pt; text-align: justify; text-justify: inter-ideograph; direction: ltr; unicode-bidi: normal;\"><span class=\"Normal-H\"><span style=\"font-size: 11pt;\">Adrian hat es schon wirklich gut geplant. Das muss ich auch mal sagen und nicht nur immer wieder <\/span><span style=\"font-size: 11pt;\">die &#8220;100 m Aufstieg&#8221; von heute erw\u00e4hnen.<\/span><span style=\"font-size: 11pt;\">Apropos Adrian: Er schl\u00e4gt vor, weil jetzt der Abstieg zum wartenden Bus beginnt, noch einen kleinen Abstecher zur &#8220;Erita Tagador&#8221; zu machen, so eine weitere Adriante also. Brigitte, Marianne, Mechthild, Rosmarie, Vreni, Adrian und ich interessieren uns daf\u00fcr<\/span><span style=\"font-size: 11pt;\">, die anderen zieht es zum Bus.<\/span><\/span><\/p>\n<p class=\"Normal-P\" style=\"margin-bottom: 6pt; text-align: justify; text-justify: inter-ideograph; direction: ltr; unicode-bidi: normal;\"><span class=\"Normal-H\"><span style=\"font-size: 11pt;\">&#8220;Erita Tagador&#8221; ist ein alter Versammlungsort der Ureinwohner la Palmas. Man sagt, dass an all diesen Orten Kr\u00e4fte wirken, die zwar physikalisch nicht messbar, aber durch ihre Wirkung auf den Menschen nachweisbar seien. Und wirklich \u2013 wohl weil wir anfangs noch skeptisch sind, verweigern uns die Kr\u00e4fte den Zutritt zum Ort, sie dr\u00e4ngen uns weg. Wir nehmen einen falschen Weg. Doch als wir das realisieren und bereit sind die Magie des Ortes anzuerkennen, nimmt er uns bei sich auf. <\/span><\/span><\/p>\n<\/td>\n<\/tr>\n<tr class=\"-R\">\n<td class=\"-C\" style=\"width: 232.2pt; border: none windowtext 0pt;\">\n<p class=\"Normal-P\" style=\"margin-bottom: 6pt; text-align: justify; text-justify: inter-ideograph; direction: ltr; unicode-bidi: normal;\"><span class=\"Normal-H\"><span style=\"font-size: 11pt;\"><img loading=\"lazy\" decoding=\"async\" class=\"\" src=\"http:\/\/www.adrianwood.ch\/wp-content\/uploads\/2016\/08\/1470479892_image9.jpeg\" width=\"347\" height=\"231\" data-link=\"\" \/><\/span><\/span><\/p>\n<\/td>\n<td class=\"-C\" style=\"width: 232.2pt; border: none windowtext 0pt;\">\n<p class=\"Normal-P\" style=\"margin-bottom: 6pt; text-align: justify; text-justify: inter-ideograph; direction: ltr; unicode-bidi: normal;\"><span class=\"Normal-H\"><span style=\"font-size: 11pt;\"><img loading=\"lazy\" decoding=\"async\" class=\"\" src=\"http:\/\/www.adrianwood.ch\/wp-content\/uploads\/2016\/08\/1470479892_image10.jpeg\" width=\"347\" height=\"229\" data-link=\"\" \/><\/span><\/span><\/p>\n<\/td>\n<\/tr>\n<tr class=\"-R\">\n<td class=\"-C\" style=\"width: 464.4pt; border: none windowtext 0pt;\" colspan=\"2\">\n<p class=\"Normal-P\" style=\"margin-bottom: 6pt; text-align: justify; text-justify: inter-ideograph; direction: ltr; unicode-bidi: normal;\"><span class=\"Normal-H\"><span style=\"font-size: 11pt;\">Der Platz sieht eigentlich ganz normal aus. Ein paar grosse Felsbrocken mit eingeritzten Spiralen (vor den heutzutage besuchenden Vandalen gesch\u00fctzt durch massive Eisengitter), ein paar Steine in der Mitte des freien Platzes. Sie sind zwar im Kreis angeordnet \u2013 aber sonst nicht speziell bemerkenswert. Doch dann passiert es! Magisch angezogen sammeln sich unsere Damen um die Steine, formen einen Kreis und beginnen uralte Beschw\u00f6rungen zu summen. Es ist schaurig anzuh\u00f6ren und dann \u2013 oh Graus \u2013 muss ich mit ansehen, wie Adrian, der abseits fotografierte, <\/span><span style=\"font-size: 11pt;\">angesaugt wird durch den Hexenkreis, in <\/span><span style=\"font-size: 11pt;\">deren Mitte tritt und die geballten Kr\u00e4fte wehrlos in sich einstr\u00f6men lassen muss. Es ist schrecklich!<\/span><\/span><\/p>\n<p class=\"Normal-P\" style=\"margin-bottom: 6pt; text-align: justify; text-justify: inter-ideograph; direction: ltr; unicode-bidi: normal;\"><span class=\"Normal-H\"><span style=\"font-size: 11pt;\">Kurze Zeit nur geht es, dann verstummen die Ges\u00e4nge, die Magierinnen verwandeln sich wieder in Sportclub- WandererInnen und wir folgen Adrian der uns durch den Kiefernwald hinunter zum Bus f\u00fchrt. Der Spuk ist vorbei. Und nur wenn man ganz genau hinsieht, dann sieht man wie einige \u00c4ste der Baumwipfel d<\/span><span style=\"font-size: 11pt;\">ie Form von Frauenk\u00f6pfen haben.<\/span><\/span><\/p>\n<\/td>\n<\/tr>\n<tr class=\"-R\">\n<td class=\"-C\" style=\"width: 464.4pt; border: none windowtext 0pt;\" colspan=\"2\">\n<p class=\"Normal-P\" style=\"margin-bottom: 6pt; text-align: justify; text-justify: inter-ideograph; direction: ltr; unicode-bidi: normal;\"><span class=\"Normal-H\"><span style=\"font-size: 11pt;\"><img loading=\"lazy\" decoding=\"async\" class=\"\" src=\"http:\/\/www.adrianwood.ch\/wp-content\/uploads\/2016\/08\/1470479892_image11.jpeg\" width=\"736\" height=\"169\" data-link=\"\" \/><\/span><\/span><\/p>\n<\/td>\n<\/tr>\n<tr class=\"-R\">\n<td class=\"-C\" style=\"width: 464.4pt; border: none windowtext 0pt;\" colspan=\"2\">\n<p class=\"Normal-P\" style=\"margin-top: 6pt; margin-bottom: 6pt; text-align: justify; text-justify: inter-ideograph; direction: ltr; unicode-bidi: normal;\"><span class=\"Normal-H\"><span style=\"font-size: 11pt;\">Der Bus wartet am Parkplatz auf uns, wir steigen ein und fahren &#8211; wieder unendlich viele Kurven &#8211; bergab bis zum Hotel.<\/span><\/span><\/p>\n<p class=\"Normal-P\" style=\"margin-bottom: 6pt; text-align: justify; text-justify: inter-ideograph; direction: ltr; unicode-bidi: normal;\"><span class=\"Normal-H\"><span style=\"font-size: 11pt;\">Das war&#8217;s. Ein wundersch\u00f6n<\/span><span style=\"font-size: 11pt;\">er Tag mit mystischem Ausklang. <\/span><span style=\"font-size: 11pt;\">Dankesch\u00f6n Adrian.<\/span><\/span><\/p>\n<p class=\"Normal-P\" style=\"margin-bottom: 6pt; text-align: justify; text-justify: inter-ideograph; direction: ltr; unicode-bidi: normal;\"><span class=\"Normal-H\"><span style=\"font-size: 11pt;\">P.S.: Hanspeter, der immer sorgf\u00e4ltig unsere Wanderungen mit seinem GPS aufzeichnete, hat mir verraten, dass wir total 650 m Aufstieg und 1150 m Abstieg machten. (Das war aber die allerletzte Erw\u00e4hnung der &#8220;100 Hm&#8221;- ich verspreche es.)<\/span><\/span><\/p>\n<p class=\"Normal-P\" style=\"margin-bottom: 6pt; text-align: justify; text-justify: inter-ideograph; direction: ltr; unicode-bidi: normal;\"><span class=\"Normal-H\"><span style=\"font-size: 11pt;\">Bert<\/span><\/span><\/p>\n<\/td>\n<\/tr>\n<p><!-- [if !supportMisalignedColumns]--><\/tbody>\n<\/table>\n","protected":false},"excerpt":{"rendered":"<p>8.Mai, Roque de los Muchachos-Pico de la Cruz-Pico Llano-Pico de la Nieve Es scheint wieder einen weiteren Super-Tag zu geben. Sonntag, die Sonne scheint schon beim Aufstehen, ich habe wunderbar geschlafen und die Wanderung wird vermutlich auch eine ganz tolle Angelegenheit. Mit dem Bus auf 2600 m hinauf und dann dem Kraterrand, der Caldera, entlang &hellip; <a href=\"https:\/\/www.adrianwood.ch\/?page_id=9971\" class=\"more-link\">Continue reading <span class=\"screen-reader-text\">05-08 Los Muchachos<\/span> <span class=\"meta-nav\">&rarr;<\/span><\/a><\/p>\n","protected":false},"author":1,"featured_media":0,"parent":9478,"menu_order":2232,"comment_status":"closed","ping_status":"closed","template":"","meta":{"ngg_post_thumbnail":0,"footnotes":""},"class_list":["post-9971","page","type-page","status-publish","hentry"],"_links":{"self":[{"href":"https:\/\/www.adrianwood.ch\/index.php?rest_route=\/wp\/v2\/pages\/9971","targetHints":{"allow":["GET"]}}],"collection":[{"href":"https:\/\/www.adrianwood.ch\/index.php?rest_route=\/wp\/v2\/pages"}],"about":[{"href":"https:\/\/www.adrianwood.ch\/index.php?rest_route=\/wp\/v2\/types\/page"}],"author":[{"embeddable":true,"href":"https:\/\/www.adrianwood.ch\/index.php?rest_route=\/wp\/v2\/users\/1"}],"replies":[{"embeddable":true,"href":"https:\/\/www.adrianwood.ch\/index.php?rest_route=%2Fwp%2Fv2%2Fcomments&post=9971"}],"version-history":[{"count":3,"href":"https:\/\/www.adrianwood.ch\/index.php?rest_route=\/wp\/v2\/pages\/9971\/revisions"}],"predecessor-version":[{"id":9984,"href":"https:\/\/www.adrianwood.ch\/index.php?rest_route=\/wp\/v2\/pages\/9971\/revisions\/9984"}],"up":[{"embeddable":true,"href":"https:\/\/www.adrianwood.ch\/index.php?rest_route=\/wp\/v2\/pages\/9478"}],"wp:attachment":[{"href":"https:\/\/www.adrianwood.ch\/index.php?rest_route=%2Fwp%2Fv2%2Fmedia&parent=9971"}],"curies":[{"name":"wp","href":"https:\/\/api.w.org\/{rel}","templated":true}]}}